{"id":9724,"date":"2023-02-15T17:14:28","date_gmt":"2023-02-15T17:14:28","guid":{"rendered":"https:\/\/www.eldo.com\/guide\/?page_id=9724"},"modified":"2023-02-23T15:42:38","modified_gmt":"2023-02-23T15:42:38","slug":"quest-ce-quun-cache-cylindre","status":"publish","type":"page","link":"https:\/\/www.eldo.com\/guide\/serrurerie\/fonctionnement\/cylindre","title":{"rendered":"Qu\u2019est-ce qu\u2019un cache cylindre ?"},"content":{"rendered":"<section class=\"l-section wpb_row us_custom_e4eb24e1 height_auto width_full with_overlay\"><div class=\"l-section-overlay\" style=\"background: #ffffff\"><\/div><div class=\"l-section-h i-cf\"><div class=\"g-cols vc_row type_boxes valign_middle gap-10px\"><style>.g-cols.gap-10px{margin:0 -10px}.gap-10px > .vc_column_container {padding:10px}<\/style><div class=\"vc_col-sm-12 wpb_column vc_column_container has-fill has_text_color\"><div class=\"vc_column-inner us_custom_18ea0d34\"><div class=\"wpb_wrapper\"><div class=\"wpb_text_column us_custom_cef92e06 has_text_color\" ><div class=\"wpb_wrapper\"><h1 style=\"text-align: center;\"><span style=\"font-weight: 400;\">Qu\u2019est-ce qu\u2019un cache cylindre ?<\/span><\/h1>\n<\/div><\/div><div class=\"w-separator size_medium\"><\/div><ol class=\"g-breadcrumbs us_custom_cef92e06 separator_icon align_left has_text_color\"><li class=\"g-breadcrumbs-item\"><a href=\"https:\/\/www.eldo.com\/guide\/\">Guides travaux<\/a><meta content=\"1\"\/><\/li><li class=\"g-breadcrumbs-separator\"><i class=\"far fa-angle-right\"><\/i><\/li><li class=\"g-breadcrumbs-item\">Pages<\/li><\/ol><\/div><\/div><\/div><div class=\"vc_col-sm-12 wpb_column vc_column_container\"><div class=\"vc_column-inner\"><div class=\"wpb_wrapper\"><div class=\"wpb_text_column us_custom_ae99f6aa has_text_color\" ><div class=\"wpb_wrapper\">\n<\/div><\/div><div class=\"wpb_text_column us_custom_ae99f6aa has_text_color\" ><div class=\"wpb_wrapper\"><p><span style=\"font-weight: 400;\">Pi\u00e8ce ma\u00eetresse du m\u00e9canisme de verrouillage, le cylindre est le composant central d\u2019une serrure porte. Encore appel\u00e9 profil, barillet ou canon, le cylindre de serrure est l\u2019\u00e9l\u00e9ment dans lequel on ins\u00e8re la cl\u00e9, et en tournant la cl\u00e9 dans le cylindre, on permet de verrouiller ou d\u00e9verrouiller la porte. Le barillet est ainsi le composant principal pour l\u2019ouverture de porte et sa fermeture.\u00a0<\/span><\/p>\n<p><span style=\"font-weight: 400;\">En tournant la cl\u00e9 dans la serrure (d\u2019un demi-tour ou plus), on permet le mouvement du p\u00eane dans la g\u00e2che et inversement. Cela est possible parce qu\u2019une fois la cl\u00e9 ins\u00e9r\u00e9e dans la serrure, cela entra\u00eene le d\u00e9placement des goupilles. Lorsqu\u2019elle correspond \u00e0 la serrure, elle occasionne en m\u00eame temps l\u2019alignement parfait des contre-goupilles et la rotation du canon de serrure. Aussi, avec d\u2019autres types de serrures tels que certains mod\u00e8les de serrure en applique ou serrure \u00e0 encastrer (encore appel\u00e9e serrure \u00e0 larder ou \u00e0 mortaiser), le cylindre permet l\u2019enclenchement de verrou. C\u2019est g\u00e9n\u00e9ralement le cas pour une serrure \u00e0 clef ou \u00e0 verrous.<\/span><\/p>\n<p><span style=\"font-weight: 400;\">Tout ceci semble trop technique<\/span><span style=\"font-weight: 400;\">\u2009<\/span><span style=\"font-weight: 400;\">? Nous vous expliquons dans le d\u00e9tail le fonctionnement d\u2019un cylindre.<\/span><\/p>\n<\/div><\/div><div class=\"w-separator size_medium\"><\/div><div class=\"w-image align_center\"><div class=\"w-image-h\"><img width=\"560\" height=\"400\" src=\"https:\/\/www.eldo.com\/guide\/wp-content\/uploads\/2023\/02\/AdobeStock_62982697-560x400.jpeg\" class=\"attachment-us_600_400 size-us_600_400\" alt=\"\" srcset=\"https:\/\/www.eldo.com\/guide\/wp-content\/uploads\/2023\/02\/AdobeStock_62982697-560x400.jpeg 560w, https:\/\/www.eldo.com\/guide\/wp-content\/uploads\/2023\/02\/AdobeStock_62982697-300x214.jpeg 300w, https:\/\/www.eldo.com\/guide\/wp-content\/uploads\/2023\/02\/AdobeStock_62982697-1024x731.jpeg 1024w, https:\/\/www.eldo.com\/guide\/wp-content\/uploads\/2023\/02\/AdobeStock_62982697-800x571.jpeg 800w, https:\/\/www.eldo.com\/guide\/wp-content\/uploads\/2023\/02\/AdobeStock_62982697-scaled.jpeg 512w\" sizes=\"(max-width: 560px) 100vw, 560px\" \/><\/div><\/div><\/div><\/div><\/div><\/div><\/div><\/section><section class=\"l-section wpb_row height_auto width_full with_overlay\"><div class=\"l-section-overlay\" style=\"background: #ffffff\"><\/div><div class=\"l-section-h i-cf\"><div class=\"g-cols vc_row type_boxes valign_middle gap-10px\"><style>.g-cols.gap-10px{margin:0 -10px}.gap-10px > .vc_column_container {padding:10px}<\/style><div class=\"vc_col-sm-12 wpb_column vc_column_container has-fill\"><div class=\"vc_column-inner us_custom_4fb9e5a3\"><div class=\"wpb_wrapper\"><div class=\"wpb_text_column\" ><div class=\"wpb_wrapper\"><h2><span style=\"font-weight: 400;\">Fonctionnement d\u2019un cylindre serrure<\/span><\/h2>\n<p><span style=\"font-weight: 400;\">En g\u00e9n\u00e9ral, le cylindre serrure est une pi\u00e8ce \u00e0 double-entr\u00e9e compos\u00e9e de deux parties, \u00e0 savoir le stator et le rotor. Le stator est la partie droite et fixe, creus\u00e9e afin de recevoir la seconde partie, mobile et conique.<\/span><\/p>\n<h3><span style=\"font-weight: 400;\">Comment fonctionne un cylindre<\/span><\/h3>\n<p><span style=\"font-weight: 400;\">Ainsi, lorsqu\u2019une cl\u00e9 est ins\u00e9r\u00e9e dans le rotor, cela entra\u00eene le d\u00e9placement des goupilles et des contre-goupilles. Si la clef est adapt\u00e9e \u00e0 la serrure \u00e0 cylindre, les contre-goupilles vont se caler \u00e0 la partie fixe afin de bloquer la porte. Dans le cas contraire, la cl\u00e9 est bloqu\u00e9e et ne peut pas tourner. En d\u2019autres termes, le d\u00e9placement des goupilles ne peut pas s\u2019effectuer.\u00a0<\/span><\/p>\n<p><span style=\"font-weight: 400;\">Lorsqu\u2019il s\u2019agit d\u2019une cl\u00e9 plate crant\u00e9e (les plus r\u00e9pandues dans le cadre de l\u2019installation de serrure), les dents de la cl\u00e9 permettent l\u2019alignement parfait des goupilles, donc facilitent la rotation. C\u2019est le sch\u00e9ma des dents d\u2019une clef plate classique qui d\u00e9termine si la serrure est adapt\u00e9e \u00e0 une serrure porte ou pas.<\/span><\/p>\n<p><span style=\"font-weight: 400;\">Ainsi, en fonction du sens de rotation, le cylindre entra\u00eene la compression des ressorts contr\u00f4lant le p\u00eane ou leur d\u00e9tente. Ce syst\u00e8me de fonctionnement permet le mouvement du p\u00eane afin qu\u2019il s\u2019ins\u00e8re dans la <a href=\"https:\/\/www.eldo.com\/guide\/serrurerie\/fonctionnement\/gache\">g\u00e2che<\/a> ou qu\u2019il en sorte.\u00a0<\/span><\/p>\n<p><span style=\"font-weight: 400;\">Lorsque le p\u00eane, situ\u00e9 dans le coffre de serrure (ou le bo\u00eetier), entre dans la g\u00e2che, pi\u00e8ce m\u00e9tallique fix\u00e9e dans le chambranle de la porte, cela verrouille la porte. \u00c0 l\u2019inverse, lorsque le p\u00eane sort de la g\u00e2che pour reprendre sa position dans le m\u00e9canisme de verrouillage, il permet de d\u00e9verrouiller l\u2019acc\u00e8s et donc l\u2019ouverture de porte.\u00a0<\/span><\/p>\n<p><span style=\"font-weight: 400;\">En fonction du niveau de s\u00e9curit\u00e9 de la serrure, le cylindre peut commander trois ou cinq p\u00eanes simultan\u00e9ment. Cela renforce la solidit\u00e9 en permettant diff\u00e9rents points d\u2019ancrage. On parle de serrure monopoint lorsqu\u2019il n\u2019y a qu\u2019un seul point d\u2019ancrage et de serrures multipoints pour trois \u00e0 cinq points. Une serrure multipoints correspond \u00e0 une serrure haute s\u00e9curit\u00e9, g\u00e9n\u00e9ralement certifi\u00e9e A2P ou aux normes NF.\u00a0<\/span><\/p>\n<h3><span style=\"font-weight: 400;\">Peut-on r\u00e9parer un cylindre endommag\u00e9\u2009?<\/span><\/h3>\n<p><span style=\"font-weight: 400;\">Il est tout naturel que lorsque le rotor de serrure est endommag\u00e9, ou les goupilles, cela entra\u00eene ce qu\u2019on appelle g\u00e9n\u00e9ralement une porte claqu\u00e9e. Cela veut dire que la cl\u00e9 peut se bloquer dans la serrure ou bien que la cl\u00e9 ne tourne pas. Dans ce cas, il est recommand\u00e9 de rapidement faire appel \u00e0 un artisan serrurier pour une intervention d\u2019urgence ou un d\u00e9pannage.\u00a0<\/span><\/p>\n<p><span style=\"font-weight: 400;\">Les serruriers sont, en effet, les professionnels des syst\u00e8mes de verrouillage et peuvent vous apporter une solution pour tous les types de serrures. Ainsi, l\u2019intervention du serrurier peut consister en la r\u00e9paration de serrure, en l\u2019installation d\u2019une nouvelle serrure, au changement de serrure ou tout simplement au remplacement cylindre.\u00a0\u00a0\u00a0\u00a0\u00a0\u00a0<\/span><\/p>\n<p><span style=\"font-weight: 400;\">Lorsqu\u2019un cylindre est cass\u00e9 ou endommag\u00e9, il faut changer serrure ou simplement remplacer le cylindre de porte. Il est difficile de r\u00e9parer un cylindre \u00e0 moins de trouver les quelques rares experts en serrurerie m\u00e9tallerie.\u00a0<\/span><\/p>\n<p><span style=\"font-weight: 400;\">Les cylindres serrure sont des composants qui sont tr\u00e8s largement r\u00e9pandus. Vous en trouverez dans la plupart des quincailleries. De m\u00eame, remplacer un cylindre est assez simple lorsque vous disposez de bonnes connaissances en bricolage. Il suffit de se rendre dans une quincaillerie et proc\u00e9der \u00e0 la pose de cylindre en suivant les instructions.<\/span><\/p>\n<\/div><\/div><div class=\"w-separator size_medium\"><\/div><div class=\"w-btn-wrapper width_auto align_center\"><a class=\"w-btn us-btn-style_2\" title=\"Demander un devis\" href=\"https:\/\/www.eldo.com\/demande-devis?utm_source=gmb&amp;utm_medium=SEO&amp;utm_campaign=serrurerie-fonctionnement-cylindre\"><span class=\"w-btn-label\">Demander conseil<\/span><\/a><\/div><div class=\"w-separator size_medium\"><\/div><div class=\"w-image align_center\"><div class=\"w-image-h\"><img width=\"499\" height=\"333\" src=\"https:\/\/www.eldo.com\/guide\/wp-content\/uploads\/2023\/02\/cache-serrure-porte-blindee-main-13029145.jpg\" class=\"attachment-us_600_400 size-us_600_400\" alt=\"\" srcset=\"https:\/\/www.eldo.com\/guide\/wp-content\/uploads\/2023\/02\/cache-serrure-porte-blindee-main-13029145.jpg 499w, https:\/\/www.eldo.com\/guide\/wp-content\/uploads\/2023\/02\/cache-serrure-porte-blindee-main-13029145-300x200.jpg 300w\" sizes=\"(max-width: 499px) 100vw, 499px\" \/><\/div><\/div><div class=\"w-separator size_medium\"><\/div><div class=\"wpb_text_column\" ><div class=\"wpb_wrapper\"><h2><span style=\"font-weight: 400;\">Les diff\u00e9rents types de cylindres pour votre serrure<\/span><\/h2>\n<p><span style=\"font-weight: 400;\">Tout comme il existe diff\u00e9rents types de serrures, il existe aussi plusieurs types de cylindres.\u00a0<\/span><\/p>\n<h3><span style=\"font-weight: 400;\">Cylindre \u00e0 pompe<\/span><\/h3>\n<p><span style=\"font-weight: 400;\">Le cylindre \u00e0 pompe est un barillet serrure qui permet l\u2019ouverture de porte en exer\u00e7ant une pression dessus avant de tourner la cl\u00e9. Il s\u2019agit d\u2019une serrure haute s\u00e9curit\u00e9 dont la cl\u00e9 est difficile \u00e0 reproduire. Les cylindres \u00e0 pompe sont g\u00e9n\u00e9ralement certifi\u00e9s A2P deux \u00e9toiles. Ils sont donc, bien entendu, difficiles \u00e0 crocheter. Ainsi, installer une serrure dot\u00e9e d\u2019un cylindre \u00e0 pompe vous met \u00e0 l\u2019abri des cambrioleurs et des tentatives d\u2019effraction. Il est donc id\u00e9al pour une serrure de s\u00e9curit\u00e9, une porte d\u2019entr\u00e9e ou une porte blind\u00e9e.\u00a0<\/span><\/p>\n<p><span style=\"font-weight: 400;\">Toutefois, avant de songer \u00e0 changer de serrure pour le remplacement de votre serrure classique avec une serrure dot\u00e9e d\u2019un cylindre \u00e0 pompe, sachez que ce type de cylindre est assez on\u00e9reux. En effet, pour changer un cylindre en vue de l\u2019installation d\u2019un syst\u00e8me de verrouillage d\u2019un meilleur niveau de s\u00e9curit\u00e9, il faut pr\u00e9voir au minimum 120\u00a0euros.<\/span><\/p>\n<h3><span style=\"font-weight: 400;\">Cylindre d\u00e9brayable<\/span><\/h3>\n<p><span style=\"font-weight: 400;\">Le cylindre d\u00e9brayable est un cylindre qui permet d\u2019\u00e9viter les situations de blocage en cas de cl\u00e9 cass\u00e9e ou bloqu\u00e9e dans la serrure. En effet, ce cylindre permet d\u2019ouvrir la porte des deux c\u00f4t\u00e9s, m\u00eame si une clef est d\u00e9j\u00e0 ins\u00e9r\u00e9e dans le c\u00f4t\u00e9 int\u00e9rieur.<\/span><\/p>\n<p><span style=\"font-weight: 400;\">Il repr\u00e9sente ainsi une bonne solution en cas d\u2019oubli et apporte un bon niveau de s\u00e9curit\u00e9. C\u2019est \u00e9galement un mod\u00e8le de serrure qui pr\u00e9sente un prix \u00e9lev\u00e9. Le cylindre d\u00e9brayable est adapt\u00e9 pour les portes d\u2019entr\u00e9e et surtout les portes de collectivit\u00e9.\u00a0\u00a0\u00a0\u00a0<\/span><\/p>\n<h3><span style=\"font-weight: 400;\">Cylindre anti-per\u00e7age<\/span><\/h3>\n<p><span style=\"font-weight: 400;\">Cylindre haute s\u00e9curit\u00e9, le cylindre anti per\u00e7age est un cylindre \u00e9quip\u00e9 d\u2019une pastille charg\u00e9e de rendre toute tentative d\u2019effraction par per\u00e7age de porte inefficace.<\/span><\/p>\n<p><span style=\"font-weight: 400;\">En raison de son tr\u00e8s haut niveau de s\u00e9curit\u00e9, le prix du cylindre anti-per\u00e7age fait partie des plus \u00e9lev\u00e9s. Il s\u2019agit toutefois d\u2019un mod\u00e8le dont l\u2019utilisation est tr\u00e8s pratique et utilis\u00e9e pour les portes haute s\u00e9curit\u00e9, les coffres-forts et les portes blind\u00e9es.<\/span><\/p>\n<h3><span style=\"font-weight: 400;\">Cylindre europ\u00e9en \u00e0 bouton<\/span><\/h3>\n<p><span style=\"font-weight: 400;\">Il s\u2019agit d\u2019un cylindre au syst\u00e8me d\u2019ouverture mixte. En effet, les cylindres europ\u00e9ens \u00e0 bouton permettent d\u2019ouvrir une porte de l\u2019ext\u00e9rieur gr\u00e2ce \u00e0 une porte, mais de l\u2019int\u00e9rieur, l\u2019ouverture de porte se fait \u00e0 l\u2019aide d\u2019un bouton.\u00a0<\/span><\/p>\n<p><span style=\"font-weight: 400;\">Le cylindre europ\u00e9en \u00e0 bouton apporte un niveau de s\u00e9curit\u00e9 moyen et est recommand\u00e9 pour une porte d\u2019entr\u00e9e d\u2019une maison personnelle.\u00a0\u00a0<\/span><\/p>\n<h3><span style=\"font-weight: 400;\">Cylindre europ\u00e9en double<\/span><\/h3>\n<p><span style=\"font-weight: 400;\">Le cylindre europ\u00e9en double est le mod\u00e8le classique de cylindre. C\u2019est le mod\u00e8le le plus r\u00e9pandu est dont l\u2019installation est la plus courante par les serruriers.\u00a0<\/span><\/p>\n<p><span style=\"font-weight: 400;\">Avec un prix assez abordable, il permet une ouverture de porte assez facile. Toutefois, le niveau de s\u00e9curit\u00e9 qu\u2019il apporte est relativement bas. En effet, le cylindre europ\u00e9en est facile \u00e0 forcer par crochetage, arrachement et surtout par per\u00e7age. Il est g\u00e9n\u00e9ralement recommand\u00e9 pour \u00eatre install\u00e9 sur une porte d\u2019immeuble ou une porte d\u2019entr\u00e9e.\u00a0<\/span><\/p>\n<h3><span style=\"font-weight: 400;\">Demi-cylindre europ\u00e9en<\/span><\/h3>\n<p><span style=\"font-weight: 400;\">Le demi-cylindre europ\u00e9en est un type de cylindre qui permet l\u2019ouverture d\u2019une porte avec une cl\u00e9, mais d\u2019un seul c\u00f4t\u00e9. Le prix de la pose d\u2019un demi-cylindre europ\u00e9en est relativement bas, tout comme le niveau de s\u00e9curit\u00e9 qu\u2019il apporte. Il r\u00e9siste tr\u00e8s peu aux effractions.<\/span><\/p>\n<p><span style=\"font-weight: 400;\">C\u2019est un type de cylindre dont l\u2019installation est g\u00e9n\u00e9ralement observ\u00e9e sur des portes d\u2019entr\u00e9e ou des portes d\u2019immeuble.<\/span><\/p>\n<\/div><\/div><div class=\"w-separator size_medium\"><\/div><div class=\"w-btn-wrapper width_auto align_center\"><a class=\"w-btn us-btn-style_2\" title=\"Demander un devis\" href=\"https:\/\/www.eldo.com\/demande-devis?utm_source=gmb&amp;utm_medium=SEO&amp;utm_campaign=serrurerie-fonctionnement-cylindre\"><span class=\"w-btn-label\">Demander un devis<\/span><\/a><\/div><\/div><\/div><\/div><\/div><\/div><\/section><section class=\"l-section wpb_row height_medium\"><div class=\"l-section-h i-cf\"><div class=\"g-cols vc_row type_default valign_top\"><div class=\"vc_col-sm-12 wpb_column vc_column_container\"><div class=\"vc_column-inner\"><div class=\"wpb_wrapper\"><div class=\"w-grid type_grid layout_portfolio_3 cols_2 valign_center ratio_1x1\" id=\"us_grid_1\"><style id=\"us_grid_1_css\">#us_grid_1 .w-grid-item{padding:1.5rem}#us_grid_1 .w-grid-list{margin:-1.5rem}.w-grid + #us_grid_1 .w-grid-list{margin-top:1.5rem}@media (max-width:599px){#us_grid_1 .w-grid-list{margin:0}#us_grid_1 .w-grid-item{width:100.0000%;padding:0;margin-bottom:1.5rem}}<\/style><style>.layout_portfolio_3 .w-grid-item-h:before{padding-bottom:100.0000%}@media (min-width:600px){.layout_portfolio_3 .w-grid-item.size_1x2 .w-grid-item-h:before{padding-bottom:calc(200.0000% + 1.5rem + 1.5rem)}.layout_portfolio_3 .w-grid-item.size_2x1 .w-grid-item-h:before{padding-bottom:calc(50.0000% - 1.5rem * 1.0000)}.layout_portfolio_3 .w-grid-item.size_2x2 .w-grid-item-h:before{padding-bottom:calc(100.0000% - 1.5rem * 0)}}.layout_portfolio_3 .w-grid-item-h{}.layout_portfolio_3 .usg_post_image_1{transition-duration:0.4s;transform-origin:50% 50%;transform:scale(1) translate(0,0);opacity:0.25}.layout_portfolio_3 .w-grid-item-h:hover .usg_post_image_1{transform:scale(1) translate(0,0);opacity:1}.layout_portfolio_3 .usg_post_title_1{transition-duration:0.3s;transform-origin:50% 50%;transform:scale(1) translate(0,0)}.layout_portfolio_3 .w-grid-item-h:hover .usg_post_title_1{transform:scale(1) translate(0,-100%);opacity:0}.layout_portfolio_3 .usg_post_taxonomy_1{transition-duration:0.3s;transform-origin:50% 50%;transform:scale(1) translate(0,0)}.layout_portfolio_3 .w-grid-item-h:hover .usg_post_taxonomy_1{transform:scale(1) translate(0,100%);opacity:0}.layout_portfolio_3 .usg_post_image_1{position:absolute!important;top:0!important;right:0!important;bottom:0!important;left:0!important}.layout_portfolio_3 .usg_vwrapper_1{position:absolute!important;top:0!important;right:0!important;bottom:0!important;left:0!important;padding:2rem!important}.layout_portfolio_3 .usg_post_title_1{color:inherit!important;font-size:1.4rem!important}<\/style><div class=\"w-grid-list\" >\t<article class=\"w-grid-item size_1x1 post-9715 page type-page status-publish has-post-thumbnail hentry\" data-id=\"9715\">\r\n\t\t<div class=\"w-grid-item-h\">\r\n\t\t\t\t\t\t\t<a class=\"w-grid-item-anchor\" href=\"https:\/\/www.eldo.com\/guide\/serrurerie\/fonctionnement\/gache\" rel=\"bookmark\" aria-label=\"Serrurerie fonctionnement de la g\u00e2che\"><\/a>\r\n\t\t\t\t\t\t<div class=\"w-post-elm post_image usg_post_image_1 stretched\"><img width=\"1024\" height=\"538\" src=\"https:\/\/www.eldo.com\/guide\/wp-content\/uploads\/2023\/02\/serrure-de-porte-1024x538.jpg\" class=\"attachment-large size-large wp-post-image\" alt=\"\" srcset=\"https:\/\/www.eldo.com\/guide\/wp-content\/uploads\/2023\/02\/serrure-de-porte-1024x538.jpg 1024w, https:\/\/www.eldo.com\/guide\/wp-content\/uploads\/2023\/02\/serrure-de-porte-300x158.jpg 300w, https:\/\/www.eldo.com\/guide\/wp-content\/uploads\/2023\/02\/serrure-de-porte-600x315.jpg 600w, https:\/\/www.eldo.com\/guide\/wp-content\/uploads\/2023\/02\/serrure-de-porte-800x420.jpg 800w, https:\/\/www.eldo.com\/guide\/wp-content\/uploads\/2023\/02\/serrure-de-porte.jpg 512w\" sizes=\"(max-width: 1024px) 100vw, 1024px\" \/><\/div><div class=\"w-vwrapper usg_vwrapper_1 align_center valign_middle\"><h2 class=\"w-post-elm post_title usg_post_title_1 entry-title color_link_inherit has_text_color\">Serrurerie fonctionnement de la g\u00e2che<\/h2><\/div>\t\t<\/div>\r\n\t<\/article>\r\n<\/div><div class=\"w-grid-preloader\"><div class=\"g-preloader type_1\">\r\n\t<div><\/div>\r\n<\/div>\r\n<\/div>\t<div class=\"w-grid-json hidden\" onclick='return {&quot;action&quot;:&quot;us_ajax_grid&quot;,&quot;ajax_url&quot;:&quot;https:\\\/\\\/www.eldo.com\\\/guide\\\/wp-admin\\\/admin-ajax.php&quot;,&quot;infinite_scroll&quot;:0,&quot;max_num_pages&quot;:1,&quot;pagination&quot;:&quot;none&quot;,&quot;permalink_url&quot;:&quot;https:\\\/\\\/www.eldo.com\\\/guide\\\/wp-json\\\/wp\\\/v2\\\/pages\\\/9724&quot;,&quot;template_vars&quot;:{&quot;columns&quot;:&quot;2&quot;,&quot;exclude_items&quot;:&quot;none&quot;,&quot;img_size&quot;:&quot;default&quot;,&quot;ignore_items_size&quot;:false,&quot;items_layout&quot;:&quot;portfolio_3&quot;,&quot;items_offset&quot;:&quot;1&quot;,&quot;load_animation&quot;:&quot;none&quot;,&quot;overriding_link&quot;:&quot;post&quot;,&quot;post_id&quot;:9724,&quot;query_args&quot;:{&quot;ignore_sticky_posts&quot;:1,&quot;post_type&quot;:&quot;any&quot;,&quot;post__in&quot;:[&quot;9715&quot;],&quot;posts_per_page&quot;:&quot;10&quot;},&quot;orderby_query_args&quot;:{&quot;orderby&quot;:{&quot;date&quot;:&quot;DESC&quot;}},&quot;type&quot;:&quot;grid&quot;,&quot;us_grid_ajax_index&quot;:1,&quot;us_grid_filter_params&quot;:null,&quot;us_grid_index&quot;:1,&quot;_us_grid_post_type&quot;:&quot;ids&quot;}}'><\/div>\r\n\t<\/div><\/div><\/div><\/div><\/div><\/div><\/section><section class=\"l-section wpb_row us_custom_e91755c2 height_auto width_full with_overlay\"><div class=\"l-section-overlay\" style=\"background: #ebebeb\"><\/div><div class=\"l-section-h i-cf\"><div class=\"g-cols vc_row type_boxes valign_middle\"><div class=\"vc_col-sm-12 wpb_column vc_column_container has-fill\"><div class=\"vc_column-inner us_custom_54826e58\"><div class=\"wpb_wrapper\"><p class=\"w-itext us_custom_6df4bc3a type_typingChars align_center\" onclick='return {&quot;duration&quot;:300,&quot;delay&quot;:2000,&quot;disablePartAnimation&quot;:false,&quot;dynamicColor&quot;:&quot;#ffffff&quot;,&quot;html_nbsp_char&quot;:true}'>Je\u00a0cherche\u00a0un\u00a0pro\u00a0\u00e0\u00a0<span class=\"w-itext-part changesat_0 changesat_1 changesat_2 changesat_3 changesat_4 dynamic\" style=\"color:#ffffff\" onclick='return [&quot;Bordeaux&quot;,&quot;Toulouse&quot;,&quot;Paris&quot;,&quot;Nantes&quot;,&quot;Marseille&quot;]'><span>Bordeaux<\/span><i class=\"w-itext-cursor\"><\/i><\/span><\/p><\/div><\/div><\/div><\/div><\/div><\/section>\n","protected":false},"excerpt":{"rendered":"\u00c0 quoi sert une g\u00e2che pour sa serrure\u2009? Guides travauxPages Pi\u00e8ce m\u00e9tallique viss\u00e9e au niveau du chambranle d\u2019une porte, la g\u00e2che permet de renforcer le verrouillage d\u2019une porte. En effet, le p\u00eane, en s\u2019ins\u00e9rant dans la g\u00e2che constitue un point d\u2019ancrage qui augmente la solidit\u00e9 de la fermeture de la porte. Tout ce qu\u2019il y...","protected":false},"author":5,"featured_media":9729,"parent":9712,"menu_order":0,"comment_status":"closed","ping_status":"closed","template":"","meta":[],"page_tags":[],"_links":{"self":[{"href":"https:\/\/www.eldo.com\/guide\/wp-json\/wp\/v2\/pages\/9724"}],"collection":[{"href":"https:\/\/www.eldo.com\/guide\/wp-json\/wp\/v2\/pages"}],"about":[{"href":"https:\/\/www.eldo.com\/guide\/wp-json\/wp\/v2\/types\/page"}],"author":[{"embeddable":true,"href":"https:\/\/www.eldo.com\/guide\/wp-json\/wp\/v2\/users\/5"}],"replies":[{"embeddable":true,"href":"https:\/\/www.eldo.com\/guide\/wp-json\/wp\/v2\/comments?post=9724"}],"version-history":[{"count":9,"href":"https:\/\/www.eldo.com\/guide\/wp-json\/wp\/v2\/pages\/9724\/revisions"}],"predecessor-version":[{"id":9762,"href":"https:\/\/www.eldo.com\/guide\/wp-json\/wp\/v2\/pages\/9724\/revisions\/9762"}],"up":[{"embeddable":true,"href":"https:\/\/www.eldo.com\/guide\/wp-json\/wp\/v2\/pages\/9712"}],"wp:featuredmedia":[{"embeddable":true,"href":"https:\/\/www.eldo.com\/guide\/wp-json\/wp\/v2\/media\/9729"}],"wp:attachment":[{"href":"https:\/\/www.eldo.com\/guide\/wp-json\/wp\/v2\/media?parent=9724"}],"wp:term":[{"taxonomy":"page_tags","embeddable":true,"href":"https:\/\/www.eldo.com\/guide\/wp-json\/wp\/v2\/page_tags?post=9724"}],"curies":[{"name":"wp","href":"https:\/\/api.w.org\/{rel}","templated":true}]}}