{"id":766,"date":"2020-08-13T09:59:35","date_gmt":"2020-08-13T09:59:35","guid":{"rendered":"https:\/\/www.eldo.com\/guide\/?page_id=766"},"modified":"2024-01-24T14:51:12","modified_gmt":"2024-01-24T14:51:12","slug":"escalier-helicoidal","status":"publish","type":"page","link":"https:\/\/www.eldo.com\/guide\/escalier\/escalier-en-colimacon\/escalier-helicoidal\/","title":{"rendered":"Escalier h\u00e9lico\u00efdal"},"content":{"rendered":"<section class=\"l-section wpb_row us_custom_e4eb24e1 height_auto width_full with_overlay\"><div class=\"l-section-overlay\" style=\"background: #ebebeb\"><\/div><div class=\"l-section-h i-cf\"><div class=\"g-cols vc_row type_boxes valign_middle\"><div class=\"vc_col-sm-12 wpb_column vc_column_container has-fill\"><div class=\"vc_column-inner us_custom_cb1da495\"><div class=\"wpb_wrapper\"><div class=\"wpb_text_column us_custom_2e587a18 has_text_color\" ><div class=\"wpb_wrapper\"><h1 style=\"text-align: center;\">Pourquoi choisir un escalier h\u00e9lico\u00efdal ?<\/h1>\n<h3 style=\"text-align: center;\"><\/h3>\n<\/div><\/div><div class=\"w-separator size_medium\"><\/div><ol class=\"g-breadcrumbs us_custom_6556ef4c separator_icon align_left has_text_color\"><li class=\"g-breadcrumbs-item\"><a href=\"https:\/\/www.eldo.com\/guide\/\">Guides travaux<\/a><meta content=\"1\"\/><\/li><li class=\"g-breadcrumbs-separator\"><i class=\"far fa-angle-right\"><\/i><\/li><li class=\"g-breadcrumbs-item\">Pages<\/li><\/ol><\/div><\/div><\/div><div class=\"vc_col-sm-12 wpb_column vc_column_container has-fill\"><div class=\"vc_column-inner us_custom_e4eb24e1\"><div class=\"wpb_wrapper\"><div class=\"wpb_text_column\" ><div class=\"wpb_wrapper\">\n<\/div><\/div><div \" class=\"faq_question_container\"><h2 class=\"faq_question_title\">Un escalier h\u00e9lico\u00efdal c&#039;est quoi ?<\/h2><div class=\"faq_question_content\"><p>Comme son nom l&rsquo;indique, <strong>il s&rsquo;agit d&rsquo;un escalier dont la structure est en h\u00e9lice<\/strong>. On l&rsquo;appelle aussi escalier en colima\u00e7on.<\/p>\n<p>Ce type d&rsquo;escalier est consid\u00e9r\u00e9 comme int\u00e9rieur ext\u00e9rieur. Selon les mat\u00e9riaux qui le composent, on le retrouve \u00e9quipant des b\u00e2timents sur leur ext\u00e9rieur. Il s&rsquo;agit souvent d&rsquo;un escalier b\u00e9ton ou d&rsquo;un escalier m\u00e9tallique.<\/p>\n<p>En int\u00e9rieur, il s&rsquo;agit souvent d&rsquo;un escalier design.<\/p>\n<p>Compos\u00e9 en verre et m\u00e9tal par exemple, il donne une touche de design moderne et d&rsquo;originalit\u00e9. Il tranche avec l&rsquo;image de l&rsquo;escalier quart tournant, tr\u00e8s classique et commun. Il incarne un design contemporain et sophistiqu\u00e9. A l&rsquo;inverse de l&rsquo;escalier droit, il ne privil\u00e9gie pas l&rsquo;aspect pratique sur l&rsquo;apparence et le style.<\/p>\n<p>Choisir un escalier int\u00e9rieur h\u00e9lico\u00efdal, c&rsquo;est choisir l&rsquo;originalit\u00e9 pour souligner un design int\u00e9rieur ou m\u00ealer diff\u00e9rents styles. En clair, on le choisit pour son originalit\u00e9.<\/p>\n<\/div><\/div><\/div><\/div><\/div><\/div><\/div><\/section><section class=\"l-section wpb_row height_auto width_full\"><div class=\"l-section-h i-cf\"><div class=\"g-cols vc_row type_boxes valign_middle\"><div class=\"vc_col-sm-8 wpb_column vc_column_container has-fill\"><div class=\"vc_column-inner us_custom_4fb9e5a3\"><div class=\"wpb_wrapper\"><div \" class=\"faq_question_container\"><h2 class=\"faq_question_title\">Pourquoi ces escaliers sont originaux ?<\/h2><div class=\"faq_question_content\"><p>Un escalier tournant compl\u00e8tement sur un axe central s&rsquo;av\u00e8re encombrant. Mais qu&rsquo;importe, si on le choisit, c&rsquo;est qu&rsquo;on a place de le loger sans souci.<\/p>\n<ul>\n<li>Bien situ\u00e9, avec sa forme h\u00e9lico\u00efdale, il peut habiller un espace \u00e9pur\u00e9.<\/li>\n<\/ul>\n<p>Une structure acier, une rampe en bois, un garde-corps en verre et le tour est jou\u00e9. Le m\u00e9lange verre, m\u00e9tal et bois fonctionne toujours\u00a0!<\/p>\n<ul>\n<li>L&rsquo;acier galvanis\u00e9 ou l&rsquo;acier laqu\u00e9 permettent de donner un style industriel unique.<\/li>\n<\/ul>\n<p>L\u00e0 encore, un espace relativement \u00e9pur\u00e9, dot\u00e9 d&rsquo;une structure m\u00e9tal et d&rsquo;un mod\u00e8le de marche en bois, et votre int\u00e9rieur est pr\u00eat pour \u00eatre pris en photo pour passer dans des magazines de d\u00e9coration int\u00e9rieure ! L&rsquo;escalier industriel est tr\u00e8s en vogue.<\/p>\n<ul>\n<li>On pense trop souvent \u00e0 la classique \u00e9chelle de meunier pour \u00e9quiper une mezzanine mais un escalier sur mesure en colima\u00e7on est un <a href=\"\/guide\/escalier\/escalier-en-colimacon\/une-solution-originale\/\">escalier original<\/a>\u00a0et est du plus bel effet.<\/li>\n<\/ul>\n<p>Imaginez un\u00a0<a href=\"\/guide\/escalier\/escalier-en-colimacon\/\">escalier colima\u00e7on<\/a>\u00a0m\u00e9tal arriver au milieu de votre mezzanine. Audacieux, mais vraiment styl\u00e9. Certes, le prix n&rsquo;est pas le m\u00eame, mais un escalier dure vraiment longtemps. Il s&rsquo;agit d&rsquo;un investissement \u00e0 long terme.<\/p>\n<ul>\n<li>Les escaliers h\u00e9lico\u00efdaux peuvent se d\u00e9cliner de toutes les fa\u00e7ons, pourvu qu&rsquo;ils soient bien pens\u00e9s.<\/li>\n<li>En termes d&rsquo;esth\u00e9tisme ils ajoutent une touche unique en comparaison de n&rsquo;importe quel escalier standard.<\/li>\n<\/ul>\n<p>En revanche, si vous devez \u00e9quiper un acc\u00e8s \u00e0 l&rsquo;\u00e9tage de votre maison, et que ce dernier demande d&rsquo;\u00eatre am\u00e9nag\u00e9 (installation de lit, de canap\u00e9, ou d&rsquo;autres \u00e9l\u00e9ments encombrants), peut-\u00eatre devriez-vous r\u00e9fl\u00e9chir \u00e0 2 fois avant d&rsquo;installer un escalier h\u00e9lico\u00efdal\u2026 S&rsquo;il vous faut un escalier confortable \u00e0 utiliser, ce dernier <strong>peut s&rsquo;av\u00e9rer mal adapt\u00e9.<\/strong><\/p>\n<\/div><\/div><div class=\"w-btn-wrapper width_auto align_center\"><a class=\"w-btn us-btn-style_2 btn devis body 1\" title=\"Devis gratuit\" target=\"_blank\" href=\"https:\/\/devis.eldo.com\/escalier-new\/france?utm_source=gmb&amp;utm_medium=SEO&amp;utm_campaign=escalier-escalier-en-colimacon-escalier-helicoidal\" rel=\"noopener\"><span class=\"w-btn-label\">Demander conseil<\/span><\/a><\/div><\/div><\/div><\/div><div class=\"vc_col-sm-4 wpb_column vc_column_container has-fill\"><div class=\"vc_column-inner us_custom_f8f7645a\"><div class=\"wpb_wrapper\"><\/div><\/div><\/div><\/div><\/div><\/section><section class=\"l-section wpb_row us_custom_e4eb24e1 height_auto width_full with_overlay\"><div class=\"l-section-overlay\" style=\"background: #ebebeb\"><\/div><div class=\"l-section-h i-cf\"><div class=\"g-cols vc_row type_boxes valign_middle\"><div class=\"vc_col-sm-12 wpb_column vc_column_container\"><div class=\"vc_column-inner\"><div class=\"wpb_wrapper\"><div \" class=\"faq_question_container\"><h2 class=\"faq_question_title\">Un escalier en spirale sinon rien !<\/h2><div class=\"faq_question_content\"><p>Si vous souhaitez absolument construire un escalier circulaire, faites appel \u00e0 un fabricant d&rsquo;escaliers. Vous b\u00e9n\u00e9ficierez d&rsquo;une fabrication sur mesure, parfaitement \u00e9tudi\u00e9e par rapport \u00e0 vos attentes et aux contraintes qu&rsquo;impose la configuration de votre maison. Plut\u00f4t que de choisir un escalier en kit \u00e0 monter soi-m\u00eame, vous aurez une r\u00e9alisation unique.<\/p>\n<p>Ce sera d&rsquo;autant plus utile de consulter un professionnel de la construction d&rsquo;escaliers, si vous souhaitez absolument un escalier moderne. Verre et m\u00e9tal demande d&rsquo;\u00eatre bien manipul\u00e9s, bien d\u00e9coup\u00e9s et bien ajust\u00e9s. La hauteur de marche, la ligne de foul\u00e9e, tout sera parfaitement\u00a0<a href=\"https:\/\/www.eldo.com\/guide\/escalier\/calcul\/\">calcul\u00e9<\/a>\u00a0pour s&rsquo;adapter \u00e0 vos besoins.<\/p>\n<p>Parmi tous les mod\u00e8les d&rsquo;escaliers, l&rsquo;escalier h\u00e9lico\u00efdal demande d&rsquo;\u00eatre bien pens\u00e9. Son encombrement pourrait vous surprendre une fois en place. C&rsquo;est pour cette raison qu&rsquo;un professionnel saura vous conseiller.<\/p>\n<p>Il en va de m\u00eame pour ce qui est des mat\u00e9riaux\u00a0: un escalier en bois ne repr\u00e9sente pas les m\u00eames avantages ni les m\u00eames contraintes qu&rsquo;un escalier en m\u00e9tal. Il faut en avoir conscience avant m\u00eame de vous \u00e9quiper. Le bruit, l&rsquo;usure, la possibilit\u00e9 de peindre ou de transformer la structure pour la faire \u00e9voluer\u2026 Tout ceci doit \u00eatre pris en compte pour que votre escalier vieillisse bien.<\/p>\n<p>Un pro de la pose d&rsquo;escalier saura vous guider et vous \u00e9clairer. De plus, il tiendra compte de la hauteur sous plafond par exemple, pour vous dessiner une structure confortable \u00e0 utiliser. Rien n&rsquo;est plus d\u00e9sagr\u00e9able qu&rsquo;un escalier mal con\u00e7u, surtout quand on l&#8217;emprunte plusieurs fois par jour.<\/p>\n<\/div><\/div><div class=\"w-btn-wrapper width_auto align_center\"><a class=\"w-btn us-btn-style_2 btn devis body 2\" title=\"Devis gratuit\" target=\"_blank\" href=\"https:\/\/devis.eldo.com\/escalier-new\/france?utm_source=gmb&amp;utm_medium=SEO&amp;utm_campaign=escalier-escalier-en-colimacon-escalier-helicoidal\" rel=\"noopener\"><span class=\"w-btn-label\">Demander un devis gratuit<\/span><\/a><\/div><div class=\"w-separator size_small\"><\/div><div class=\"w-message us_custom_f5f60db8 color_blue with_icon\"><div class=\"w-message-icon\"><i class=\"fas fa-thumbs-up\"><\/i><\/div><div class=\"w-message-body\"><p>\u00c0 noter : La fabrication d&rsquo;escaliers ne s&rsquo;improvise pas, c&rsquo;est un vrai m\u00e9tier ! Il faut tenir compte de l&rsquo;environnement dans lequel se positionnera la structure, en plus de tenir compte des habitudes des occupants des lieux. En clair, n&rsquo;ayez pas peur de d\u00e9l\u00e9guer pour \u00eatre pleinement satisfait.<\/p>\n<\/div><\/div><\/div><\/div><\/div><\/div><\/div><\/section><section class=\"l-section wpb_row height_medium\"><div class=\"l-section-h i-cf\"><div class=\"g-cols vc_row type_default valign_top\"><div class=\"vc_col-sm-12 wpb_column vc_column_container\"><div class=\"vc_column-inner\"><div class=\"wpb_wrapper\"><div class=\"w-separator size_small\"><\/div><div class=\"w-grid type_grid layout_331 cols_6 valign_center overflow_hidden\" id=\"us_grid_1\"><style id=\"us_grid_1_css\">#us_grid_1 .w-grid-item{padding:1.5rem}#us_grid_1 .w-grid-list{margin:-1.5rem}.w-grid + #us_grid_1 .w-grid-list{margin-top:1.5rem}@media (max-width:1199px){#us_grid_1 .w-grid-item{width:33.3333%}}@media (max-width:899px){#us_grid_1 .w-grid-item{width:50.0000%}}@media (max-width:599px){#us_grid_1 .w-grid-list{margin:0}#us_grid_1 .w-grid-item{width:100.0000%;padding:0;margin-bottom:1.5rem}}<\/style><style>.layout_331 .w-grid-item-h{}.layout_331 .usg_post_image_1{width:50%!important}.layout_331 .usg_vwrapper_1{width:50%!important;margin-right:0!important}.layout_331 .usg_post_title_1{color:#000000!important}@media (max-width:599px){.layout_331 .usg_post_title_1{font-size:1.2rem!important;margin-right:0!important;padding-bottom:0!important}}<\/style><div class=\"w-grid-list\" >\t<article class=\"w-grid-item size_1x1 post-1733 page type-page status-publish has-post-thumbnail hentry\" data-id=\"1733\">\r\n\t\t<div class=\"w-grid-item-h\">\r\n\t\t\t\t\t\t\t<a class=\"w-grid-item-anchor\" href=\"https:\/\/www.eldo.com\/guide\/escalier\/escalier-en-colimacon\/une-solution-originale\/\" rel=\"bookmark\" aria-label=\"Escalier colima\u00e7on solution originale\"><\/a>\r\n\t\t\t\t\t\t<div class=\"w-vwrapper usg_vwrapper_1 align_left valign_top\"><p class=\"w-post-elm post_title usg_post_title_1 align_center entry-title color_link_inherit has_text_color\"><a href=\"https:\/\/www.eldo.com\/guide\/escalier\/escalier-en-colimacon\/une-solution-originale\/\">Escalier colima\u00e7on solution originale<\/a><\/p><\/div><div class=\"w-hwrapper usg_hwrapper_1 align_left valign_top\"><div class=\"w-post-elm post_image usg_post_image_1 has_width has_ratio\"><div style=\"padding-bottom:100.0000%\"><\/div><a href=\"https:\/\/www.eldo.com\/guide\/escalier\/escalier-en-colimacon\/une-solution-originale\/\" aria-label=\"Escalier colima\u00e7on solution originale\"><img width=\"512\" height=\"288\" src=\"https:\/\/www.eldo.com\/guide\/wp-content\/uploads\/2020\/09\/CTA-ESCALIER-5.png\" class=\"attachment-us_600_600_crop size-us_600_600_crop wp-post-image\" alt=\"Escalier colima\u00e7on\" srcset=\"https:\/\/www.eldo.com\/guide\/wp-content\/uploads\/2020\/09\/CTA-ESCALIER-5.png 512w, https:\/\/www.eldo.com\/guide\/wp-content\/uploads\/2020\/09\/CTA-ESCALIER-5-300x169.png 300w, https:\/\/www.eldo.com\/guide\/wp-content\/uploads\/2020\/09\/CTA-ESCALIER-5-1024x576.png 1024w, https:\/\/www.eldo.com\/guide\/wp-content\/uploads\/2020\/09\/CTA-ESCALIER-5-600x338.png 600w, https:\/\/www.eldo.com\/guide\/wp-content\/uploads\/2020\/09\/CTA-ESCALIER-5-800x450.png 800w\" sizes=\"(max-width: 512px) 100vw, 512px\" \/><\/a><\/div><\/div>\t\t<\/div>\r\n\t<\/article>\r\n\t<article class=\"w-grid-item size_1x1 post-766 page type-page status-publish has-post-thumbnail hentry\" data-id=\"766\">\r\n\t\t<div class=\"w-grid-item-h\">\r\n\t\t\t\t\t\t\t<a class=\"w-grid-item-anchor\" href=\"https:\/\/www.eldo.com\/guide\/escalier\/escalier-en-colimacon\/escalier-helicoidal\/\" rel=\"bookmark\" aria-label=\"Escalier h\u00e9lico\u00efdal\"><\/a>\r\n\t\t\t\t\t\t<div class=\"w-vwrapper usg_vwrapper_1 align_left valign_top\"><p class=\"w-post-elm post_title usg_post_title_1 align_center entry-title color_link_inherit has_text_color\"><a href=\"https:\/\/www.eldo.com\/guide\/escalier\/escalier-en-colimacon\/escalier-helicoidal\/\">Escalier h\u00e9lico\u00efdal<\/a><\/p><\/div><div class=\"w-hwrapper usg_hwrapper_1 align_left valign_top\"><div class=\"w-post-elm post_image usg_post_image_1 has_width has_ratio\"><div style=\"padding-bottom:100.0000%\"><\/div><a href=\"https:\/\/www.eldo.com\/guide\/escalier\/escalier-en-colimacon\/escalier-helicoidal\/\" aria-label=\"Escalier h\u00e9lico\u00efdal\"><img width=\"512\" height=\"288\" src=\"https:\/\/www.eldo.com\/guide\/wp-content\/uploads\/2020\/09\/CTA-ESCALIER-6.png\" class=\"attachment-us_600_600_crop size-us_600_600_crop wp-post-image\" alt=\"Conseils escalier\" srcset=\"https:\/\/www.eldo.com\/guide\/wp-content\/uploads\/2020\/09\/CTA-ESCALIER-6.png 512w, https:\/\/www.eldo.com\/guide\/wp-content\/uploads\/2020\/09\/CTA-ESCALIER-6-300x169.png 300w, https:\/\/www.eldo.com\/guide\/wp-content\/uploads\/2020\/09\/CTA-ESCALIER-6-1024x576.png 1024w, https:\/\/www.eldo.com\/guide\/wp-content\/uploads\/2020\/09\/CTA-ESCALIER-6-600x338.png 600w, https:\/\/www.eldo.com\/guide\/wp-content\/uploads\/2020\/09\/CTA-ESCALIER-6-800x450.png 800w\" sizes=\"(max-width: 512px) 100vw, 512px\" \/><\/a><\/div><\/div>\t\t<\/div>\r\n\t<\/article>\r\n\t<article class=\"w-grid-item size_1x1 post-757 page type-page status-publish has-post-thumbnail hentry\" data-id=\"757\">\r\n\t\t<div class=\"w-grid-item-h\">\r\n\t\t\t\t\t\t\t<a class=\"w-grid-item-anchor\" href=\"https:\/\/www.eldo.com\/guide\/escalier\/escalier-en-colimacon\/\" rel=\"bookmark\" aria-label=\"Escalier en colima\u00e7on\"><\/a>\r\n\t\t\t\t\t\t<div class=\"w-vwrapper usg_vwrapper_1 align_left valign_top\"><p class=\"w-post-elm post_title usg_post_title_1 align_center entry-title color_link_inherit has_text_color\"><a href=\"https:\/\/www.eldo.com\/guide\/escalier\/escalier-en-colimacon\/\">Escalier en colima\u00e7on<\/a><\/p><\/div><div class=\"w-hwrapper usg_hwrapper_1 align_left valign_top\"><div class=\"w-post-elm post_image usg_post_image_1 has_width has_ratio\"><div style=\"padding-bottom:100.0000%\"><\/div><a href=\"https:\/\/www.eldo.com\/guide\/escalier\/escalier-en-colimacon\/\" aria-label=\"Escalier en colima\u00e7on\"><img width=\"512\" height=\"367\" src=\"https:\/\/www.eldo.com\/guide\/wp-content\/uploads\/2020\/08\/escalier-helicoidal-2-scaled.jpg\" class=\"attachment-us_600_600_crop size-us_600_600_crop wp-post-image\" alt=\"escalier h\u00e9lico\u00efdal 2\" srcset=\"https:\/\/www.eldo.com\/guide\/wp-content\/uploads\/2020\/08\/escalier-helicoidal-2-scaled.jpg 512w, https:\/\/www.eldo.com\/guide\/wp-content\/uploads\/2020\/08\/escalier-helicoidal-2-300x215.jpg 300w, https:\/\/www.eldo.com\/guide\/wp-content\/uploads\/2020\/08\/escalier-helicoidal-2-1024x734.jpg 1024w, https:\/\/www.eldo.com\/guide\/wp-content\/uploads\/2020\/08\/escalier-helicoidal-2-558x400.jpg 558w, https:\/\/www.eldo.com\/guide\/wp-content\/uploads\/2020\/08\/escalier-helicoidal-2-800x574.jpg 800w\" sizes=\"(max-width: 512px) 100vw, 512px\" \/><\/a><\/div><\/div>\t\t<\/div>\r\n\t<\/article>\r\n\t<article class=\"w-grid-item size_1x1 post-750 page type-page status-publish has-post-thumbnail hentry\" data-id=\"750\">\r\n\t\t<div class=\"w-grid-item-h\">\r\n\t\t\t\t\t\t\t<a class=\"w-grid-item-anchor\" href=\"https:\/\/www.eldo.com\/guide\/escalier\/escalier-escamotable\/\" rel=\"bookmark\" aria-label=\"Escalier escamotable\"><\/a>\r\n\t\t\t\t\t\t<div class=\"w-vwrapper usg_vwrapper_1 align_left valign_top\"><p class=\"w-post-elm post_title usg_post_title_1 align_center entry-title color_link_inherit has_text_color\"><a href=\"https:\/\/www.eldo.com\/guide\/escalier\/escalier-escamotable\/\">Escalier escamotable<\/a><\/p><\/div><div class=\"w-hwrapper usg_hwrapper_1 align_left valign_top\"><div class=\"w-post-elm post_image usg_post_image_1 has_width has_ratio\"><div style=\"padding-bottom:100.0000%\"><\/div><a href=\"https:\/\/www.eldo.com\/guide\/escalier\/escalier-escamotable\/\" aria-label=\"Escalier escamotable\"><img width=\"261\" height=\"336\" src=\"https:\/\/www.eldo.com\/guide\/wp-content\/uploads\/2021\/01\/escalier-escamotable.png\" class=\"attachment-us_600_600_crop size-us_600_600_crop wp-post-image\" alt=\"escalier escamotable pratique\" srcset=\"https:\/\/www.eldo.com\/guide\/wp-content\/uploads\/2021\/01\/escalier-escamotable.png 261w, https:\/\/www.eldo.com\/guide\/wp-content\/uploads\/2021\/01\/escalier-escamotable-233x300.png 233w\" sizes=\"(max-width: 261px) 100vw, 261px\" \/><\/a><\/div><\/div>\t\t<\/div>\r\n\t<\/article>\r\n\t<article class=\"w-grid-item size_1x1 post-728 page type-page status-publish has-post-thumbnail hentry\" data-id=\"728\">\r\n\t\t<div class=\"w-grid-item-h\">\r\n\t\t\t\t\t\t\t<a class=\"w-grid-item-anchor\" href=\"https:\/\/www.eldo.com\/guide\/escalier\/escalier-quart-tournant\/\" rel=\"bookmark\" aria-label=\"Escalier quart tournant\"><\/a>\r\n\t\t\t\t\t\t<div class=\"w-vwrapper usg_vwrapper_1 align_left valign_top\"><p class=\"w-post-elm post_title usg_post_title_1 align_center entry-title color_link_inherit has_text_color\"><a href=\"https:\/\/www.eldo.com\/guide\/escalier\/escalier-quart-tournant\/\">Escalier quart tournant<\/a><\/p><\/div><div class=\"w-hwrapper usg_hwrapper_1 align_left valign_top\"><div class=\"w-post-elm post_image usg_post_image_1 has_width has_ratio\"><div style=\"padding-bottom:100.0000%\"><\/div><a href=\"https:\/\/www.eldo.com\/guide\/escalier\/escalier-quart-tournant\/\" aria-label=\"Escalier quart tournant\"><img width=\"512\" height=\"213\" src=\"https:\/\/www.eldo.com\/guide\/wp-content\/uploads\/2020\/08\/escalier-bois-quart-tournant.jpg\" class=\"attachment-us_600_600_crop size-us_600_600_crop wp-post-image\" alt=\"Escalier quart tournant\" srcset=\"https:\/\/www.eldo.com\/guide\/wp-content\/uploads\/2020\/08\/escalier-bois-quart-tournant.jpg 512w, https:\/\/www.eldo.com\/guide\/wp-content\/uploads\/2020\/08\/escalier-bois-quart-tournant-300x125.jpg 300w, https:\/\/www.eldo.com\/guide\/wp-content\/uploads\/2020\/08\/escalier-bois-quart-tournant-1024x427.jpg 1024w, https:\/\/www.eldo.com\/guide\/wp-content\/uploads\/2020\/08\/escalier-bois-quart-tournant-600x250.jpg 600w, https:\/\/www.eldo.com\/guide\/wp-content\/uploads\/2020\/08\/escalier-bois-quart-tournant-800x333.jpg 800w\" sizes=\"(max-width: 512px) 100vw, 512px\" \/><\/a><\/div><\/div>\t\t<\/div>\r\n\t<\/article>\r\n\t<article class=\"w-grid-item size_1x1 post-703 page type-page status-publish has-post-thumbnail hentry\" data-id=\"703\">\r\n\t\t<div class=\"w-grid-item-h\">\r\n\t\t\t\t\t\t\t<a class=\"w-grid-item-anchor\" href=\"https:\/\/www.eldo.com\/guide\/escalier\/\" rel=\"bookmark\" aria-label=\"Escalier\"><\/a>\r\n\t\t\t\t\t\t<div class=\"w-vwrapper usg_vwrapper_1 align_left valign_top\"><p class=\"w-post-elm post_title usg_post_title_1 align_center entry-title color_link_inherit has_text_color\"><a href=\"https:\/\/www.eldo.com\/guide\/escalier\/\">Escalier<\/a><\/p><\/div><div class=\"w-hwrapper usg_hwrapper_1 align_left valign_top\"><div class=\"w-post-elm post_image usg_post_image_1 has_width has_ratio\"><div style=\"padding-bottom:100.0000%\"><\/div><a href=\"https:\/\/www.eldo.com\/guide\/escalier\/\" aria-label=\"Escalier\"><img width=\"512\" height=\"288\" src=\"https:\/\/www.eldo.com\/guide\/wp-content\/uploads\/2020\/09\/CTA-ESCALIER-6.png\" class=\"attachment-us_600_600_crop size-us_600_600_crop wp-post-image\" alt=\"Conseils escalier\" srcset=\"https:\/\/www.eldo.com\/guide\/wp-content\/uploads\/2020\/09\/CTA-ESCALIER-6.png 512w, https:\/\/www.eldo.com\/guide\/wp-content\/uploads\/2020\/09\/CTA-ESCALIER-6-300x169.png 300w, https:\/\/www.eldo.com\/guide\/wp-content\/uploads\/2020\/09\/CTA-ESCALIER-6-1024x576.png 1024w, https:\/\/www.eldo.com\/guide\/wp-content\/uploads\/2020\/09\/CTA-ESCALIER-6-600x338.png 600w, https:\/\/www.eldo.com\/guide\/wp-content\/uploads\/2020\/09\/CTA-ESCALIER-6-800x450.png 800w\" sizes=\"(max-width: 512px) 100vw, 512px\" \/><\/a><\/div><\/div>\t\t<\/div>\r\n\t<\/article>\r\n<\/div><div class=\"w-grid-preloader\"><div class=\"g-preloader type_1\">\r\n\t<div><\/div>\r\n<\/div>\r\n<\/div>\t<div class=\"w-grid-json hidden\" onclick='return {&quot;action&quot;:&quot;us_ajax_grid&quot;,&quot;ajax_url&quot;:&quot;https:\\\/\\\/www.eldo.com\\\/guide\\\/wp-admin\\\/admin-ajax.php&quot;,&quot;infinite_scroll&quot;:0,&quot;max_num_pages&quot;:1,&quot;pagination&quot;:&quot;none&quot;,&quot;permalink_url&quot;:&quot;https:\\\/\\\/www.eldo.com\\\/guide\\\/wp-json\\\/wp\\\/v2\\\/pages\\\/766&quot;,&quot;template_vars&quot;:{&quot;columns&quot;:&quot;6&quot;,&quot;exclude_items&quot;:&quot;none&quot;,&quot;img_size&quot;:&quot;default&quot;,&quot;ignore_items_size&quot;:false,&quot;items_layout&quot;:&quot;331&quot;,&quot;items_offset&quot;:&quot;1&quot;,&quot;load_animation&quot;:&quot;none&quot;,&quot;overriding_link&quot;:&quot;post&quot;,&quot;post_id&quot;:766,&quot;query_args&quot;:{&quot;ignore_sticky_posts&quot;:1,&quot;post_type&quot;:&quot;any&quot;,&quot;post__in&quot;:[&quot;703&quot;,&quot;1733&quot;,&quot;750&quot;,&quot;728&quot;,&quot;757&quot;,&quot;766&quot;],&quot;posts_per_page&quot;:&quot;10&quot;},&quot;orderby_query_args&quot;:{&quot;orderby&quot;:{&quot;date&quot;:&quot;DESC&quot;}},&quot;type&quot;:&quot;grid&quot;,&quot;us_grid_ajax_index&quot;:1,&quot;us_grid_filter_params&quot;:null,&quot;us_grid_index&quot;:1,&quot;_us_grid_post_type&quot;:&quot;ids&quot;}}'><\/div>\r\n\t<\/div><div class=\"w-separator size_small\"><\/div><\/div><\/div><\/div><\/div><\/div><\/section><section class=\"l-section wpb_row us_custom_e91755c2 height_auto width_full with_overlay\"><div class=\"l-section-overlay\" style=\"background: #ebebeb\"><\/div><div class=\"l-section-h i-cf\"><div class=\"g-cols vc_row type_boxes valign_middle\"><div class=\"vc_col-sm-12 wpb_column vc_column_container has-fill\"><div class=\"vc_column-inner us_custom_31ae70b2\"><div class=\"wpb_wrapper\"><p class=\"w-itext us_custom_6df4bc3a type_typingChars align_center\" onclick='return {&quot;duration&quot;:300,&quot;delay&quot;:2000,&quot;disablePartAnimation&quot;:false,&quot;dynamicColor&quot;:&quot;#ffffff&quot;,&quot;html_nbsp_char&quot;:true}'>Je\u00a0cherche\u00a0un\u00a0pro\u00a0\u00e0\u00a0<span class=\"w-itext-part changesat_0 changesat_1 changesat_2 changesat_3 changesat_4 dynamic\" style=\"color:#ffffff\" onclick='return [&quot;Bordeaux&quot;,&quot;Toulouse&quot;,&quot;Paris&quot;,&quot;Nantes&quot;,&quot;Marseille&quot;]'><span>Bordeaux<\/span><i class=\"w-itext-cursor\"><\/i><\/span><\/p><div class=\"w-separator size_medium\"><\/div><div class=\"w-btn-wrapper width_auto align_center\"><a class=\"w-btn us-btn-style_2 btn devis footer 1\" title=\"Devis gratuit\" target=\"_blank\" href=\"https:\/\/devis.eldo.com\/escalier-new\/france?utm_source=gmb&amp;utm_medium=SEO&amp;utm_campaign=escalier-escalier-en-colimacon-escalier-helicoidal\" rel=\"noopener\"><span class=\"w-btn-label\">Expliquer mon projet<\/span><\/a><\/div><\/div><\/div><\/div><\/div><\/div><\/section>\n","protected":false},"excerpt":{"rendered":"Comment choisir son escalier ? Guide Complet : prix, styles, mat\u00e9riaux &amp; pi\u00e8ges \u00e0 \u00e9viter Guides travauxPages Vous souhaitez \u00e9quiper votre int\u00e9rieur d\u2019un nouvel escalier ? Vous ne savez pas comment vous y prendre pour trouver le mod\u00e8le id\u00e9al ? Il y a plusieurs \u00e9tapes \u00e0 prendre en compte afin de guider votre choix Papier...","protected":false},"author":1,"featured_media":1706,"parent":757,"menu_order":0,"comment_status":"closed","ping_status":"closed","template":"","meta":[],"page_tags":[],"_links":{"self":[{"href":"https:\/\/www.eldo.com\/guide\/wp-json\/wp\/v2\/pages\/766"}],"collection":[{"href":"https:\/\/www.eldo.com\/guide\/wp-json\/wp\/v2\/pages"}],"about":[{"href":"https:\/\/www.eldo.com\/guide\/wp-json\/wp\/v2\/types\/page"}],"author":[{"embeddable":true,"href":"https:\/\/www.eldo.com\/guide\/wp-json\/wp\/v2\/users\/1"}],"replies":[{"embeddable":true,"href":"https:\/\/www.eldo.com\/guide\/wp-json\/wp\/v2\/comments?post=766"}],"version-history":[{"count":31,"href":"https:\/\/www.eldo.com\/guide\/wp-json\/wp\/v2\/pages\/766\/revisions"}],"predecessor-version":[{"id":10614,"href":"https:\/\/www.eldo.com\/guide\/wp-json\/wp\/v2\/pages\/766\/revisions\/10614"}],"up":[{"embeddable":true,"href":"https:\/\/www.eldo.com\/guide\/wp-json\/wp\/v2\/pages\/757"}],"wp:featuredmedia":[{"embeddable":true,"href":"https:\/\/www.eldo.com\/guide\/wp-json\/wp\/v2\/media\/1706"}],"wp:attachment":[{"href":"https:\/\/www.eldo.com\/guide\/wp-json\/wp\/v2\/media?parent=766"}],"wp:term":[{"taxonomy":"page_tags","embeddable":true,"href":"https:\/\/www.eldo.com\/guide\/wp-json\/wp\/v2\/page_tags?post=766"}],"curies":[{"name":"wp","href":"https:\/\/api.w.org\/{rel}","templated":true}]}}