{"id":7626,"date":"2022-03-03T13:39:45","date_gmt":"2022-03-03T13:39:45","guid":{"rendered":"https:\/\/www.eldo.com\/guide\/?page_id=7626"},"modified":"2023-12-06T15:30:19","modified_gmt":"2023-12-06T15:30:19","slug":"piscine-construction-debordement","status":"publish","type":"page","link":"https:\/\/www.eldo.com\/guide\/piscine\/construction\/type\/debordement","title":{"rendered":"Piscine construction d\u00e9bordement"},"content":{"rendered":"<section class=\"l-section wpb_row us_custom_e4eb24e1 height_auto width_full with_overlay\"><div class=\"l-section-overlay\" style=\"background: #ffffff\"><\/div><div class=\"l-section-h i-cf\"><div class=\"g-cols vc_row type_boxes valign_middle gap-10px\"><style>.g-cols.gap-10px{margin:0 -10px}.gap-10px > .vc_column_container {padding:10px}<\/style><div class=\"vc_col-sm-12 wpb_column vc_column_container has-fill has_text_color\"><div class=\"vc_column-inner us_custom_8cfbba7a\"><div class=\"wpb_wrapper\"><div class=\"wpb_text_column us_custom_cef92e06 has_text_color\" ><div class=\"wpb_wrapper\"><h1 style=\"text-align: center;\">Pourquoi faire installer une piscine \u00e0 d\u00e9bordement\u2009?<\/h1>\n<\/div><\/div><div class=\"w-separator size_medium\"><\/div><ol class=\"g-breadcrumbs us_custom_cef92e06 separator_icon align_left has_text_color\"><li class=\"g-breadcrumbs-item\"><a href=\"https:\/\/www.eldo.com\/guide\/\">Guides travaux<\/a><meta content=\"1\"\/><\/li><li class=\"g-breadcrumbs-separator\"><i class=\"far fa-angle-right\"><\/i><\/li><li class=\"g-breadcrumbs-item\">Pages<\/li><\/ol><\/div><\/div><\/div><div class=\"vc_col-sm-12 wpb_column vc_column_container\"><div class=\"vc_column-inner\"><div class=\"wpb_wrapper\"><div class=\"wpb_text_column us_custom_ae99f6aa has_text_color\" ><div class=\"wpb_wrapper\">\n<\/div><\/div><div class=\"wpb_text_column us_custom_ae99f6aa has_text_color\" ><div class=\"wpb_wrapper\"><p><span style=\"font-weight: 400;\">Vous voulez la piscine de vos r\u00eaves\u2009? Vous souhaitez avoir une piscine qui sort de l\u2019ordinaire\u2009? La piscine \u00e0 d\u00e9bordement est ce qu\u2019il vous faut. En effet, la piscine \u00e0 d\u00e9bordement est luxueuse et vous assure un grand confort. Il y en a sous forme de piscine en b\u00e9ton, piscine en b\u00e9ton arm\u00e9, piscine en acier ou m\u00eame de piscine en inox. Grand format sur les avantages de la piscine \u00e0 d\u00e9bordement.<\/span><\/p>\n<\/div><\/div><div class=\"w-separator size_medium\"><\/div><div class=\"w-image align_center\"><div class=\"w-image-h\"><img width=\"600\" height=\"304\" src=\"https:\/\/www.eldo.com\/guide\/wp-content\/uploads\/2022\/03\/Capture-decran-2022-03-03-121944-600x304.png\" class=\"attachment-us_600_400 size-us_600_400\" alt=\"\" srcset=\"https:\/\/www.eldo.com\/guide\/wp-content\/uploads\/2022\/03\/Capture-decran-2022-03-03-121944-600x304.png 600w, https:\/\/www.eldo.com\/guide\/wp-content\/uploads\/2022\/03\/Capture-decran-2022-03-03-121944-300x152.png 300w, https:\/\/www.eldo.com\/guide\/wp-content\/uploads\/2022\/03\/Capture-decran-2022-03-03-121944.png 512w\" sizes=\"(max-width: 600px) 100vw, 600px\" \/><\/div><\/div><\/div><\/div><\/div><\/div><\/div><\/section><section class=\"l-section wpb_row height_auto width_full with_overlay\"><div class=\"l-section-overlay\" style=\"background: #ffffff\"><\/div><div class=\"l-section-h i-cf\"><div class=\"g-cols vc_row type_boxes valign_middle gap-10px\"><style>.g-cols.gap-10px{margin:0 -10px}.gap-10px > .vc_column_container {padding:10px}<\/style><div class=\"vc_col-sm-12 wpb_column vc_column_container has-fill\"><div class=\"vc_column-inner us_custom_4fb9e5a3\"><div class=\"wpb_wrapper\"><div \" class=\"faq_question_container\"><h2 class=\"faq_question_title\">Qu\u2019est-ce qu\u2019une piscine \u00e0 d\u00e9bordement\u2009?<\/h2><div class=\"faq_question_content\"><p><span style=\"font-weight: 400;\">Une piscine \u00e0 d\u00e9bordement est, de prime abord, une <a href=\"https:\/\/www.eldo.com\/guide\/piscine\/construction\/type\/enterre\">piscine enterr\u00e9e<\/a>, car elles ont toutes deux un mode de construction identique. En effet, pour la construction d\u2019une piscine \u00e0 d\u00e9bordement, il faut obligatoirement creuser une fosse. Cette derni\u00e8re servira \u00e0 h\u00e9berger un bassin qui peut \u00eatre en coque, en b\u00e9ton arm\u00e9 ou en inox.<\/span><\/p>\n<p><span style=\"font-weight: 400;\">Par ailleurs, plusieurs rev\u00eatements sont \u00e0 votre disposition pour am\u00e9nager votre piscine \u00e0 d\u00e9bordement. Au nombre de ceux-ci, notez\u00a0: le liner, le polyester, la membrane arm\u00e9e (membrane PVC arm\u00e9), la fibre de verre. Vous pouvez donc opter pour une piscine coque polyester, piscine en fibre de verre ou le liner de piscine pour les piscines enterr\u00e9es.<\/span><\/p>\n<p><span style=\"font-weight: 400;\">La piscine \u00e0 d\u00e9bordement poss\u00e8de un second bassin en plus du bassin principal. L\u2019eau du plus grand bassin d\u00e9borde pour se verser dans le plus petit, d\u2019o\u00f9 l\u2019effet du d\u00e9bordement. Pour faciliter ce d\u00e9bordement, vous devez mettre en place un syst\u00e8me de tuyaux inclin\u00e9s (g\u00e9n\u00e9ralement appel\u00e9 goulotte) entre les deux bassins.<\/span><\/p>\n<p><span style=\"font-weight: 400;\">Outre le syst\u00e8me de goulottes, vous devez disposer de filtres, de pompe et de sonde. Les sondes serviront \u00e0 contr\u00f4ler le niveau d\u2019eau pour \u00e9viter un manque d\u2019eau ou un volume d\u2019eau trop \u00e9lev\u00e9.\u00a0<\/span><\/p>\n<p><span style=\"font-weight: 400;\">Ce petit bassin ainsi obtenu offre plusieurs avantages, notamment gr\u00e2ce \u00e0 son ossature. Vous pouvez vous en servir comme pataugeoire ou comme une section de d\u00e9coration pour votre piscine. De ce fait, vous pouvez le d\u00e9corer avec de la mosa\u00efque, des plantes (surtout aquatique comme le n\u00e9nuphar, les algues), ou des rochers.<\/span><\/p>\n<p><span style=\"font-weight: 400;\">G\u00e9n\u00e9ralement, les piscines \u00e0 d\u00e9bordement existent en 2 mod\u00e8les\u00a0: piscine en cascade et piscine miroir. En effet, la piscine en cascade favorise l\u2019\u00e9coulement de l\u2019eau sur un ou plusieurs c\u00f4t\u00e9s de la piscine. Pour cela, elle est pr\u00e9f\u00e9r\u00e9e sur un terrain en pente.\u00a0<\/span><\/p>\n<p><span style=\"font-weight: 400;\">La piscine miroir, quant \u00e0 elle, s\u2019installe \u00e0 m\u00eame le sol et est \u00e9quip\u00e9e de goulottes. Ces goulottes facilitent l\u2019\u00e9coulement de l\u2019eau tout autour de la piscine. Elle est qualifi\u00e9e de piscine miroir, car lorsque les plages et la ligne d\u2019eau sont au m\u00eame niveau, cela lui conf\u00e8re un effet miroir.<\/span><\/p>\n<h2><span style=\"font-weight: 400;\">L\u2019une des piscines les plus esth\u00e9tiques<\/span><\/h2>\n<p><span style=\"font-weight: 400;\">La piscine \u00e0 d\u00e9bordement est une piscine de luxe qui est habituellement toujours propre. Elle incarne esth\u00e9tisme, confort et s\u00e9r\u00e9nit\u00e9. Lorsqu\u2019elle est install\u00e9e proche de la mer, elle vous gratifie d\u2019une vue \u00e0 couper le souffle.<\/span><\/p>\n<\/div><\/div><div class=\"w-separator size_medium\"><\/div><div class=\"w-btn-wrapper width_auto align_center\"><a class=\"w-btn us-btn-style_2\" title=\"Demander un devis\" href=\"https:\/\/devis.eldo.com\/piscine-new\/france?utm_source=gmb&amp;utm_medium=SEO&amp;utm_campaign=piscine-construction-debordement\"><span class=\"w-btn-label\">Demander un devis<\/span><\/a><\/div><div class=\"w-separator size_medium\"><\/div><div class=\"w-image align_center\"><div class=\"w-image-h\"><img width=\"539\" height=\"400\" src=\"https:\/\/www.eldo.com\/guide\/wp-content\/uploads\/2022\/03\/piscine_plage-maison_moderne-539x400.webp\" class=\"attachment-us_600_400 size-us_600_400\" alt=\"\" srcset=\"https:\/\/www.eldo.com\/guide\/wp-content\/uploads\/2022\/03\/piscine_plage-maison_moderne-539x400.webp 539w, https:\/\/www.eldo.com\/guide\/wp-content\/uploads\/2022\/03\/piscine_plage-maison_moderne-300x223.webp 300w, https:\/\/www.eldo.com\/guide\/wp-content\/uploads\/2022\/03\/piscine_plage-maison_moderne.webp 680w\" sizes=\"(max-width: 539px) 100vw, 539px\" \/><\/div><\/div><div class=\"w-separator size_medium\"><\/div><div \" class=\"faq_question_container\"><h2 class=\"faq_question_title\">Quel est le fonctionnement d\u2019une piscine \u00e0 d\u00e9bordement ?<\/h2><div class=\"faq_question_content\"><p><span style=\"font-weight: 400;\">La piscine \u00e0 d\u00e9bordement est \u00e9quip\u00e9e de deux bassins, l\u2019un principal et l\u2019autre secondaire. Ce bassin secondaire s\u2019assure de la filtration de l\u2019eau. Une fois filtr\u00e9e, l\u2019eau est renvoy\u00e9e dans le bassin principal. Il peut \u00eatre ou peut ne pas \u00eatre utilis\u00e9 par les baigneurs.<\/span><\/p>\n<p><span style=\"font-weight: 400;\">Par ailleurs, assurez-vous que l\u2019effet visuel de votre piscine est optimal et que sa man\u0153uvre de d\u00e9bordement est parfaite. Pour ce faire, assurez-vous que l\u2019eau de la piscine est correctement \u00e0 l\u2019horizontale. Outre cela, notez que la qualit\u00e9 premi\u00e8re de la piscine \u00e0 d\u00e9bordement est la tr\u00e8s bonne qualit\u00e9 de l\u2019eau.<\/span><\/p>\n<p><span style=\"font-weight: 400;\">En effet, l\u2019eau b\u00e9n\u00e9ficie d\u2019un brassage constant, ce qui lui permet de fr\u00e9quemment exploiter le syst\u00e8me de filtration. Ce m\u00e9canisme permet \u00e0 l\u2019eau de se d\u00e9faire de ses impuret\u00e9s. Toutefois, certains accessoires peuvent venir en compl\u00e9ment au brassage pour purifier l\u2019eau. Il s\u2019agit de la pompe de filtration, le local technique, la bonde de fond et les buses de refoulement.\u00a0<\/span><\/p>\n<p><span style=\"font-weight: 400;\">Notez que ces accessoires sont g\u00e9n\u00e9ralement install\u00e9s au fond du bassin non loin de l\u2019arase. De plus, ils doivent \u00eatre fix\u00e9s dans la ma\u00e7onnerie au moment de faire construire votre piscine ou lors de la r\u00e9novation de piscine.<\/span><\/p>\n<p><span style=\"font-weight: 400;\">Par ailleurs, ce brassage ne vous dispense pas du contr\u00f4le r\u00e9gulier du pH de votre piscine. Ce contr\u00f4le est important pour savoir si la piscine est propice pour la baignade ou pour la nage.<\/span><\/p>\n<p><span style=\"font-weight: 400;\">Vous devez r\u00e9guli\u00e8rement faire l\u2019entretien de votre piscine en la nettoyant avec un robot de piscine, surtout si la taille de la piscine est grande. Faites le traitement de l\u2019eau avec du chlore. Vous devez \u00e9galement la prot\u00e9ger avec l\u2019installation d\u2019un volet roulant qui servira de couverture de piscine. Il vous faut aussi une b\u00e2che, surtout pendant l\u2019hivernage.<\/span><\/p>\n<p><span style=\"font-weight: 400;\">Par ailleurs, dans ce type de piscine, la temp\u00e9rature change constamment \u00e0 cause de la rotation permanente de l\u2019eau. Vous devez donc maintenir l\u2019eau \u00e0 une temp\u00e9rature ambiante favorable \u00e0 la nage.<\/span><\/p>\n<p><span style=\"font-weight: 400;\">Pour les nageurs professionnels, la temp\u00e9rature ad\u00e9quate peut \u00eatre connue rien qu\u2019au contact de l\u2019eau. Pour les moins exp\u00e9riment\u00e9s, l\u2019usage d\u2019un thermom\u00e8tre est recommand\u00e9.<\/span><\/p>\n<\/div><\/div><div class=\"w-separator size_medium\"><\/div><div class=\"w-btn-wrapper width_auto align_center\"><a class=\"w-btn us-btn-style_2\" title=\"Demander un devis\" href=\"https:\/\/devis.eldo.com\/piscine-new\/france?utm_source=gmb&amp;utm_medium=SEO&amp;utm_campaign=piscine-construction-debordement\"><span class=\"w-btn-label\">Expliquer mon projet<\/span><\/a><\/div><div class=\"w-separator size_medium\"><\/div><div class=\"w-image align_center\"><div class=\"w-image-h\"><img width=\"536\" height=\"400\" src=\"https:\/\/www.eldo.com\/guide\/wp-content\/uploads\/2022\/03\/piscine-aqualift-536x400.webp\" class=\"attachment-us_600_400 size-us_600_400\" alt=\"\" srcset=\"https:\/\/www.eldo.com\/guide\/wp-content\/uploads\/2022\/03\/piscine-aqualift-536x400.webp 536w, https:\/\/www.eldo.com\/guide\/wp-content\/uploads\/2022\/03\/piscine-aqualift-300x224.webp 300w, https:\/\/www.eldo.com\/guide\/wp-content\/uploads\/2022\/03\/piscine-aqualift.webp 680w\" sizes=\"(max-width: 536px) 100vw, 536px\" \/><\/div><\/div><div class=\"w-separator size_medium\"><\/div><div \" class=\"faq_question_container\"><h2 class=\"faq_question_title\">Combien co\u00fbte une piscine \u00e0 d\u00e9bordement\u2009?<\/h2><div class=\"faq_question_content\"><p><span style=\"font-weight: 400;\">La construction d\u2019une piscine \u00e0 d\u00e9bordement est nettement plus ch\u00e8re qu\u2019une piscine traditionnelle. Le prix d\u2019une piscine \u00e0 d\u00e9bordement varie entre 14\u2009000 et 18\u2009000\u00a0euros. Elle repr\u00e9sente un surplus de 20\u00a0% \u00e0 25\u00a0% en termes de valeur par rapport aux piscines traditionnelles.<\/span><\/p>\n<p><span style=\"font-weight: 400;\">Le co\u00fbt \u00e9lev\u00e9 de la piscine \u00e0 d\u00e9bordement est justifi\u00e9, car elle n\u00e9cessite l\u2019intervention d\u2019un pisciniste. Ce professionnel s\u2019assurera de l\u2019\u00e9tanch\u00e9it\u00e9, de la solidit\u00e9 et de la durabilit\u00e9 de votre piscine. Il s\u2019assurera \u00e9galement que celle-ci vous offre une vue panoramique.<\/span><\/p>\n<p><span style=\"font-weight: 400;\">En outre, ce type de piscine n\u00e9cessite de grands travaux de terrassement pour les deux bassins. L\u2019esth\u00e9tique \u00e9tant le grand atout de la piscine \u00e0 d\u00e9bordement, les travaux allant dans son sens doivent \u00eatre irr\u00e9prochables. \u00c0 d\u00e9faut de construire sa piscine, il faut opter pour une piscine en kit.<\/span><\/p>\n<\/div><\/div><\/div><\/div><\/div><\/div><\/div><\/section><section class=\"l-section wpb_row height_medium\"><div class=\"l-section-h i-cf\"><div class=\"g-cols vc_row type_default valign_top\"><div class=\"vc_col-sm-12 wpb_column vc_column_container\"><div class=\"vc_column-inner\"><div class=\"wpb_wrapper\"><div class=\"w-grid type_grid layout_portfolio_3 cols_3 valign_center ratio_1x1\" id=\"us_grid_1\"><style id=\"us_grid_1_css\">#us_grid_1 .w-grid-item{padding:1.5rem}#us_grid_1 .w-grid-list{margin:-1.5rem}.w-grid + #us_grid_1 .w-grid-list{margin-top:1.5rem}@media (max-width:899px){#us_grid_1 .w-grid-item{width:50.0000%}#us_grid_1 .w-grid-item.size_2x1,#us_grid_1 .w-grid-item.size_2x2{width:100.0000%}}@media (max-width:599px){#us_grid_1 .w-grid-list{margin:0}#us_grid_1 .w-grid-item{width:100.0000%;padding:0;margin-bottom:1.5rem}}<\/style><style>.layout_portfolio_3 .w-grid-item-h:before{padding-bottom:100.0000%}@media (min-width:600px){.layout_portfolio_3 .w-grid-item.size_1x2 .w-grid-item-h:before{padding-bottom:calc(200.0000% + 1.5rem + 1.5rem)}.layout_portfolio_3 .w-grid-item.size_2x1 .w-grid-item-h:before{padding-bottom:calc(50.0000% - 1.5rem * 1.0000)}.layout_portfolio_3 .w-grid-item.size_2x2 .w-grid-item-h:before{padding-bottom:calc(100.0000% - 1.5rem * 0)}}.layout_portfolio_3 .w-grid-item-h{}.layout_portfolio_3 .usg_post_image_1{transition-duration:0.4s;transform-origin:50% 50%;transform:scale(1) translate(0,0);opacity:0.25}.layout_portfolio_3 .w-grid-item-h:hover .usg_post_image_1{transform:scale(1) translate(0,0);opacity:1}.layout_portfolio_3 .usg_post_title_1{transition-duration:0.3s;transform-origin:50% 50%;transform:scale(1) translate(0,0)}.layout_portfolio_3 .w-grid-item-h:hover .usg_post_title_1{transform:scale(1) translate(0,-100%);opacity:0}.layout_portfolio_3 .usg_post_taxonomy_1{transition-duration:0.3s;transform-origin:50% 50%;transform:scale(1) translate(0,0)}.layout_portfolio_3 .w-grid-item-h:hover .usg_post_taxonomy_1{transform:scale(1) translate(0,100%);opacity:0}.layout_portfolio_3 .usg_post_image_1{position:absolute!important;top:0!important;right:0!important;bottom:0!important;left:0!important}.layout_portfolio_3 .usg_vwrapper_1{position:absolute!important;top:0!important;right:0!important;bottom:0!important;left:0!important;padding:2rem!important}.layout_portfolio_3 .usg_post_title_1{color:inherit!important;font-size:1.4rem!important}<\/style><div class=\"w-grid-list\" >\t<article class=\"w-grid-item size_1x1 post-7681 page type-page status-publish has-post-thumbnail hentry\" data-id=\"7681\">\r\n\t\t<div class=\"w-grid-item-h\">\r\n\t\t\t\t\t\t\t<a class=\"w-grid-item-anchor\" href=\"https:\/\/www.eldo.com\/guide\/piscine\/construction\/type\/coque-vs-beton\" rel=\"bookmark\" aria-label=\"Piscine b\u00e9ton VS coque\"><\/a>\r\n\t\t\t\t\t\t<div class=\"w-post-elm post_image usg_post_image_1 stretched\"><img width=\"512\" height=\"288\" src=\"https:\/\/www.eldo.com\/guide\/wp-content\/uploads\/2022\/03\/Tanzanite-8-blanche.jpg\" class=\"attachment-large size-large wp-post-image\" alt=\"\" srcset=\"https:\/\/www.eldo.com\/guide\/wp-content\/uploads\/2022\/03\/Tanzanite-8-blanche.jpg 512w, https:\/\/www.eldo.com\/guide\/wp-content\/uploads\/2022\/03\/Tanzanite-8-blanche-300x169.jpg 300w, https:\/\/www.eldo.com\/guide\/wp-content\/uploads\/2022\/03\/Tanzanite-8-blanche-600x338.jpg 600w, https:\/\/www.eldo.com\/guide\/wp-content\/uploads\/2022\/03\/Tanzanite-8-blanche-800x450.jpg 800w\" sizes=\"(max-width: 512px) 100vw, 512px\" \/><\/div><div class=\"w-vwrapper usg_vwrapper_1 align_center valign_middle\"><h2 class=\"w-post-elm post_title usg_post_title_1 entry-title color_link_inherit has_text_color\">Piscine b\u00e9ton VS coque<\/h2><\/div>\t\t<\/div>\r\n\t<\/article>\r\n\t<article class=\"w-grid-item size_1x1 post-7648 page type-page status-publish has-post-thumbnail hentry\" data-id=\"7648\">\r\n\t\t<div class=\"w-grid-item-h\">\r\n\t\t\t\t\t\t\t<a class=\"w-grid-item-anchor\" href=\"https:\/\/www.eldo.com\/guide\/piscine\/construction\/type\/mirroir\" rel=\"bookmark\" aria-label=\"Piscine construction miroir\"><\/a>\r\n\t\t\t\t\t\t<div class=\"w-post-elm post_image usg_post_image_1 stretched\"><img width=\"426\" height=\"238\" src=\"https:\/\/www.eldo.com\/guide\/wp-content\/uploads\/2022\/03\/Capture-decran-2022-03-03-163337.png\" class=\"attachment-large size-large wp-post-image\" alt=\"\" srcset=\"https:\/\/www.eldo.com\/guide\/wp-content\/uploads\/2022\/03\/Capture-decran-2022-03-03-163337.png 426w, https:\/\/www.eldo.com\/guide\/wp-content\/uploads\/2022\/03\/Capture-decran-2022-03-03-163337-300x168.png 300w\" sizes=\"(max-width: 426px) 100vw, 426px\" \/><\/div><div class=\"w-vwrapper usg_vwrapper_1 align_center valign_middle\"><h2 class=\"w-post-elm post_title usg_post_title_1 entry-title color_link_inherit has_text_color\">Piscine construction miroir<\/h2><\/div>\t\t<\/div>\r\n\t<\/article>\r\n\t<article class=\"w-grid-item size_1x1 post-7602 page type-page status-publish has-post-thumbnail hentry\" data-id=\"7602\">\r\n\t\t<div class=\"w-grid-item-h\">\r\n\t\t\t\t\t\t\t<a class=\"w-grid-item-anchor\" href=\"https:\/\/www.eldo.com\/guide\/piscine\/construction\/type\/enterre\" rel=\"bookmark\" aria-label=\"Piscine construction enterr\u00e9e\"><\/a>\r\n\t\t\t\t\t\t<div class=\"w-post-elm post_image usg_post_image_1 stretched\"><img width=\"1024\" height=\"683\" src=\"https:\/\/www.eldo.com\/guide\/wp-content\/uploads\/2022\/03\/10-piscine-ecologique-biotop-1024x683.webp\" class=\"attachment-large size-large wp-post-image\" alt=\"\" srcset=\"https:\/\/www.eldo.com\/guide\/wp-content\/uploads\/2022\/03\/10-piscine-ecologique-biotop-1024x683.webp 1024w, https:\/\/www.eldo.com\/guide\/wp-content\/uploads\/2022\/03\/10-piscine-ecologique-biotop-300x200.webp 300w, https:\/\/www.eldo.com\/guide\/wp-content\/uploads\/2022\/03\/10-piscine-ecologique-biotop-600x400.webp 600w, https:\/\/www.eldo.com\/guide\/wp-content\/uploads\/2022\/03\/10-piscine-ecologique-biotop-800x533.webp 800w, https:\/\/www.eldo.com\/guide\/wp-content\/uploads\/2022\/03\/10-piscine-ecologique-biotop.webp 1500w\" sizes=\"(max-width: 1024px) 100vw, 1024px\" \/><\/div><div class=\"w-vwrapper usg_vwrapper_1 align_center valign_middle\"><h2 class=\"w-post-elm post_title usg_post_title_1 entry-title color_link_inherit has_text_color\">Piscine construction enterr\u00e9e<\/h2><\/div>\t\t<\/div>\r\n\t<\/article>\r\n<\/div><div class=\"w-grid-preloader\"><div class=\"g-preloader type_1\">\r\n\t<div><\/div>\r\n<\/div>\r\n<\/div>\t<div class=\"w-grid-json hidden\" onclick='return {&quot;action&quot;:&quot;us_ajax_grid&quot;,&quot;ajax_url&quot;:&quot;https:\\\/\\\/www.eldo.com\\\/guide\\\/wp-admin\\\/admin-ajax.php&quot;,&quot;infinite_scroll&quot;:0,&quot;max_num_pages&quot;:1,&quot;pagination&quot;:&quot;none&quot;,&quot;permalink_url&quot;:&quot;https:\\\/\\\/www.eldo.com\\\/guide\\\/wp-json\\\/wp\\\/v2\\\/pages\\\/7626&quot;,&quot;template_vars&quot;:{&quot;columns&quot;:&quot;3&quot;,&quot;exclude_items&quot;:&quot;none&quot;,&quot;img_size&quot;:&quot;default&quot;,&quot;ignore_items_size&quot;:false,&quot;items_layout&quot;:&quot;portfolio_3&quot;,&quot;items_offset&quot;:&quot;1&quot;,&quot;load_animation&quot;:&quot;none&quot;,&quot;overriding_link&quot;:&quot;post&quot;,&quot;post_id&quot;:7626,&quot;query_args&quot;:{&quot;ignore_sticky_posts&quot;:1,&quot;post_type&quot;:&quot;any&quot;,&quot;post__in&quot;:[&quot;7648&quot;,&quot;7602&quot;,&quot;7681&quot;],&quot;posts_per_page&quot;:&quot;10&quot;},&quot;orderby_query_args&quot;:{&quot;orderby&quot;:{&quot;date&quot;:&quot;DESC&quot;}},&quot;type&quot;:&quot;grid&quot;,&quot;us_grid_ajax_index&quot;:1,&quot;us_grid_filter_params&quot;:null,&quot;us_grid_index&quot;:1,&quot;_us_grid_post_type&quot;:&quot;ids&quot;}}'><\/div>\r\n\t<\/div><\/div><\/div><\/div><\/div><\/div><\/section><section class=\"l-section wpb_row us_custom_e91755c2 height_auto width_full with_overlay\"><div class=\"l-section-overlay\" style=\"background: #ebebeb\"><\/div><div class=\"l-section-h i-cf\"><div class=\"g-cols vc_row type_boxes valign_middle\"><div class=\"vc_col-sm-12 wpb_column vc_column_container has-fill\"><div class=\"vc_column-inner us_custom_83b80bb9\"><div class=\"wpb_wrapper\"><p class=\"w-itext us_custom_6df4bc3a type_typingChars align_center\" onclick='return {&quot;duration&quot;:300,&quot;delay&quot;:2000,&quot;disablePartAnimation&quot;:false,&quot;dynamicColor&quot;:&quot;#ffffff&quot;,&quot;html_nbsp_char&quot;:true}'>Je\u00a0cherche\u00a0un\u00a0pro\u00a0\u00e0\u00a0<span class=\"w-itext-part changesat_0 changesat_1 changesat_2 changesat_3 changesat_4 dynamic\" style=\"color:#ffffff\" onclick='return [&quot;Bordeaux&quot;,&quot;Toulouse&quot;,&quot;Paris&quot;,&quot;Nantes&quot;,&quot;Marseille&quot;]'><span>Bordeaux<\/span><i class=\"w-itext-cursor\"><\/i><\/span><\/p><div class=\"w-separator size_small\"><\/div><div class=\"w-btn-wrapper width_auto align_center\"><a class=\"w-btn us-btn-style_2\" title=\"Demander un devis\" href=\"https:\/\/devis.eldo.com\/piscine-new\/france?utm_source=gmb&amp;utm_medium=SEO&amp;utm_campaign=piscine-construction-debordement\"><span class=\"w-btn-label\">Trouver un pro de confiance<\/span><\/a><\/div><\/div><\/div><\/div><\/div><\/div><\/section>\n","protected":false},"excerpt":{"rendered":"Pourquoi choisir une piscine enterr\u00e9e\u00a0? Guides travauxPages Bien que la piscine hors sol vous permette de profiter des plaisirs de la baignade, elle ne vous donnera qu\u2019un avant-go\u00fbt du bonheur d\u2019installer une piscine d\u00e9finitive. Pour preuve, beaucoup de propri\u00e9taires de piscine gonflable ou piscine tubulaire examinent les possibilit\u00e9s d\u2019investir dans une piscine enterr\u00e9e ou \u00e0...","protected":false},"author":5,"featured_media":7792,"parent":7576,"menu_order":0,"comment_status":"closed","ping_status":"closed","template":"","meta":[],"page_tags":[],"_links":{"self":[{"href":"https:\/\/www.eldo.com\/guide\/wp-json\/wp\/v2\/pages\/7626"}],"collection":[{"href":"https:\/\/www.eldo.com\/guide\/wp-json\/wp\/v2\/pages"}],"about":[{"href":"https:\/\/www.eldo.com\/guide\/wp-json\/wp\/v2\/types\/page"}],"author":[{"embeddable":true,"href":"https:\/\/www.eldo.com\/guide\/wp-json\/wp\/v2\/users\/5"}],"replies":[{"embeddable":true,"href":"https:\/\/www.eldo.com\/guide\/wp-json\/wp\/v2\/comments?post=7626"}],"version-history":[{"count":10,"href":"https:\/\/www.eldo.com\/guide\/wp-json\/wp\/v2\/pages\/7626\/revisions"}],"predecessor-version":[{"id":10430,"href":"https:\/\/www.eldo.com\/guide\/wp-json\/wp\/v2\/pages\/7626\/revisions\/10430"}],"up":[{"embeddable":true,"href":"https:\/\/www.eldo.com\/guide\/wp-json\/wp\/v2\/pages\/7576"}],"wp:featuredmedia":[{"embeddable":true,"href":"https:\/\/www.eldo.com\/guide\/wp-json\/wp\/v2\/media\/7792"}],"wp:attachment":[{"href":"https:\/\/www.eldo.com\/guide\/wp-json\/wp\/v2\/media?parent=7626"}],"wp:term":[{"taxonomy":"page_tags","embeddable":true,"href":"https:\/\/www.eldo.com\/guide\/wp-json\/wp\/v2\/page_tags?post=7626"}],"curies":[{"name":"wp","href":"https:\/\/api.w.org\/{rel}","templated":true}]}}