{"id":7112,"date":"2022-02-09T14:09:08","date_gmt":"2022-02-09T14:09:08","guid":{"rendered":"https:\/\/www.eldo.com\/guide\/?page_id=7112"},"modified":"2023-11-23T11:14:00","modified_gmt":"2023-11-23T11:14:00","slug":"veranda-decoration","status":"publish","type":"page","link":"https:\/\/www.eldo.com\/guide\/veranda\/decoration","title":{"rendered":"D\u00e9coration d&rsquo;une v\u00e9randa"},"content":{"rendered":"<section class=\"l-section wpb_row us_custom_e4eb24e1 height_auto width_full with_overlay\"><div class=\"l-section-overlay\" style=\"background: #ffffff\"><\/div><div class=\"l-section-h i-cf\"><div class=\"g-cols vc_row type_boxes valign_middle gap-10px\"><style>.g-cols.gap-10px{margin:0 -10px}.gap-10px > .vc_column_container {padding:10px}<\/style><div class=\"vc_col-sm-12 wpb_column vc_column_container has-fill has_text_color\"><div class=\"vc_column-inner us_custom_8ca2b7e3\"><div class=\"wpb_wrapper\"><div class=\"wpb_text_column us_custom_cef92e06 has_text_color\" ><div class=\"wpb_wrapper\"><h1 style=\"text-align: center;\">Comment d\u00e9corer une v\u00e9randa ?<\/h1>\n<\/div><\/div><div class=\"w-separator size_medium\"><\/div><ol class=\"g-breadcrumbs us_custom_cef92e06 separator_icon align_left has_text_color\"><li class=\"g-breadcrumbs-item\"><a href=\"https:\/\/www.eldo.com\/guide\/\">Guides travaux<\/a><meta content=\"1\"\/><\/li><li class=\"g-breadcrumbs-separator\"><i class=\"far fa-angle-right\"><\/i><\/li><li class=\"g-breadcrumbs-item\">Pages<\/li><\/ol><\/div><\/div><\/div><div class=\"vc_col-sm-12 wpb_column vc_column_container\"><div class=\"vc_column-inner\"><div class=\"wpb_wrapper\"><div class=\"wpb_text_column us_custom_ae99f6aa has_text_color\" ><div class=\"wpb_wrapper\">\n<\/div><\/div><div class=\"wpb_text_column us_custom_ae99f6aa has_text_color\" ><div class=\"wpb_wrapper\"><p><span style=\"font-weight: 400;\">La d\u00e9coration de votre v\u00e9randa se fait g\u00e9n\u00e9ralement en fonction de son orientation, de ses dimensions, de sa structure, mais surtout de l\u2019utilisation que vous en ferez. Qu\u2019il s\u2019agisse d\u2019une salle \u00e0 manger, d\u2019un jardin d\u2019hiver ou simplement d\u2019un salon, le style et les objets de d\u00e9corations devront \u00eatre adapt\u00e9s \u00e0 son usage.<\/span><\/p>\n<p><span style=\"font-weight: 400;\">Ainsi, vous pourrez vous inspirer des diff\u00e9rents styles de d\u00e9corations pour apporter \u00e0 votre espace de vie un cachet rustique, un style vintage ou un salon cosy. Peu importe le mat\u00e9riau de sa structure, PVC, alu ou m\u00eame inox, la v\u00e9randa a besoin d\u2019am\u00e9nagements int\u00e9rieurs pour la valoriser.<\/span><\/p>\n<p><span style=\"font-weight: 400;\">Nos conseils pour bien d\u00e9corer votre v\u00e9randa.<\/span><\/p>\n<\/div><\/div><div class=\"w-separator size_medium\"><\/div><div class=\"w-image align_center\"><div class=\"w-image-h\"><img width=\"512\" height=\"341\" src=\"https:\/\/www.eldo.com\/guide\/wp-content\/uploads\/2022\/02\/vrideau_architekt_2019_lamoureux_300rvb-16-.jpg-1920px-635x423-1.jpg\" class=\"attachment-large size-large\" alt=\"\" srcset=\"https:\/\/www.eldo.com\/guide\/wp-content\/uploads\/2022\/02\/vrideau_architekt_2019_lamoureux_300rvb-16-.jpg-1920px-635x423-1.jpg 512w, https:\/\/www.eldo.com\/guide\/wp-content\/uploads\/2022\/02\/vrideau_architekt_2019_lamoureux_300rvb-16-.jpg-1920px-635x423-1-300x200.jpg 300w, https:\/\/www.eldo.com\/guide\/wp-content\/uploads\/2022\/02\/vrideau_architekt_2019_lamoureux_300rvb-16-.jpg-1920px-635x423-1-600x400.jpg 600w\" sizes=\"(max-width: 512px) 100vw, 512px\" \/><\/div><\/div><\/div><\/div><\/div><\/div><\/div><\/section><section class=\"l-section wpb_row height_auto width_full with_overlay\"><div class=\"l-section-overlay\" style=\"background: #ffffff\"><\/div><div class=\"l-section-h i-cf\"><div class=\"g-cols vc_row type_boxes valign_middle gap-10px\"><style>.g-cols.gap-10px{margin:0 -10px}.gap-10px > .vc_column_container {padding:10px}<\/style><div class=\"vc_col-sm-12 wpb_column vc_column_container has-fill\"><div class=\"vc_column-inner us_custom_4fb9e5a3\"><div class=\"wpb_wrapper\"><div class=\"wpb_text_column\" ><div class=\"wpb_wrapper\"><h2>Conserver une harmonie entre la v\u00e9randa et les pi\u00e8ces voisines<\/h2>\n<p><span style=\"font-weight: 400;\">Bien que la v\u00e9randa soit une nouvelle pi\u00e8ce de vie qui fait r\u00eaver, son am\u00e9nagement n\u2019est pas vraiment des plus ais\u00e9s. En effet, la disposition des meubles dans cette nouvelle surface habitable se doit de conserver une certaine harmonie avec le reste du logement.\u00a0<\/span><\/p>\n<p><span style=\"font-weight: 400;\">Ainsi, il faudra, avant toute chose, conserver une certaine coh\u00e9rence entre votre extension de maison et les autres pi\u00e8ces. Dans le cas contraire, vous risquerez d\u2019installer un grand d\u00e9phasage dans la maison.\u00a0<\/span><\/p>\n<p><span style=\"font-weight: 400;\">Au-del\u00e0 de tout, gardez \u00e0 l\u2019esprit que la fonction que l\u2019on souhaite attribuer \u00e0 la v\u00e9randa influence grandement l\u2019am\u00e9nagement que vous y porterez. Mais, qu\u2019il s\u2019agisse d\u2019un salon, d\u2019une cuisine ou m\u00eame d\u2019une chambre, le plus important est de garder une parfaite harmonie entre les pi\u00e8ces adjacentes et la v\u00e9randa.\u00a0<\/span><\/p>\n<p><span style=\"font-weight: 400;\">L\u2019atout majeur de la v\u00e9randa est effectivement son ouverture sur les pi\u00e8ces voisines. Alors, conservez une symbiose entre les mat\u00e9riaux, les couleurs, mais \u00e9galement entre les rev\u00eatements du mur et du sol.<\/span><\/p>\n<p><span style=\"font-weight: 400;\">Tout comme l\u2019harmonie est importante lors de la <a href=\"https:\/\/www.eldo.com\/guide\/veranda\/construction\">construction<\/a> de votre v\u00e9randa, elle l\u2019est tout autant au moment de l\u2019am\u00e9nagement. Ainsi, faites marier les formes, les mat\u00e9riaux, les couleurs et les objets de votre v\u00e9randa \u00e0 la d\u00e9coration g\u00e9n\u00e9rale de votre maison.<\/span><\/p>\n<\/div><\/div><div class=\"w-separator size_medium\"><\/div><div \" class=\"faq_question_container\"><h2 class=\"faq_question_title\">Quel sol pour une v\u00e9randa ?<\/h2><div class=\"faq_question_content\"><p><span style=\"font-weight: 400;\">Repr\u00e9sentant un v\u00e9ritable trait d\u2019union entre votre jardin et l\u2019int\u00e9rieur, la surface de plancher est constamment malmen\u00e9e. En cons\u00e9quence, vous devez songer \u00e0 y poser un rev\u00eatement adapt\u00e9 \u00e0 sa fonction. La moquette est raisonnablement \u00e0 grandement \u00e9viter.\u00a0<\/span><\/p>\n<p><span style=\"font-weight: 400;\">Quant au parquet, cela d\u00e9pendra de sa r\u00e9sistance. Le parquet apporte de l\u2019authenticit\u00e9, mais il a besoin d\u2019\u00eatre particuli\u00e8rement r\u00e9sistant, en raison de la forte exposition de votre espace de vie \u00e0 l\u2019ext\u00e9rieur.\u00a0<\/span><\/p>\n<p><span style=\"font-weight: 400;\">L\u2019id\u00e9al sera alors le carrelage. En effet, le carrelage est plus adapt\u00e9 au sol d\u2019une v\u00e9randa, puisqu\u2019il est plus solide et plus facile d\u2019entretien. <\/span><\/p>\n<\/div><\/div><div class=\"w-separator size_medium\"><\/div><div \" class=\"faq_question_container\"><h2 class=\"faq_question_title\">Quels meubles pour une v\u00e9randa ?<\/h2><div class=\"faq_question_content\"><p><span style=\"font-weight: 400;\">Le choix du mobilier doit se faire en fonction du niveau de confort de votre v\u00e9randa. Lorsqu\u2019elle dispose d\u2019une bonne isolation thermique et sonore, ou bien lorsqu\u2019elle dispose d\u2019un syst\u00e8me de chauffage convenable, vous pourrez alors l\u2019am\u00e9nager identiquement au reste de la maison. Mais, attention, la v\u00e9randa, demeurant un espace en prise directe avec l\u2019ext\u00e9rieur, vous devez prendre plus de mesures pour la maintenir au propre.<\/span><\/p>\n<p><span style=\"font-weight: 400;\">Toutefois, \u00e9vitez d\u2019installer des meubles appuy\u00e9s contre le vitrage, cela risque de casser les vitres, et de plus, \u00e7a entrave la vision de l\u2019ext\u00e9rieur. De m\u00eame, vous devez \u00e9viter les meubles trop hauts qui vous couperont la vue.\u00a0<\/span><\/p>\n<p><span style=\"font-weight: 400;\">Avec toutes ces contraintes, il peut sembler difficile de trouver un mobilier id\u00e9al \u00e0 installer dans votre v\u00e9randa. Il vous sera n\u00e9cessaire de r\u00e9fl\u00e9chir en amont aux dimensions et styles se mariant parfaitement avec le mat\u00e9riau de la structure de votre nouvelle pi\u00e8ce.<\/span><\/p>\n<p><span style=\"font-weight: 400;\">Pr\u00e9f\u00e9rez les structures l\u00e9g\u00e8res, les fauteuils en rotin ou m\u00eame tout mobilier avec une ligne \u00e9pur\u00e9e. Par exemple, un mobilier avec des finitions de menuiserie apporte un cachet majestueux lorsque vous envisagez de construire une v\u00e9randa en bois. Vous pourrez ici y associer des stores coulissants.<\/span><\/p>\n<\/div><\/div><div class=\"w-separator size_medium\"><\/div><div class=\"w-btn-wrapper width_auto align_center\"><a class=\"w-btn us-btn-style_2\" title=\"Demander un devis\" href=\"https:\/\/devis.eldo.com\/veranda-new\/france?utm_source=gmb&amp;utm_medium=SEO&amp;utm_campaign=veranda-decoration\"><span class=\"w-btn-label\">Expliquer mon projet<\/span><\/a><\/div><div class=\"w-separator size_medium\"><\/div><div class=\"w-image align_center\"><div class=\"w-image-h\"><img width=\"509\" height=\"340\" src=\"https:\/\/www.eldo.com\/guide\/wp-content\/uploads\/2022\/02\/house-2608548__340.webp\" class=\"attachment-us_600_400 size-us_600_400\" alt=\"\" srcset=\"https:\/\/www.eldo.com\/guide\/wp-content\/uploads\/2022\/02\/house-2608548__340.webp 509w, https:\/\/www.eldo.com\/guide\/wp-content\/uploads\/2022\/02\/house-2608548__340-300x200.webp 300w\" sizes=\"(max-width: 509px) 100vw, 509px\" \/><\/div><\/div><div class=\"w-separator size_medium\"><\/div><div \" class=\"faq_question_container\"><h2 class=\"faq_question_title\">Que faire du mur restant ?<\/h2><div class=\"faq_question_content\"><p><span style=\"font-weight: 400;\">Le pan de mur restant peut \u00eatre maintenu, mais prenez soin de renforcer son \u00e9tanch\u00e9it\u00e9. Toutefois, lorsqu\u2019il ne repr\u00e9sente plus grand int\u00e9r\u00eat, vous ferez mieux de le doubler. Ce faisant, vous aurez la possibilit\u00e9 de le rendre lisse \u00e0 l\u2019image de n\u2019importe quel int\u00e9rieur.<\/span><\/p>\n<p><span style=\"font-weight: 400;\">Bien que l\u2019ossature des c\u00f4t\u00e9s de la v\u00e9randa soit en bois, en aluminium ou en acier, la structure de la v\u00e9randa est essentiellement en surfaces vitr\u00e9es\u00a0: baie vitr\u00e9e, vitrage fixe ou m\u00eame vitre coulissante. Vous pourrez choisir entre le polycarbonate ou le verre\u00a0; le premier se pr\u00e9sentant comme un excellent isolant thermique.\u00a0<\/span><\/p>\n<p><span style=\"font-weight: 400;\">Par ailleurs, le polycarbonate est beaucoup moins cher que le verre et est particuli\u00e8rement r\u00e9sistant aux chocs. En revanche, il demande un entretien plus fr\u00e9quent et est tr\u00e8s bruyant lors des intemp\u00e9ries.<\/span><\/p>\n<p><span style=\"font-weight: 400;\">La v\u00e9randa en verre, malgr\u00e9 son co\u00fbt plus \u00e9lev\u00e9, permet d\u2019apporter une meilleure luminosit\u00e9 et une r\u00e9sistance \u00e9nerg\u00e9tique optimale sur le long terme. Vous avez le choix, en fonction de votre budget, entre une large gamme de syst\u00e8mes de vitrage correspondant \u00e0 diff\u00e9rents degr\u00e9s de confort. Par exemple, le simple vitrage n\u2019apporte qu\u2019une isolation pr\u00e9caire lors de la saison froide \u00e0 cause de l\u2019effet loupe auquel il est fortement soumis. Il convient plus alors aux serres.\u00a0<\/span><\/p>\n<p><span style=\"font-weight: 400;\">Le double vitrage, quant \u00e0 lui, donne plus de r\u00e9sistance \u00e0 la structure. Cependant, il doit \u00eatre accompagn\u00e9 d\u2019un syst\u00e8me de chauffage efficace pour \u00e9viter tout pont thermique entre le sol et la toiture. Enfin, pr\u00e9f\u00e9rez un double vitrage avec traitement UV pour vous garantir une parfaite isolation en toute saison. L\u2019hiver, vous b\u00e9n\u00e9ficierez d\u2019une douce chaleur et d\u2019un bon ensoleillement, et l\u2019\u00e9t\u00e9, les rayons du soleil ne seront pas trop agressifs.<\/span><\/p>\n<\/div><\/div><div class=\"w-separator size_medium\"><\/div><div class=\"w-btn-wrapper width_auto align_center\"><a class=\"w-btn us-btn-style_2\" title=\"Demander un devis\" href=\"https:\/\/devis.eldo.com\/veranda-new\/france?utm_source=gmb&amp;utm_medium=SEO&amp;utm_campaign=veranda-decoration\"><span class=\"w-btn-label\">Demander un devis<\/span><\/a><\/div><div class=\"w-separator size_medium\"><\/div><div class=\"w-image align_center\"><div class=\"w-image-h\"><img width=\"512\" height=\"278\" src=\"https:\/\/www.eldo.com\/guide\/wp-content\/uploads\/2022\/02\/istockphoto-146862264-612x612-1.jpg\" class=\"attachment-large size-large\" alt=\"\" srcset=\"https:\/\/www.eldo.com\/guide\/wp-content\/uploads\/2022\/02\/istockphoto-146862264-612x612-1.jpg 512w, https:\/\/www.eldo.com\/guide\/wp-content\/uploads\/2022\/02\/istockphoto-146862264-612x612-1-300x163.jpg 300w, https:\/\/www.eldo.com\/guide\/wp-content\/uploads\/2022\/02\/istockphoto-146862264-612x612-1-600x325.jpg 600w\" sizes=\"(max-width: 512px) 100vw, 512px\" \/><\/div><\/div><div class=\"w-separator size_medium\"><\/div><div \" class=\"faq_question_container\"><h2 class=\"faq_question_title\">Que faire de la pi\u00e8ce initiale ?<\/h2><div class=\"faq_question_content\"><p><span style=\"font-weight: 400;\">La v\u00e9randa est g\u00e9n\u00e9ralement install\u00e9e comme extension de la maison ou simplement en remplacement d\u2019une autre pi\u00e8ce. Cette nouvelle pi\u00e8ce peut s\u2019am\u00e9nager en fonction des go\u00fbts de chacun. Attention, pour plus d\u2019efficacit\u00e9, il serait opportun de d\u00e9finir \u00e0 l\u2019avance l\u2019usage du nouvel espace afin de garantir la coh\u00e9rence dans l\u2019agencement de la maison.\u00a0<\/span><\/p>\n<h2>Plante v\u00e9randa<\/h2>\n<p><span style=\"font-weight: 400;\">Pour le <a href=\"https:\/\/www.eldo.com\/guide\/veranda\/decoration\/plante\">choix de plante<\/a> \u00e0 mettre dans votre v\u00e9randa, ici aussi, laissez libre cours \u00e0 votre imagination.<\/span><\/p>\n<p><span style=\"font-weight: 400;\">M\u00eame sans chauffage, la v\u00e9randa offre des ouvertures sur l\u2019int\u00e9rieur, lui permettant ainsi de b\u00e9n\u00e9ficier de la chaleur de la maison. Par ce fait, elle prot\u00e8ge convenablement les plantes de l\u2019exc\u00e8s d\u2019humidit\u00e9 et du gel durant l\u2019hiver.<\/span><\/p>\n<p><span style=\"font-weight: 400;\">Avec un syst\u00e8me de chauffage ou m\u00eame un chauffage d\u2019appoint, vous pourrez maintenir une chaleur optimale pour abriter des plantes exotiques. Prenez soin, toutefois, de ma\u00eetriser la croissance des plantes grimpantes afin d\u2019\u00e9viter une invasion et un sentiment d\u2019\u00e9touffement sur la toiture plate.<\/span><\/p>\n<h2>Inspiration Pinterest<\/h2>\n<p><span style=\"font-weight: 400;\">\u00c0 court d\u2019inspiration pour la d\u00e9coration de votre v\u00e9randa\u00a0? N\u2019h\u00e9sitez pas \u00e0 consulter des sites sp\u00e9cialis\u00e9s pour vous donner quelques id\u00e9es de d\u00e9co.\u00a0<\/span><\/p>\n<p><span style=\"font-weight: 400;\">Par exemple, sur Pinterest, vous trouverez des conseils et avis sur le mobilier de v\u00e9randa vous aidant \u00e0 en faire une v\u00e9ritable pi\u00e8ce de vie. \u00c9galement, vous pourrez b\u00e9n\u00e9ficier d\u2019avis, de conseils et d\u2019astuces afin de faire de votre pi\u00e8ce suppl\u00e9mentaire un espace lounge parfaitement confortable et disposant d\u2019une bonne isolation phonique.<\/span><\/p>\n<\/div><\/div><div class=\"w-separator size_medium\"><\/div><div class=\"w-btn-wrapper width_auto align_center\"><a class=\"w-btn us-btn-style_2\" title=\"Demander un devis\" href=\"https:\/\/devis.eldo.com\/veranda-new\/france?utm_source=gmb&amp;utm_medium=SEO&amp;utm_campaign=veranda-decoration\"><span class=\"w-btn-label\">Demander conseil<\/span><\/a><\/div><\/div><\/div><\/div><\/div><\/div><\/section><section class=\"l-section wpb_row height_medium\"><div class=\"l-section-h i-cf\"><div class=\"g-cols vc_row type_default valign_top\"><div class=\"vc_col-sm-12 wpb_column vc_column_container\"><div class=\"vc_column-inner\"><div class=\"wpb_wrapper\"><div class=\"w-grid type_grid layout_portfolio_3 cols_2 valign_center ratio_1x1\" id=\"us_grid_1\"><style id=\"us_grid_1_css\">#us_grid_1 .w-grid-item{padding:1.5rem}#us_grid_1 .w-grid-list{margin:-1.5rem}.w-grid + #us_grid_1 .w-grid-list{margin-top:1.5rem}@media (max-width:599px){#us_grid_1 .w-grid-list{margin:0}#us_grid_1 .w-grid-item{width:100.0000%;padding:0;margin-bottom:1.5rem}}<\/style><style>.layout_portfolio_3 .w-grid-item-h:before{padding-bottom:100.0000%}@media (min-width:600px){.layout_portfolio_3 .w-grid-item.size_1x2 .w-grid-item-h:before{padding-bottom:calc(200.0000% + 1.5rem + 1.5rem)}.layout_portfolio_3 .w-grid-item.size_2x1 .w-grid-item-h:before{padding-bottom:calc(50.0000% - 1.5rem * 1.0000)}.layout_portfolio_3 .w-grid-item.size_2x2 .w-grid-item-h:before{padding-bottom:calc(100.0000% - 1.5rem * 0)}}.layout_portfolio_3 .w-grid-item-h{}.layout_portfolio_3 .usg_post_image_1{transition-duration:0.4s;transform-origin:50% 50%;transform:scale(1) translate(0,0);opacity:0.25}.layout_portfolio_3 .w-grid-item-h:hover .usg_post_image_1{transform:scale(1) translate(0,0);opacity:1}.layout_portfolio_3 .usg_post_title_1{transition-duration:0.3s;transform-origin:50% 50%;transform:scale(1) translate(0,0)}.layout_portfolio_3 .w-grid-item-h:hover .usg_post_title_1{transform:scale(1) translate(0,-100%);opacity:0}.layout_portfolio_3 .usg_post_taxonomy_1{transition-duration:0.3s;transform-origin:50% 50%;transform:scale(1) translate(0,0)}.layout_portfolio_3 .w-grid-item-h:hover .usg_post_taxonomy_1{transform:scale(1) translate(0,100%);opacity:0}.layout_portfolio_3 .usg_post_image_1{position:absolute!important;top:0!important;right:0!important;bottom:0!important;left:0!important}.layout_portfolio_3 .usg_vwrapper_1{position:absolute!important;top:0!important;right:0!important;bottom:0!important;left:0!important;padding:2rem!important}.layout_portfolio_3 .usg_post_title_1{color:inherit!important;font-size:1.4rem!important}<\/style><div class=\"w-grid-list\" >\t<article class=\"w-grid-item size_1x1 post-7123 page type-page status-publish has-post-thumbnail hentry\" data-id=\"7123\">\r\n\t\t<div class=\"w-grid-item-h\">\r\n\t\t\t\t\t\t\t<a class=\"w-grid-item-anchor\" href=\"https:\/\/www.eldo.com\/guide\/veranda\/decoration\/plante\" rel=\"bookmark\" aria-label=\"V\u00e9randa d\u00e9coration plante\"><\/a>\r\n\t\t\t\t\t\t<div class=\"w-post-elm post_image usg_post_image_1 stretched\"><img width=\"1024\" height=\"665\" src=\"https:\/\/www.eldo.com\/guide\/wp-content\/uploads\/2022\/02\/dj92_veranda_plantes_interieur_map_fr-1024x665.jpg\" class=\"attachment-large size-large wp-post-image\" alt=\"\" srcset=\"https:\/\/www.eldo.com\/guide\/wp-content\/uploads\/2022\/02\/dj92_veranda_plantes_interieur_map_fr-1024x665.jpg 1024w, https:\/\/www.eldo.com\/guide\/wp-content\/uploads\/2022\/02\/dj92_veranda_plantes_interieur_map_fr-300x195.jpg 300w, https:\/\/www.eldo.com\/guide\/wp-content\/uploads\/2022\/02\/dj92_veranda_plantes_interieur_map_fr-600x390.jpg 600w, https:\/\/www.eldo.com\/guide\/wp-content\/uploads\/2022\/02\/dj92_veranda_plantes_interieur_map_fr-800x519.jpg 800w, https:\/\/www.eldo.com\/guide\/wp-content\/uploads\/2022\/02\/dj92_veranda_plantes_interieur_map_fr.jpg 512w\" sizes=\"(max-width: 1024px) 100vw, 1024px\" \/><\/div><div class=\"w-vwrapper usg_vwrapper_1 align_center valign_middle\"><h2 class=\"w-post-elm post_title usg_post_title_1 entry-title color_link_inherit has_text_color\">V\u00e9randa d\u00e9coration plante<\/h2><\/div>\t\t<\/div>\r\n\t<\/article>\r\n<\/div><div class=\"w-grid-preloader\"><div class=\"g-preloader type_1\">\r\n\t<div><\/div>\r\n<\/div>\r\n<\/div>\t<div class=\"w-grid-json hidden\" onclick='return {&quot;action&quot;:&quot;us_ajax_grid&quot;,&quot;ajax_url&quot;:&quot;https:\\\/\\\/www.eldo.com\\\/guide\\\/wp-admin\\\/admin-ajax.php&quot;,&quot;infinite_scroll&quot;:0,&quot;max_num_pages&quot;:1,&quot;pagination&quot;:&quot;none&quot;,&quot;permalink_url&quot;:&quot;https:\\\/\\\/www.eldo.com\\\/guide\\\/wp-json\\\/wp\\\/v2\\\/pages\\\/7112&quot;,&quot;template_vars&quot;:{&quot;columns&quot;:&quot;2&quot;,&quot;exclude_items&quot;:&quot;none&quot;,&quot;img_size&quot;:&quot;default&quot;,&quot;ignore_items_size&quot;:false,&quot;items_layout&quot;:&quot;portfolio_3&quot;,&quot;items_offset&quot;:&quot;1&quot;,&quot;load_animation&quot;:&quot;none&quot;,&quot;overriding_link&quot;:&quot;post&quot;,&quot;post_id&quot;:7112,&quot;query_args&quot;:{&quot;ignore_sticky_posts&quot;:1,&quot;post_type&quot;:&quot;any&quot;,&quot;post__in&quot;:[&quot;7123&quot;],&quot;posts_per_page&quot;:&quot;10&quot;},&quot;orderby_query_args&quot;:{&quot;orderby&quot;:{&quot;date&quot;:&quot;DESC&quot;}},&quot;type&quot;:&quot;grid&quot;,&quot;us_grid_ajax_index&quot;:1,&quot;us_grid_filter_params&quot;:null,&quot;us_grid_index&quot;:1,&quot;_us_grid_post_type&quot;:&quot;ids&quot;}}'><\/div>\r\n\t<\/div><\/div><\/div><\/div><\/div><\/div><\/section><section class=\"l-section wpb_row us_custom_e91755c2 height_auto width_full with_overlay\"><div class=\"l-section-overlay\" style=\"background: #ebebeb\"><\/div><div class=\"l-section-h i-cf\"><div class=\"g-cols vc_row type_boxes valign_middle\"><div class=\"vc_col-sm-12 wpb_column vc_column_container has-fill\"><div class=\"vc_column-inner us_custom_743acecb\"><div class=\"wpb_wrapper\"><p class=\"w-itext us_custom_6df4bc3a type_typingChars align_center\" onclick='return {&quot;duration&quot;:300,&quot;delay&quot;:2000,&quot;disablePartAnimation&quot;:false,&quot;dynamicColor&quot;:&quot;#ffffff&quot;,&quot;html_nbsp_char&quot;:true}'>Je\u00a0cherche\u00a0un\u00a0pro\u00a0\u00e0\u00a0<span class=\"w-itext-part changesat_0 changesat_1 changesat_2 changesat_3 changesat_4 dynamic\" style=\"color:#ffffff\" onclick='return [&quot;Bordeaux&quot;,&quot;Toulouse&quot;,&quot;Paris&quot;,&quot;Nantes&quot;,&quot;Marseille&quot;]'><span>Bordeaux<\/span><i class=\"w-itext-cursor\"><\/i><\/span><\/p><div class=\"w-separator size_medium\"><\/div><div class=\"w-btn-wrapper width_auto align_center\"><a class=\"w-btn us-btn-style_2\" title=\"Demander un devis\" href=\"https:\/\/devis.eldo.com\/veranda-new\/france?utm_source=gmb&amp;utm_medium=SEO&amp;utm_campaign=veranda-decoration\"><span class=\"w-btn-label\">Trouver un pro de confiance<\/span><\/a><\/div><\/div><\/div><\/div><\/div><\/div><\/section>\n","protected":false},"excerpt":{"rendered":"Quelle plante choisir pour une v\u00e9randa\u2009? Guides travauxPages La d\u00e9coration de votre v\u00e9randa se fait g\u00e9n\u00e9ralement en fonction de son orientation, de ses dimensions, de sa structure, mais surtout de l\u2019utilisation que vous en ferez. Qu\u2019il s\u2019agisse d\u2019une salle \u00e0 manger, d\u2019un jardin d\u2019hiver ou simplement d\u2019un salon, le style et les objets de d\u00e9corations...","protected":false},"author":5,"featured_media":6983,"parent":6962,"menu_order":0,"comment_status":"closed","ping_status":"closed","template":"","meta":[],"page_tags":[],"_links":{"self":[{"href":"https:\/\/www.eldo.com\/guide\/wp-json\/wp\/v2\/pages\/7112"}],"collection":[{"href":"https:\/\/www.eldo.com\/guide\/wp-json\/wp\/v2\/pages"}],"about":[{"href":"https:\/\/www.eldo.com\/guide\/wp-json\/wp\/v2\/types\/page"}],"author":[{"embeddable":true,"href":"https:\/\/www.eldo.com\/guide\/wp-json\/wp\/v2\/users\/5"}],"replies":[{"embeddable":true,"href":"https:\/\/www.eldo.com\/guide\/wp-json\/wp\/v2\/comments?post=7112"}],"version-history":[{"count":13,"href":"https:\/\/www.eldo.com\/guide\/wp-json\/wp\/v2\/pages\/7112\/revisions"}],"predecessor-version":[{"id":10284,"href":"https:\/\/www.eldo.com\/guide\/wp-json\/wp\/v2\/pages\/7112\/revisions\/10284"}],"up":[{"embeddable":true,"href":"https:\/\/www.eldo.com\/guide\/wp-json\/wp\/v2\/pages\/6962"}],"wp:featuredmedia":[{"embeddable":true,"href":"https:\/\/www.eldo.com\/guide\/wp-json\/wp\/v2\/media\/6983"}],"wp:attachment":[{"href":"https:\/\/www.eldo.com\/guide\/wp-json\/wp\/v2\/media?parent=7112"}],"wp:term":[{"taxonomy":"page_tags","embeddable":true,"href":"https:\/\/www.eldo.com\/guide\/wp-json\/wp\/v2\/page_tags?post=7112"}],"curies":[{"name":"wp","href":"https:\/\/api.w.org\/{rel}","templated":true}]}}