{"id":7110,"date":"2022-02-09T13:09:55","date_gmt":"2022-02-09T13:09:55","guid":{"rendered":"https:\/\/www.eldo.com\/guide\/?page_id=7110"},"modified":"2023-11-24T09:54:34","modified_gmt":"2023-11-24T09:54:34","slug":"veranda-aide-financement","status":"publish","type":"page","link":"https:\/\/www.eldo.com\/guide\/veranda\/construction\/financement\/aide","title":{"rendered":"V\u00e9randa aide financement"},"content":{"rendered":"<section class=\"l-section wpb_row us_custom_e4eb24e1 height_auto width_full with_overlay\"><div class=\"l-section-overlay\" style=\"background: #ffffff\"><\/div><div class=\"l-section-h i-cf\"><div class=\"g-cols vc_row type_boxes valign_middle gap-10px\"><style>.g-cols.gap-10px{margin:0 -10px}.gap-10px > .vc_column_container {padding:10px}<\/style><div class=\"vc_col-sm-12 wpb_column vc_column_container has-fill has_text_color\"><div class=\"vc_column-inner us_custom_7e0f02d7\"><div class=\"wpb_wrapper\"><div class=\"wpb_text_column us_custom_cef92e06 has_text_color\" ><div class=\"wpb_wrapper\"><h1 style=\"text-align: center;\">Quelles aides pour la construction d\u2019une v\u00e9randa\u00a0?<\/h1>\n<\/div><\/div><div class=\"w-separator size_medium\"><\/div><ol class=\"g-breadcrumbs us_custom_cef92e06 separator_icon align_left has_text_color\"><li class=\"g-breadcrumbs-item\"><a href=\"https:\/\/www.eldo.com\/guide\/\">Guides travaux<\/a><meta content=\"1\"\/><\/li><li class=\"g-breadcrumbs-separator\"><i class=\"far fa-angle-right\"><\/i><\/li><li class=\"g-breadcrumbs-item\">Pages<\/li><\/ol><\/div><\/div><\/div><div class=\"vc_col-sm-12 wpb_column vc_column_container\"><div class=\"vc_column-inner\"><div class=\"wpb_wrapper\"><div class=\"wpb_text_column us_custom_ae99f6aa has_text_color\" ><div class=\"wpb_wrapper\">\n<\/div><\/div><div class=\"wpb_text_column us_custom_ae99f6aa has_text_color\" ><div class=\"wpb_wrapper\"><p><span style=\"font-weight: 400;\">Vous vous \u00eates finalement d\u00e9cid\u00e9 \u00e0 d\u00e9marrer les travaux de construction de la v\u00e9randa que vous avez tant voulue\u00a0! En fonction du type de v\u00e9randa, que vous envisagez d\u2019installer, de ses mat\u00e9riaux et de ses fonctionnalit\u00e9s, votre projet peut voir son incidence financi\u00e8re peser lourdement sur votre budget.\u00a0<\/span><\/p>\n<p><span style=\"font-weight: 400;\">Aussi, qu\u2019il s\u2019agisse d\u2019une v\u00e9randa alu, d\u2019une v\u00e9randa bois ou m\u00eame d\u2019une v\u00e9randa en PVC, vous ne devez pas perdre de vue les \u00e9ventuels co\u00fbts des d\u00e9marches administratives. Ces formalit\u00e9s obligatoires pourront, en effet, demander des d\u00e9penses qui entreront dans le prix de votre v\u00e9randa.<\/span><\/p>\n<p><span style=\"font-weight: 400;\">En cons\u00e9quence, faire construire une v\u00e9randa dans votre maison peut s\u2019av\u00e9rer assez on\u00e9reux, une v\u00e9randa de 20 m\u00e8tres carr\u00e9s pourra vous revenir aux alentours de 25<\/span><span style=\"font-weight: 400;\">\u2009<\/span><span style=\"font-weight: 400;\">000\u00a0euros. Il vous faudra alors trouver des aides ou un moyen de <a href=\"https:\/\/www.eldo.com\/guide\/veranda\/construction\/financement\">financement<\/a> si vous disposez de revenus modestes. De plus, les aides vous permettront de faire des \u00e9conomies consid\u00e9rables.<\/span><\/p>\n<p><span style=\"font-weight: 400;\">Heureusement, l\u2019\u00c9tat a mis en place un syst\u00e8me permettant d\u2019apporter une aide financi\u00e8re, en vue d\u2019accompagner le financement des travaux de construction d\u2019une v\u00e9randa. Pour b\u00e9n\u00e9ficier d\u2019aides, certaines conditions sont exig\u00e9es, dont la pr\u00e9carit\u00e9.<\/span><\/p>\n<p><span style=\"font-weight: 400;\">Tour d\u2019horizon des diff\u00e9rentes aides pour construire une v\u00e9randa.<\/span><\/p>\n<\/div><\/div><div class=\"w-separator size_medium\"><\/div><div class=\"w-image align_center\"><div class=\"w-image-h\"><img width=\"600\" height=\"400\" src=\"https:\/\/www.eldo.com\/guide\/wp-content\/uploads\/2022\/02\/828690_9555d52c7bfe47209206dea165d68cab_mv2-1-600x400.webp\" class=\"attachment-us_600_400 size-us_600_400\" alt=\"\" srcset=\"https:\/\/www.eldo.com\/guide\/wp-content\/uploads\/2022\/02\/828690_9555d52c7bfe47209206dea165d68cab_mv2-1-600x400.webp 600w, https:\/\/www.eldo.com\/guide\/wp-content\/uploads\/2022\/02\/828690_9555d52c7bfe47209206dea165d68cab_mv2-1-300x199.webp 300w, https:\/\/www.eldo.com\/guide\/wp-content\/uploads\/2022\/02\/828690_9555d52c7bfe47209206dea165d68cab_mv2-1-800x532.webp 800w, https:\/\/www.eldo.com\/guide\/wp-content\/uploads\/2022\/02\/828690_9555d52c7bfe47209206dea165d68cab_mv2-1.webp 925w\" sizes=\"(max-width: 600px) 100vw, 600px\" \/><\/div><\/div><\/div><\/div><\/div><\/div><\/div><\/section><section class=\"l-section wpb_row height_auto width_full with_overlay\"><div class=\"l-section-overlay\" style=\"background: #ffffff\"><\/div><div class=\"l-section-h i-cf\"><div class=\"g-cols vc_row type_boxes valign_middle gap-10px\"><style>.g-cols.gap-10px{margin:0 -10px}.gap-10px > .vc_column_container {padding:10px}<\/style><div class=\"vc_col-sm-12 wpb_column vc_column_container has-fill\"><div class=\"vc_column-inner us_custom_4fb9e5a3\"><div class=\"wpb_wrapper\"><div class=\"wpb_text_column\" ><div class=\"wpb_wrapper\"><h2>Cr\u00e9dit d\u2019imp\u00f4t pour la transition \u00e9nerg\u00e9tique<\/h2>\n<p><span style=\"font-weight: 400;\">Afin de favoriser la transition \u00e9cologique, un grand nombre de travaux de r\u00e9novation et de travaux de construction donnent droit \u00e0 un cr\u00e9dit d\u2019imp\u00f4t. Il s\u2019agit notamment de travaux favorisant le d\u00e9veloppement durable et les \u00e9conomies d\u2019\u00e9nergie. Au nombre de ces cr\u00e9dits d\u2019imp\u00f4t, on peut citer le Cr\u00e9dit d\u2019Imp\u00f4t pour la Transition \u00c9cologique (CITE). Il ne s\u2019agit pas d\u2019une exon\u00e9ration d\u2019imp\u00f4t, mais plut\u00f4t d\u2019un cr\u00e9dit pouvant aller jusqu\u2019\u00e0 40\u00a0% de votre imp\u00f4t.<\/span><\/p>\n<p><span style=\"font-weight: 400;\">Le Cr\u00e9dit d\u2019Imp\u00f4t pour la Transition \u00e9cologique est accord\u00e9 g\u00e9n\u00e9ralement lorsque les travaux portent sur la r\u00e9sidence principale, qu\u2019il s\u2019agisse d\u2019une maison individuelle ou d\u2019un appartement. De plus, que vous soyez propri\u00e9taire, locataire ou r\u00e9sident \u00e0 titre gratuit, vous pourrez b\u00e9n\u00e9ficier du CITE. Aussi, la construction de cette r\u00e9sidence doit-elle \u00eatre achev\u00e9e au moins deux ans avant la formulation de la demande d\u2019octroi du Cr\u00e9dit d\u2019Imp\u00f4t pour la Transition \u00e9cologique.\u00a0\u00a0<\/span><\/p>\n<p><span style=\"font-weight: 400;\">Toutefois, il y a \u00e0 faire une distinction entre les diff\u00e9rents travaux \u00e9ligibles et les frais r\u00e9alis\u00e9s lorsqu\u2019il s\u2019agit de l\u2019installation d\u2019une loggia ou d\u2019une v\u00e9randa. Par exemple, concernant votre projet de construction de v\u00e9randa, les d\u00e9penses li\u00e9es \u00e0 l\u2019achat du vitrage et des mat\u00e9riaux ne sont pas prises en compte. Toutefois, certains instruments et mat\u00e9riaux respectant des exigences techniques sp\u00e9cifiques pourront entrer en compte dans le Cr\u00e9dit d\u2019Imp\u00f4t pour la Transition \u00e9cologique. C\u2019est le cas par exemple des nouveaux vitrages \u00e0 isolation renforc\u00e9e pour les v\u00e9randas.<\/span><\/p>\n<p><span style=\"font-weight: 400;\">Il faut souligner que le remplacement d\u2019une v\u00e9randa d\u00e9j\u00e0 existante, remplacement total ou m\u00eame partiel, entre dans le cadre de travaux de r\u00e9novation. Ainsi, ces travaux sont parfaitement \u00e9ligibles pour l\u2019obtention du Cr\u00e9dit d\u2019Imp\u00f4t pour la Transition \u00e9cologique.<\/span><\/p>\n<h2>Subvention pour l\u2019am\u00e9lioration de l\u2019habitat (ANAH)<\/h2>\n<p><span style=\"font-weight: 400;\">La subvention pour l\u2019am\u00e9lioration de l\u2019habitat vise \u00e0 accompagner les travaux de r\u00e9novation sur un logement vieux de 15 ans au moins. Octroy\u00e9 en fonction de la nature des travaux et sous conditions de ressources sollicit\u00e9es, le montant de la subvention est variable, pouvant repr\u00e9senter jusqu\u2019\u00e0 20\u00a0% du co\u00fbt total des travaux. Toutefois, il ne saurait d\u00e9passer 30<\/span><span style=\"font-weight: 400;\">\u2009<\/span><span style=\"font-weight: 400;\">000\u00a0euros. Cette subvention entre dans le cadre du programme habiter mieux.<\/span><\/p>\n<p><span style=\"font-weight: 400;\">Les travaux \u00e9ligibles \u00e0 la subvention pour l\u2019am\u00e9lioration de l\u2019habitat sont ceux destin\u00e9s \u00e0 am\u00e9liorer la s\u00e9curit\u00e9, l\u2019accessibilit\u00e9, l\u2019isolation ou la performance thermique du logement. \u00c9galement, les travaux de r\u00e9novation \u00e9nerg\u00e9tique de votre v\u00e9randa pourront \u00eatre couverts par la subvention pour l\u2019am\u00e9lioration de l\u2019habitat.<\/span><\/p>\n<p><span style=\"font-weight: 400;\">Pour b\u00e9n\u00e9ficier de cette subvention, rapprochez-vous de l\u2019Agence Nationale pour l\u2019Am\u00e9lioration de l\u2019Habitat.\u00a0<\/span><\/p>\n<h2>Pass Travaux (Action Logement)<\/h2>\n<p><span style=\"font-weight: 400;\">Le Pass Travaux de Action Logement est un pr\u00eat mis en place en vue de financer les travaux de r\u00e9novation ou de construction d\u2019une v\u00e9randa. Le montant du pr\u00eat peut varier entre 7<\/span><span style=\"font-weight: 400;\">\u2009<\/span><span style=\"font-weight: 400;\">000 et 25<\/span><span style=\"font-weight: 400;\">\u2009<\/span><span style=\"font-weight: 400;\">000\u00a0euros en fonction des revenus des b\u00e9n\u00e9ficiaires et de la zone g\u00e9ographique d\u2019installation. Avec un taux d\u2019int\u00e9r\u00eat de 1,75\u00a0%, il a une dur\u00e9e de remboursement de 5 \u00e0 20 ans.\u00a0<\/span><\/p>\n<p><span style=\"font-weight: 400;\">Le Pass Travaux est destin\u00e9 aux travailleurs du secteur priv\u00e9 non agricole propri\u00e9taires ou m\u00eame locataires de leur r\u00e9sidence principale d\u00e9sireux de r\u00e9aliser des travaux d\u2019am\u00e9nagement. Cela concerne \u00e9galement le remplacement d\u2019une v\u00e9randa existante, remplacement partiel ou complet.\u00a0<\/span><\/p>\n<p><span style=\"font-weight: 400;\">Pour b\u00e9n\u00e9ficier du Pass Travaux, vous pouvez vous rapprocher de votre employeur dans le cas o\u00f9 votre entreprise serait membre du Comit\u00e9 Interprofessionnel du Logement, CIL. Dans tous les cas, vous pourrez vous rapprocher des organismes du r\u00e9seau Action Logement pour conna\u00eetre les conditions d\u2019\u00e9ligibilit\u00e9.<\/span><\/p>\n<\/div><\/div><div class=\"w-separator size_medium\"><\/div><div class=\"w-btn-wrapper width_auto align_center\"><a class=\"w-btn us-btn-style_2\" title=\"Demander un devis\" href=\"https:\/\/devis.eldo.com\/veranda-new\/france?utm_source=gmb&amp;utm_medium=SEO&amp;utm_campaign=veranda-construction-financement-aide\"><span class=\"w-btn-label\">Demander un devis<\/span><\/a><\/div><div class=\"w-separator size_medium\"><\/div><div class=\"w-image align_center\"><div class=\"w-image-h\"><img width=\"509\" height=\"340\" src=\"https:\/\/www.eldo.com\/guide\/wp-content\/uploads\/2022\/02\/cottage-1318073__340.jpg\" class=\"attachment-large size-large\" alt=\"\" srcset=\"https:\/\/www.eldo.com\/guide\/wp-content\/uploads\/2022\/02\/cottage-1318073__340.jpg 509w, https:\/\/www.eldo.com\/guide\/wp-content\/uploads\/2022\/02\/cottage-1318073__340-300x200.jpg 300w\" sizes=\"(max-width: 509px) 100vw, 509px\" \/><\/div><\/div><div class=\"w-separator size_medium\"><\/div><div class=\"wpb_text_column\" ><div class=\"wpb_wrapper\"><h2>TVA \u00e0 taux r\u00e9duit 10\u00a0%<\/h2>\n<p><span style=\"font-weight: 400;\">Tout comme le Cr\u00e9dit d\u2019Imp\u00f4t pour la Transition \u00e9cologique, la TVA \u00e0 taux r\u00e9duit de 10\u00a0% concerne les r\u00e9sidences principales dont la construction est termin\u00e9e depuis deux ans. Les travaux de r\u00e9novation ou de construction de v\u00e9randa \u00e9ligibles \u00e0 la TVA \u00e0 taux r\u00e9duit de 10\u00a0% sont les travaux d\u2019entretien principalement. \u00c9galement, les travaux qui portent sur une reconstruction des am\u00e9liorations ou des am\u00e9liorations thermiques, esth\u00e9tiques ou phoniques peuvent \u00eatre \u00e9ligibles \u00e0 la TVA \u00e0 taux r\u00e9duit de 10\u00a0%.\u00a0<\/span><\/p>\n<p><span style=\"font-weight: 400;\">Le remplacement, qu\u2019il soit partiel ou total, d\u2019une v\u00e9randa existante \u00e9tant consid\u00e9r\u00e9 comme des travaux de r\u00e9novation, il est \u00e9ligible \u00e0 la TVA \u00e0 taux r\u00e9duit 10\u00a0%. Par contre, pour ce qui est de la construction d\u2019une nouvelle v\u00e9randa dans une maison existante depuis plus de deux ans, il faut nuancer. En effet, la TVA \u00e0 taux r\u00e9duit de 10\u00a0% ne s\u2019applique que si votre surface de plancher est inf\u00e9rieure \u00e0 9 m\u00e8tres carr\u00e9s. Dans tous les autres cas, le taux reste inchang\u00e9.<\/span><\/p>\n<p><span style=\"font-weight: 400;\">Si vous voulez b\u00e9n\u00e9ficier d\u2019une TVA \u00e0 taux r\u00e9duit de 10\u00a0%, vous devrez, au pr\u00e9alable, remettre \u00e0 l\u2019entreprise charg\u00e9e de son installation une attestation confirmant le respect des conditions d\u2019application. En compl\u00e9ment, vous pourrez joindre l\u2019attestation annexe de la section V\u00e9randa du SNFA. La pr\u00e9sentation de cette attestation annexe n\u2019est pas obligatoire, mais est vivement recommand\u00e9e.\u00a0\u00a0<\/span><\/p>\n<h2>Pr\u00eat pour travaux d\u2019am\u00e9lioration de l\u2019habitat (CAF) : PAH<\/h2>\n<p><span style=\"font-weight: 400;\">Pour le financement de la construction de votre v\u00e9randa, vous pourrez b\u00e9n\u00e9ficier du Pr\u00eat \u00e0 l\u2019Am\u00e9lioration de l\u2019Habitat. Son obtention est beaucoup plus facile lorsque vous b\u00e9n\u00e9ficiez d\u00e9j\u00e0 de prestations familiales. Toutefois, votre demande sera rejet\u00e9e si vous b\u00e9n\u00e9ficiez d\u00e9j\u00e0 aides sociales telles que les APL, l\u2019AAH, le RSA, la prime d\u2019activit\u00e9 ou m\u00eame l\u2019ALS.<\/span><\/p>\n<p><span style=\"font-weight: 400;\">Dans la limite de 1067,14\u00a0euros, le PAH peut couvrir jusqu\u2019\u00e0 80\u00a0% des d\u00e9penses. Il ne s\u2019agit pas d\u2019un pr\u00eat \u00e0 taux z\u00e9ro, l\u2019int\u00e9r\u00eat s\u2019\u00e9l\u00e8ve en effet \u00e0 1\u00a0%. Enfin, il peut \u00eatre rembours\u00e9 en 36 mensualit\u00e9s \u00e9gales.<\/span><\/p>\n<p><span style=\"font-weight: 400;\">Pour obtenir un Pr\u00eat \u00e0 l\u2019Am\u00e9lioration de l\u2019Habitat, rapprochez-vous de votre structure de prestations familiales. Mais attention, retenez que la moiti\u00e9 de ce pr\u00eat sera vers\u00e9e \u00e0 la signature du contrat, apr\u00e8s pr\u00e9sentation de votre devis. L\u2019autre moiti\u00e9 du pr\u00eat sera vers\u00e9e \u00e0 la fin des travaux, sur pr\u00e9sentation des pi\u00e8ces justificatives.\u00a0<\/span><\/p>\n<h2>Aides financi\u00e8res pour l\u2019am\u00e9lioration de l\u2019habitat (caisses de retraite)<\/h2>\n<p><span style=\"font-weight: 400;\">Les aides pour l\u2019am\u00e9lioration de l\u2019habitat sont des aides financi\u00e8res destin\u00e9es aux personnes \u00e2g\u00e9es afin de les accompagner dans leur projet de construction ou de r\u00e9novation de v\u00e9randa.\u00a0<\/span><\/p>\n<p><span style=\"font-weight: 400;\">Ainsi, peuvent b\u00e9n\u00e9ficier de ces aides, les titulaires de pension du r\u00e9gime g\u00e9n\u00e9ral ayant la grande majorit\u00e9 de leur activit\u00e9 professionnelle dans ce r\u00e9gime. Ces aides couvrent les travaux d\u2019am\u00e9lioration de logement susceptibles d\u2019assurer et de pr\u00e9venir une perte d\u2019autonomie. \u00c9galement, elles prennent en charge les travaux visant \u00e0 am\u00e9liorer l\u2019isolation et la r\u00e9novation \u00e9nerg\u00e9tique du logement.\u00a0<\/span><\/p>\n<p><span style=\"font-weight: 400;\">Pour b\u00e9n\u00e9ficier du montant de l\u2019aide, vous devez vous rapprocher de l\u2019organisme qui s\u2019occupe de votre pension et formuler une demande d\u2019aide.<\/span><\/p>\n<\/div><\/div><div class=\"w-separator size_medium\"><\/div><div class=\"w-btn-wrapper width_auto align_center\"><a class=\"w-btn us-btn-style_2\" title=\"Demander un devis\" href=\"https:\/\/devis.eldo.com\/veranda-new\/france?utm_source=gmb&amp;utm_medium=SEO&amp;utm_campaign=veranda-construction-financement-aide\"><span class=\"w-btn-label\">Trouver un pro de confiance<\/span><\/a><\/div><\/div><\/div><\/div><\/div><\/div><\/section><section class=\"l-section wpb_row height_medium\"><div class=\"l-section-h i-cf\"><div class=\"g-cols vc_row type_default valign_top\"><div class=\"vc_col-sm-12 wpb_column vc_column_container\"><div class=\"vc_column-inner\"><div class=\"wpb_wrapper\"><\/div><\/div><\/div><\/div><\/div><\/section><section class=\"l-section wpb_row us_custom_e91755c2 height_auto width_full with_overlay\"><div class=\"l-section-overlay\" style=\"background: #ebebeb\"><\/div><div class=\"l-section-h i-cf\"><div class=\"g-cols vc_row type_boxes valign_middle\"><div class=\"vc_col-sm-12 wpb_column vc_column_container has-fill\"><div class=\"vc_column-inner us_custom_743acecb\"><div class=\"wpb_wrapper\"><p class=\"w-itext us_custom_6df4bc3a type_typingChars align_center\" onclick='return {&quot;duration&quot;:300,&quot;delay&quot;:2000,&quot;disablePartAnimation&quot;:false,&quot;dynamicColor&quot;:&quot;#ffffff&quot;,&quot;html_nbsp_char&quot;:true}'>Je\u00a0cherche\u00a0un\u00a0pro\u00a0\u00e0\u00a0<span class=\"w-itext-part changesat_0 changesat_1 changesat_2 changesat_3 changesat_4 dynamic\" style=\"color:#ffffff\" onclick='return [&quot;Bordeaux&quot;,&quot;Toulouse&quot;,&quot;Paris&quot;,&quot;Nantes&quot;,&quot;Marseille&quot;]'><span>Bordeaux<\/span><i class=\"w-itext-cursor\"><\/i><\/span><\/p><\/div><\/div><\/div><\/div><\/div><\/section>\n","protected":false},"excerpt":{"rendered":"Quelles aides pour la construction d\u2019une v\u00e9randa\u00a0? Guides travauxPages Vous vous \u00eates finalement d\u00e9cid\u00e9 \u00e0 d\u00e9marrer les travaux de construction de la v\u00e9randa que vous avez tant voulue\u00a0! En fonction du type de v\u00e9randa, que vous envisagez d\u2019installer, de ses mat\u00e9riaux et de ses fonctionnalit\u00e9s, votre projet peut voir son incidence financi\u00e8re peser lourdement sur...","protected":false},"author":5,"featured_media":6983,"parent":7104,"menu_order":0,"comment_status":"closed","ping_status":"closed","template":"","meta":[],"page_tags":[],"_links":{"self":[{"href":"https:\/\/www.eldo.com\/guide\/wp-json\/wp\/v2\/pages\/7110"}],"collection":[{"href":"https:\/\/www.eldo.com\/guide\/wp-json\/wp\/v2\/pages"}],"about":[{"href":"https:\/\/www.eldo.com\/guide\/wp-json\/wp\/v2\/types\/page"}],"author":[{"embeddable":true,"href":"https:\/\/www.eldo.com\/guide\/wp-json\/wp\/v2\/users\/5"}],"replies":[{"embeddable":true,"href":"https:\/\/www.eldo.com\/guide\/wp-json\/wp\/v2\/comments?post=7110"}],"version-history":[{"count":4,"href":"https:\/\/www.eldo.com\/guide\/wp-json\/wp\/v2\/pages\/7110\/revisions"}],"predecessor-version":[{"id":10292,"href":"https:\/\/www.eldo.com\/guide\/wp-json\/wp\/v2\/pages\/7110\/revisions\/10292"}],"up":[{"embeddable":true,"href":"https:\/\/www.eldo.com\/guide\/wp-json\/wp\/v2\/pages\/7104"}],"wp:featuredmedia":[{"embeddable":true,"href":"https:\/\/www.eldo.com\/guide\/wp-json\/wp\/v2\/media\/6983"}],"wp:attachment":[{"href":"https:\/\/www.eldo.com\/guide\/wp-json\/wp\/v2\/media?parent=7110"}],"wp:term":[{"taxonomy":"page_tags","embeddable":true,"href":"https:\/\/www.eldo.com\/guide\/wp-json\/wp\/v2\/page_tags?post=7110"}],"curies":[{"name":"wp","href":"https:\/\/api.w.org\/{rel}","templated":true}]}}