{"id":6928,"date":"2022-02-07T10:14:28","date_gmt":"2022-02-07T10:14:28","guid":{"rendered":"https:\/\/www.eldo.com\/guide\/?page_id=6928"},"modified":"2023-11-29T09:56:37","modified_gmt":"2023-11-29T09:56:37","slug":"pergola-installation","status":"publish","type":"page","link":"https:\/\/www.eldo.com\/guide\/pergola\/installation","title":{"rendered":"Pergola installation"},"content":{"rendered":"<section class=\"l-section wpb_row us_custom_e4eb24e1 height_auto width_full with_overlay\"><div class=\"l-section-overlay\" style=\"background: #ffffff\"><\/div><div class=\"l-section-h i-cf\"><div class=\"g-cols vc_row type_boxes valign_middle gap-10px\"><style>.g-cols.gap-10px{margin:0 -10px}.gap-10px > .vc_column_container {padding:10px}<\/style><div class=\"vc_col-sm-12 wpb_column vc_column_container has-fill has_text_color\"><div class=\"vc_column-inner us_custom_9e086689\"><div class=\"wpb_wrapper\"><div class=\"wpb_text_column us_custom_cef92e06 has_text_color\" ><div class=\"wpb_wrapper\"><h1 style=\"text-align: center;\"><span style=\"font-weight: 400;\">Comment installer une pergola ?<\/span><\/h1>\n<\/div><\/div><div class=\"w-separator size_medium\"><\/div><ol class=\"g-breadcrumbs us_custom_cef92e06 separator_icon align_left has_text_color\"><li class=\"g-breadcrumbs-item\"><a href=\"https:\/\/www.eldo.com\/guide\/\">Guides travaux<\/a><meta content=\"1\"\/><\/li><li class=\"g-breadcrumbs-separator\"><i class=\"far fa-angle-right\"><\/i><\/li><li class=\"g-breadcrumbs-item\">Pages<\/li><\/ol><\/div><\/div><\/div><div class=\"vc_col-sm-12 wpb_column vc_column_container\"><div class=\"vc_column-inner\"><div class=\"wpb_wrapper\"><div class=\"wpb_text_column us_custom_ae99f6aa has_text_color\" ><div class=\"wpb_wrapper\">\n<\/div><\/div><div class=\"wpb_text_column us_custom_ae99f6aa has_text_color\" ><div class=\"wpb_wrapper\"><p><span style=\"font-weight: 400;\">La pergola repr\u00e9sente un abri s\u00fbr qui nous assure confort et protection. Elle met \u00e0 notre disposition un espace de vie autant accueillant qu&rsquo;esth\u00e9tique. La facilit\u00e9 de son installation d\u00e9pend de sa structure. D\u00e9couvrons les types de pose de pergola et les \u00e9tapes n\u00e9cessaires pour r\u00e9ussir son installation.<\/span><\/p>\n<\/div><\/div><div class=\"w-separator size_medium\"><\/div><div class=\"w-image align_center\"><div class=\"w-image-h\"><img width=\"512\" height=\"339\" src=\"https:\/\/www.eldo.com\/guide\/wp-content\/uploads\/2022\/02\/istockphoto-509553708-612x612-1.jpg\" class=\"attachment-large size-large\" alt=\"\" srcset=\"https:\/\/www.eldo.com\/guide\/wp-content\/uploads\/2022\/02\/istockphoto-509553708-612x612-1.jpg 512w, https:\/\/www.eldo.com\/guide\/wp-content\/uploads\/2022\/02\/istockphoto-509553708-612x612-1-300x199.jpg 300w, https:\/\/www.eldo.com\/guide\/wp-content\/uploads\/2022\/02\/istockphoto-509553708-612x612-1-600x397.jpg 600w\" sizes=\"(max-width: 512px) 100vw, 512px\" \/><\/div><\/div><\/div><\/div><\/div><\/div><\/div><\/section><section class=\"l-section wpb_row height_auto width_full with_overlay\"><div class=\"l-section-overlay\" style=\"background: #ffffff\"><\/div><div class=\"l-section-h i-cf\"><div class=\"g-cols vc_row type_boxes valign_middle gap-10px\"><style>.g-cols.gap-10px{margin:0 -10px}.gap-10px > .vc_column_container {padding:10px}<\/style><div class=\"vc_col-sm-12 wpb_column vc_column_container has-fill\"><div class=\"vc_column-inner us_custom_4fb9e5a3\"><div class=\"wpb_wrapper\"><div class=\"wpb_text_column\" ><div class=\"wpb_wrapper\"><h2><span style=\"font-weight: 400;\">Les diff\u00e9rents types de pose d\u2019une pergola<\/span><\/h2>\n<p><span style=\"font-weight: 400;\">L\u2019ossature des pergolas adoss\u00e9es ou autoport\u00e9es diff\u00e8re d\u2019une pergola \u00e0 l\u2019autre. Quels sont les types de pergolas et quelles sont les caract\u00e9ristiques propres \u00e0 chacune d\u2019elles\u2009?<\/span><\/p>\n<h3><span style=\"font-weight: 400;\">Premier type\u00a0: la pergola adoss\u00e9e<\/span><\/h3>\n<p><span style=\"font-weight: 400;\">Ce mod\u00e8le de pergola est adoss\u00e9 au mur. Elle est g\u00e9n\u00e9ralement install\u00e9e au-dessus des terrasses ou des v\u00e9randas pour rechercher de l\u2019ombrage. Gr\u00e2ce \u00e0 ses fixations au mur, elle repr\u00e9sente une sorte de prolongement de la maison de l\u2019int\u00e9rieur vers l\u2019ext\u00e9rieur.\u00a0<\/span><\/p>\n<p><span style=\"font-weight: 400;\">La pergola adoss\u00e9e vous prot\u00e8ge contre les rayons du soleil, les vents violents et la pluie. Elle vous permet de profiter plus de votre ext\u00e9rieur. Tel un auvent, elle cr\u00e9e un nouvel espace, vous procurant une ventilation naturelle et une bonne luminosit\u00e9.<\/span><\/p>\n<h3><span style=\"font-weight: 400;\">Deuxi\u00e8me type\u00a0: la pergola autoportante<\/span><\/h3>\n<p><span style=\"font-weight: 400;\">La pergola autoport\u00e9e s\u2019installe g\u00e9n\u00e9ralement sur un espace ext\u00e9rieur isol\u00e9 \u00e0 votre maison. Elle est install\u00e9e dans des endroits comme votre jardin, au bord de votre piscine. La pergola autoportante vous permet de cr\u00e9er un espace de vie suppl\u00e9mentaire pour vous abriter des intemp\u00e9ries.<\/span><\/p>\n<p><span style=\"font-weight: 400;\">Les pergolas autoportantes sont esth\u00e9tiques et vous prot\u00e8gent contre le soleil. Elles sont pratiques en toutes saisons, quelles que soient les conditions climatiques. De plus, leurs goutti\u00e8res permettent l\u2019\u00e9vacuation des eaux de pluie.<\/span><\/p>\n<p><span style=\"font-weight: 400;\">Les pergolas sont des abris qui peuvent \u00eatre \u00e9quip\u00e9s de certaines options. Comme options, nous avons les rideaux, les stores. Cet am\u00e9nagement ext\u00e9rieur procure \u00e0 votre espace une bonne ventilation, tout en vous prot\u00e9geant des insectes.<\/span><\/p>\n<p><span style=\"font-weight: 400;\">Par ailleurs, les pergolas sont con\u00e7ues en plusieurs types de mat\u00e9riaux. Il y a la pergola en fer, la pergola en fer forg\u00e9, la pergola aluminium, la pergola en bois. Notons \u00e9galement que vous pouvez rendre vos pergolas bioclimatiques en les munissant de lames orientables.<\/span><\/p>\n<p><span style=\"font-weight: 400;\">La pergola bioclimatique dont la lame est orientable peut \u00eatre motoris\u00e9e et manipulable gr\u00e2ce \u00e0 une t\u00e9l\u00e9commande. Cette motorisation permet d\u2019actionner le m\u00e9canisme \u00e0 partir de n\u2019importe o\u00f9. La toiture d\u2019une pergola peut \u00eatre r\u00e9tractable, imperm\u00e9able, d\u00e9montable et avoir une bonne r\u00e9sistance au vent.<\/span><\/p>\n<p><span style=\"font-weight: 400;\">Vous pouvez am\u00e9nager votre pergola en un salon de jardin (avec des mobiliers de jardin), une tente de r\u00e9ception. Il est aussi possible de l\u2019am\u00e9nager en une tente de jardin, un abri de jardin ou un abri de terrasse.<\/span><\/p>\n<\/div><\/div><div class=\"w-separator size_medium\"><\/div><div class=\"w-btn-wrapper width_auto align_center\"><a class=\"w-btn us-btn-style_2\" title=\"Demander un devis\" href=\"https:\/\/devis.eldo.com\/pergola-new\/france?utm_source=gmb&amp;utm_medium=SEO&amp;utm_campaign=pergola-installation\"><span class=\"w-btn-label\">Demander conseil<\/span><\/a><\/div><div class=\"w-separator size_medium\"><\/div><div class=\"w-image align_center\"><div class=\"w-image-h\"><img width=\"452\" height=\"240\" src=\"https:\/\/www.eldo.com\/guide\/wp-content\/uploads\/2022\/01\/fond.jpg\" class=\"attachment-large size-large\" alt=\"\" srcset=\"https:\/\/www.eldo.com\/guide\/wp-content\/uploads\/2022\/01\/fond.jpg 452w, https:\/\/www.eldo.com\/guide\/wp-content\/uploads\/2022\/01\/fond-300x159.jpg 300w\" sizes=\"(max-width: 452px) 100vw, 452px\" \/><\/div><\/div><div class=\"w-separator size_medium\"><\/div><div \" class=\"faq_question_container\"><h2 class=\"faq_question_title\">Monter une pergola : comment faire\u2009?<\/h2><div class=\"faq_question_content\"><p><span style=\"font-weight: 400;\">Il est simple de construire une pergola. Quelles sont donc les \u00e9tapes de la pose de pergola\u2009?<\/span><\/p>\n<h3><span style=\"font-weight: 400;\">Tout pr\u00e9voir en amont<\/span><\/h3>\n<p><span style=\"font-weight: 400;\">La pergola m\u00e9tamorphose l\u2019aspect de votre r\u00e9sidence. Sa surface ne doit pas d\u00e9passer les 20\u00a0m\u00b2. Selon une <a href=\"https:\/\/www.eldo.com\/guide\/pergola\/installation\/legislation\">l\u00e9gislation<\/a>, si sa surface d\u00e9passe cette limite, il vous faudra alors un permis de construire.<\/span><\/p>\n<p><span style=\"font-weight: 400;\">Le montage d\u2019une pergola est un processus qui peut s\u2019av\u00e9rer long et p\u00e9nible quand vous ne savez pas vous y prendre. Donc, il est pr\u00e9f\u00e9rable de vous faire aider par un professionnel. Les pergolas peuvent se monter en une journ\u00e9e si vous \u00eates rapide.<\/span><\/p>\n<h3><span style=\"font-weight: 400;\">Fixer les piliers au sol<\/span><\/h3>\n<p><span style=\"font-weight: 400;\">Il y a 2 mani\u00e8res de fixer les piliers\u00a0:<\/span><\/p>\n<ol>\n<li style=\"font-weight: 400;\" aria-level=\"1\"><span style=\"font-weight: 400;\">Fixer la pergola sur un sol dur, sur un endroit comme votre terrasse par exemple. Pour ce faire, il faut\u00a0:<\/span><\/li>\n<\/ol>\n<ul>\n<li style=\"font-weight: 400;\" aria-level=\"1\"><span style=\"font-weight: 400;\">disposer d\u2019un m\u00e8tre \u00e0 ruban et d\u2019un marqueur pour marquer au sol les points o\u00f9 seront fix\u00e9s les piliers\u2009;<\/span><\/li>\n<li style=\"font-weight: 400;\" aria-level=\"1\"><span style=\"font-weight: 400;\">faire des trous dans le sol avec une perceuse et visser les platines au sol.<\/span><\/li>\n<\/ul>\n<h2><\/h2>\n<ol>\n<li style=\"font-weight: 400;\" aria-level=\"1\"><span style=\"font-weight: 400;\">Ensuite, installer la pergola directement sur le gazon. Avant de faire l\u2019installation, faire de petites fondations\u00a0s\u2019impose\u00a0:<\/span><\/li>\n<\/ol>\n<ul>\n<li style=\"font-weight: 400;\" aria-level=\"1\"><span style=\"font-weight: 400;\">vous devez vous assurer que le sol est bien plat\u2009;<\/span><\/li>\n<li style=\"font-weight: 400;\" aria-level=\"1\"><span style=\"font-weight: 400;\">creusez un trou de 30\u00a0cm de profondeur\u2009;<\/span><\/li>\n<li style=\"font-weight: 400;\" aria-level=\"1\"><span style=\"font-weight: 400;\">remplissez le trou avec du b\u00e9ton en le recouvrant, au pr\u00e9alable, avec du gravier\u2009;<\/span><\/li>\n<li style=\"font-weight: 400;\" aria-level=\"1\"><span style=\"font-weight: 400;\">vient la phase de bordage au cours de laquelle vous devez bien aplanir pour obtenir une fondation longitudinale\u2009;<\/span><\/li>\n<li style=\"font-weight: 400;\" aria-level=\"1\"><span style=\"font-weight: 400;\">utilisez un tube en PVC pour la phase de bordage\u2009;<\/span><\/li>\n<li style=\"font-weight: 400;\" aria-level=\"1\"><span style=\"font-weight: 400;\">enfoncez le tube dans le b\u00e9ton et dressez bien la surface avec une truelle\u2009;<\/span><\/li>\n<li style=\"font-weight: 400;\" aria-level=\"1\"><span style=\"font-weight: 400;\">laissez l\u2019installation s\u00e9cher pendant 3 semaines\u2009;<\/span><\/li>\n<li style=\"font-weight: 400;\" aria-level=\"1\"><span style=\"font-weight: 400;\">fixez les platines dans le b\u00e9ton apr\u00e8s le s\u00e9chage.<\/span><\/li>\n<\/ul>\n<h3><span style=\"font-weight: 400;\">La phase de montage d\u2019une pergola bois ou alu<\/span><\/h3>\n<p><span style=\"font-weight: 400;\">Apr\u00e8s les fixations de platines, il s\u2019ensuit la phase de montage de la structure. Vous vous doutez bien que les pergolas en kit seront plus faciles \u00e0 installer que les pergolas sur mesure. Donc, les pergolas en kit sont pour les non-experts.<\/span><\/p>\n<p><span style=\"font-weight: 400;\">Vous devez suivre la proc\u00e9dure pour monter votre pergola bois ou alu. Il est conseill\u00e9 de monter la structure au sol. Apr\u00e8s le montage, vous l\u2019embo\u00eeterez sur les poteaux. De cette mani\u00e8re, vous gagnez en s\u00fbret\u00e9 et en facilit\u00e9.<\/span><\/p>\n<p><span style=\"font-weight: 400;\">Par ailleurs, un travail suppl\u00e9mentaire sera fait lorsqu\u2019il s\u2019agira d\u2019une pergola adoss\u00e9e ou murale. En effet, la pergola adoss\u00e9e a comme support l\u2019un des murs de fa\u00e7ade de la maison. Pour la monter, il va falloir percer des trous dans votre mur pour arriver \u00e0 la fixer.<\/span><\/p>\n<p><span style=\"font-weight: 400;\">Assurez-vous de la solidit\u00e9 et de l\u2019\u00e9tanch\u00e9it\u00e9 de votre pergola pour \u00eatre s\u00fbr de sa durabilit\u00e9. Si vous rencontrez des difficult\u00e9s dans l\u2019installation de votre pergola, vous pouvez faire appel \u00e0 un professionnel pour vous aider.<\/span><\/p>\n<\/div><\/div><div class=\"w-separator size_small\"><\/div><div class=\"w-btn-wrapper width_auto align_center\"><a class=\"w-btn us-btn-style_2\" title=\"Demander un devis\" href=\"https:\/\/devis.eldo.com\/pergola-new\/france?utm_source=gmb&amp;utm_medium=SEO&amp;utm_campaign=pergola-installation\"><span class=\"w-btn-label\">Expliquer mon projet<\/span><\/a><\/div><\/div><\/div><\/div><\/div><\/div><\/section><section class=\"l-section wpb_row height_medium\"><div class=\"l-section-h i-cf\"><div class=\"g-cols vc_row type_default valign_top\"><div class=\"vc_col-sm-12 wpb_column vc_column_container\"><div class=\"vc_column-inner\"><div class=\"wpb_wrapper\"><div class=\"w-grid type_grid layout_portfolio_3 cols_3 valign_center ratio_1x1\" id=\"us_grid_1\"><style id=\"us_grid_1_css\">#us_grid_1 .w-grid-item{padding:1.5rem}#us_grid_1 .w-grid-list{margin:-1.5rem}.w-grid + #us_grid_1 .w-grid-list{margin-top:1.5rem}@media (max-width:899px){#us_grid_1 .w-grid-item{width:50.0000%}#us_grid_1 .w-grid-item.size_2x1,#us_grid_1 .w-grid-item.size_2x2{width:100.0000%}}@media (max-width:599px){#us_grid_1 .w-grid-list{margin:0}#us_grid_1 .w-grid-item{width:100.0000%;padding:0;margin-bottom:1.5rem}}<\/style><style>.layout_portfolio_3 .w-grid-item-h:before{padding-bottom:100.0000%}@media (min-width:600px){.layout_portfolio_3 .w-grid-item.size_1x2 .w-grid-item-h:before{padding-bottom:calc(200.0000% + 1.5rem + 1.5rem)}.layout_portfolio_3 .w-grid-item.size_2x1 .w-grid-item-h:before{padding-bottom:calc(50.0000% - 1.5rem * 1.0000)}.layout_portfolio_3 .w-grid-item.size_2x2 .w-grid-item-h:before{padding-bottom:calc(100.0000% - 1.5rem * 0)}}.layout_portfolio_3 .w-grid-item-h{}.layout_portfolio_3 .usg_post_image_1{transition-duration:0.4s;transform-origin:50% 50%;transform:scale(1) translate(0,0);opacity:0.25}.layout_portfolio_3 .w-grid-item-h:hover .usg_post_image_1{transform:scale(1) translate(0,0);opacity:1}.layout_portfolio_3 .usg_post_title_1{transition-duration:0.3s;transform-origin:50% 50%;transform:scale(1) translate(0,0)}.layout_portfolio_3 .w-grid-item-h:hover .usg_post_title_1{transform:scale(1) translate(0,-100%);opacity:0}.layout_portfolio_3 .usg_post_taxonomy_1{transition-duration:0.3s;transform-origin:50% 50%;transform:scale(1) translate(0,0)}.layout_portfolio_3 .w-grid-item-h:hover .usg_post_taxonomy_1{transform:scale(1) translate(0,100%);opacity:0}.layout_portfolio_3 .usg_post_image_1{position:absolute!important;top:0!important;right:0!important;bottom:0!important;left:0!important}.layout_portfolio_3 .usg_vwrapper_1{position:absolute!important;top:0!important;right:0!important;bottom:0!important;left:0!important;padding:2rem!important}.layout_portfolio_3 .usg_post_title_1{color:inherit!important;font-size:1.4rem!important}<\/style><div class=\"w-grid-list\" >\t<article class=\"w-grid-item size_1x1 post-6771 page type-page status-publish has-post-thumbnail hentry\" data-id=\"6771\">\r\n\t\t<div class=\"w-grid-item-h\">\r\n\t\t\t\t\t\t\t<a class=\"w-grid-item-anchor\" href=\"https:\/\/www.eldo.com\/guide\/pergola\/modele\" rel=\"bookmark\" aria-label=\"Pergola modele\"><\/a>\r\n\t\t\t\t\t\t<div class=\"w-post-elm post_image usg_post_image_1 stretched\"><img width=\"305\" height=\"240\" src=\"https:\/\/www.eldo.com\/guide\/wp-content\/uploads\/2022\/01\/240_F_17371868_5PTIW9IK6FuWUt1RbjPIIoutzFvP9Jx4.jpg\" class=\"attachment-large size-large wp-post-image\" alt=\"\" srcset=\"https:\/\/www.eldo.com\/guide\/wp-content\/uploads\/2022\/01\/240_F_17371868_5PTIW9IK6FuWUt1RbjPIIoutzFvP9Jx4.jpg 305w, https:\/\/www.eldo.com\/guide\/wp-content\/uploads\/2022\/01\/240_F_17371868_5PTIW9IK6FuWUt1RbjPIIoutzFvP9Jx4-300x236.jpg 300w\" sizes=\"(max-width: 305px) 100vw, 305px\" \/><\/div><div class=\"w-vwrapper usg_vwrapper_1 align_center valign_middle\"><h2 class=\"w-post-elm post_title usg_post_title_1 entry-title color_link_inherit has_text_color\">Pergola modele<\/h2><\/div>\t\t<\/div>\r\n\t<\/article>\r\n\t<article class=\"w-grid-item size_1x1 post-6941 page type-page status-publish has-post-thumbnail hentry\" data-id=\"6941\">\r\n\t\t<div class=\"w-grid-item-h\">\r\n\t\t\t\t\t\t\t<a class=\"w-grid-item-anchor\" href=\"https:\/\/www.eldo.com\/guide\/pergola\/installation\/legislation\" rel=\"bookmark\" aria-label=\"Pergola l\u00e9gislation\"><\/a>\r\n\t\t\t\t\t\t<div class=\"w-post-elm post_image usg_post_image_1 stretched\"><img width=\"512\" height=\"288\" src=\"https:\/\/www.eldo.com\/guide\/wp-content\/uploads\/2022\/02\/istockphoto-1305151205-612x612-1.jpg\" class=\"attachment-large size-large wp-post-image\" alt=\"\" srcset=\"https:\/\/www.eldo.com\/guide\/wp-content\/uploads\/2022\/02\/istockphoto-1305151205-612x612-1.jpg 512w, https:\/\/www.eldo.com\/guide\/wp-content\/uploads\/2022\/02\/istockphoto-1305151205-612x612-1-300x169.jpg 300w, https:\/\/www.eldo.com\/guide\/wp-content\/uploads\/2022\/02\/istockphoto-1305151205-612x612-1-600x337.jpg 600w\" sizes=\"(max-width: 512px) 100vw, 512px\" \/><\/div><div class=\"w-vwrapper usg_vwrapper_1 align_center valign_middle\"><h2 class=\"w-post-elm post_title usg_post_title_1 entry-title color_link_inherit has_text_color\">Pergola l\u00e9gislation<\/h2><\/div>\t\t<\/div>\r\n\t<\/article>\r\n\t<article class=\"w-grid-item size_1x1 post-6776 page type-page status-publish has-post-thumbnail hentry\" data-id=\"6776\">\r\n\t\t<div class=\"w-grid-item-h\">\r\n\t\t\t\t\t\t\t<a class=\"w-grid-item-anchor\" href=\"https:\/\/www.eldo.com\/guide\/pergola\/prix\" rel=\"bookmark\" aria-label=\"Prix pergola\"><\/a>\r\n\t\t\t\t\t\t<div class=\"w-post-elm post_image usg_post_image_1 stretched\"><img width=\"512\" height=\"370\" src=\"https:\/\/www.eldo.com\/guide\/wp-content\/uploads\/2022\/01\/pergola-toile.jpg\" class=\"attachment-large size-large wp-post-image\" alt=\"\" srcset=\"https:\/\/www.eldo.com\/guide\/wp-content\/uploads\/2022\/01\/pergola-toile.jpg 512w, https:\/\/www.eldo.com\/guide\/wp-content\/uploads\/2022\/01\/pergola-toile-300x217.jpg 300w, https:\/\/www.eldo.com\/guide\/wp-content\/uploads\/2022\/01\/pergola-toile-553x400.jpg 553w\" sizes=\"(max-width: 512px) 100vw, 512px\" \/><\/div><div class=\"w-vwrapper usg_vwrapper_1 align_center valign_middle\"><h2 class=\"w-post-elm post_title usg_post_title_1 entry-title color_link_inherit has_text_color\">Prix pergola<\/h2><\/div>\t\t<\/div>\r\n\t<\/article>\r\n<\/div><div class=\"w-grid-preloader\"><div class=\"g-preloader type_1\">\r\n\t<div><\/div>\r\n<\/div>\r\n<\/div>\t<div class=\"w-grid-json hidden\" onclick='return {&quot;action&quot;:&quot;us_ajax_grid&quot;,&quot;ajax_url&quot;:&quot;https:\\\/\\\/www.eldo.com\\\/guide\\\/wp-admin\\\/admin-ajax.php&quot;,&quot;infinite_scroll&quot;:0,&quot;max_num_pages&quot;:1,&quot;pagination&quot;:&quot;none&quot;,&quot;permalink_url&quot;:&quot;https:\\\/\\\/www.eldo.com\\\/guide\\\/wp-json\\\/wp\\\/v2\\\/pages\\\/6928&quot;,&quot;template_vars&quot;:{&quot;columns&quot;:&quot;3&quot;,&quot;exclude_items&quot;:&quot;none&quot;,&quot;img_size&quot;:&quot;default&quot;,&quot;ignore_items_size&quot;:false,&quot;items_layout&quot;:&quot;portfolio_3&quot;,&quot;items_offset&quot;:&quot;1&quot;,&quot;load_animation&quot;:&quot;none&quot;,&quot;overriding_link&quot;:&quot;post&quot;,&quot;post_id&quot;:6928,&quot;query_args&quot;:{&quot;ignore_sticky_posts&quot;:1,&quot;post_type&quot;:&quot;any&quot;,&quot;post__in&quot;:[&quot;6941&quot;,&quot;6771&quot;,&quot;6776&quot;],&quot;posts_per_page&quot;:&quot;10&quot;},&quot;orderby_query_args&quot;:{&quot;orderby&quot;:{&quot;date&quot;:&quot;DESC&quot;}},&quot;type&quot;:&quot;grid&quot;,&quot;us_grid_ajax_index&quot;:1,&quot;us_grid_filter_params&quot;:null,&quot;us_grid_index&quot;:1,&quot;_us_grid_post_type&quot;:&quot;ids&quot;}}'><\/div>\r\n\t<\/div><\/div><\/div><\/div><\/div><\/div><\/section><section class=\"l-section wpb_row us_custom_e91755c2 height_auto width_full with_overlay\"><div class=\"l-section-overlay\" style=\"background: #ebebeb\"><\/div><div class=\"l-section-h i-cf\"><div class=\"g-cols vc_row type_boxes valign_middle\"><div class=\"vc_col-sm-12 wpb_column vc_column_container has-fill\"><div class=\"vc_column-inner us_custom_743acecb\"><div class=\"wpb_wrapper\"><p class=\"w-itext us_custom_6df4bc3a type_typingChars align_center\" onclick='return {&quot;duration&quot;:300,&quot;delay&quot;:2000,&quot;disablePartAnimation&quot;:false,&quot;dynamicColor&quot;:&quot;#ffffff&quot;,&quot;html_nbsp_char&quot;:true}'>Je\u00a0cherche\u00a0un\u00a0pro\u00a0\u00e0\u00a0<span class=\"w-itext-part changesat_0 changesat_1 changesat_2 changesat_3 changesat_4 dynamic\" style=\"color:#ffffff\" onclick='return [&quot;Bordeaux&quot;,&quot;Toulouse&quot;,&quot;Paris&quot;,&quot;Nantes&quot;,&quot;Marseille&quot;]'><span>Bordeaux<\/span><i class=\"w-itext-cursor\"><\/i><\/span><\/p><div class=\"w-separator size_small\"><\/div><div class=\"w-btn-wrapper width_auto align_center\"><a class=\"w-btn us-btn-style_2\" title=\"Demander un devis\" href=\"https:\/\/devis.eldo.com\/pergola-new\/france?utm_source=gmb&amp;utm_medium=SEO&amp;utm_campaign=pergola-installation\"><span class=\"w-btn-label\">Trouver un pro de confiance<\/span><\/a><\/div><\/div><\/div><\/div><\/div><\/div><\/section>\n","protected":false},"excerpt":{"rendered":"Quel est le prix d\u2019une pergola ? Guides travauxPages La pergola est un am\u00e9nagement d\u2019ext\u00e9rieur, construit en mat\u00e9riaux durs et solides permettant d\u2019installer un espace de vie dans le jardin. \u00c9rig\u00e9e sur une v\u00e9randa, sur une terrasse ou m\u00eame au beau milieu du jardin, elle se d\u00e9marque de la tonnelle par sa durabilit\u00e9 et du...","protected":false},"author":5,"featured_media":7379,"parent":6670,"menu_order":0,"comment_status":"closed","ping_status":"closed","template":"","meta":[],"page_tags":[],"_links":{"self":[{"href":"https:\/\/www.eldo.com\/guide\/wp-json\/wp\/v2\/pages\/6928"}],"collection":[{"href":"https:\/\/www.eldo.com\/guide\/wp-json\/wp\/v2\/pages"}],"about":[{"href":"https:\/\/www.eldo.com\/guide\/wp-json\/wp\/v2\/types\/page"}],"author":[{"embeddable":true,"href":"https:\/\/www.eldo.com\/guide\/wp-json\/wp\/v2\/users\/5"}],"replies":[{"embeddable":true,"href":"https:\/\/www.eldo.com\/guide\/wp-json\/wp\/v2\/comments?post=6928"}],"version-history":[{"count":13,"href":"https:\/\/www.eldo.com\/guide\/wp-json\/wp\/v2\/pages\/6928\/revisions"}],"predecessor-version":[{"id":10317,"href":"https:\/\/www.eldo.com\/guide\/wp-json\/wp\/v2\/pages\/6928\/revisions\/10317"}],"up":[{"embeddable":true,"href":"https:\/\/www.eldo.com\/guide\/wp-json\/wp\/v2\/pages\/6670"}],"wp:featuredmedia":[{"embeddable":true,"href":"https:\/\/www.eldo.com\/guide\/wp-json\/wp\/v2\/media\/7379"}],"wp:attachment":[{"href":"https:\/\/www.eldo.com\/guide\/wp-json\/wp\/v2\/media?parent=6928"}],"wp:term":[{"taxonomy":"page_tags","embeddable":true,"href":"https:\/\/www.eldo.com\/guide\/wp-json\/wp\/v2\/page_tags?post=6928"}],"curies":[{"name":"wp","href":"https:\/\/api.w.org\/{rel}","templated":true}]}}