{"id":67,"date":"2020-08-03T10:14:35","date_gmt":"2020-08-03T10:14:35","guid":{"rendered":"https:\/\/www.eldo.com\/guide\/?page_id=67"},"modified":"2024-01-25T14:58:09","modified_gmt":"2024-01-25T14:58:09","slug":"portes-bois","status":"publish","type":"page","link":"https:\/\/www.eldo.com\/guide\/menuiseries-portes-fenetres\/menuiseries-bois\/portes-bois\/","title":{"rendered":"Porte en bois"},"content":{"rendered":"<section class=\"l-section wpb_row us_custom_e91755c2 height_auto width_full with_overlay\"><div class=\"l-section-overlay\" style=\"background: #ebebeb\"><\/div><div class=\"l-section-h i-cf\"><div class=\"g-cols vc_row type_boxes valign_middle\"><div class=\"vc_col-sm-12 wpb_column vc_column_container has-fill\"><div class=\"vc_column-inner us_custom_bfcccaf6\"><div class=\"wpb_wrapper\"><div class=\"wpb_text_column us_custom_7b615031 has_text_color\" ><div class=\"wpb_wrapper\"><h1 style=\"text-align: center;\">Porte en bois<\/h1>\n<p style=\"text-align: center;\">Guide complet : avantages &amp; conseils<\/p>\n<\/div><\/div><div class=\"w-separator size_medium\"><\/div><ol class=\"g-breadcrumbs us_custom_6556ef4c separator_icon align_left has_text_color\"><li class=\"g-breadcrumbs-item\"><a href=\"https:\/\/www.eldo.com\/guide\/\">Guides travaux<\/a><meta content=\"1\"\/><\/li><li class=\"g-breadcrumbs-separator\"><i class=\"far fa-angle-right\"><\/i><\/li><li class=\"g-breadcrumbs-item\">Pages<\/li><\/ol><\/div><\/div><\/div><div class=\"vc_col-sm-12 wpb_column vc_column_container has-fill\"><div class=\"vc_column-inner us_custom_e4eb24e1\"><div class=\"wpb_wrapper\"><div class=\"wpb_text_column\" ><div class=\"wpb_wrapper\">\n<\/div><\/div><div \" class=\"faq_question_container\"><h2 class=\"faq_question_title\">Pourquoi choisir une porte en bois ?<\/h2><div class=\"faq_question_content\"><p>Vous allez faire construire votre maison ou vous avez des envies de r\u00e9novation ? Votre d\u00e9coration int\u00e9rieure a besoin d&rsquo;un coup de frais et vous en avez assez de la porte classique en rentrant dans votre salon, et de la porte standard de la salle de bain ?<\/p>\n<p>Choisir une porte peut changer votre int\u00e9rieur, mais aussi votre ext\u00e9rieur. Les portes anciennes ont un certain charme, mais vous en avez assez du style traditionnel ?<\/p>\n<p>Les portes sont des objets de d\u00e9coration tout en \u00e9tant des \u00e9l\u00e9ments essentiels \u00e0 votre maison. Une belle porte peut changer l&rsquo;atmosph\u00e8re de la pi\u00e8ce. Le type de porte a son importance dans l&rsquo;esth\u00e9tisme de votre maison. Et si vous choisissiez une menuiserie en bois pour votre int\u00e9rieur ?<\/p>\n<\/div><\/div><\/div><\/div><\/div><\/div><\/div><\/section><section class=\"l-section wpb_row height_auto width_full\"><div class=\"l-section-h i-cf\"><div class=\"g-cols vc_row type_boxes valign_middle\"><div class=\"vc_col-sm-6 wpb_column vc_column_container has-fill\"><div class=\"vc_column-inner us_custom_4fb9e5a3\"><div class=\"wpb_wrapper\"><div \" class=\"faq_question_container\"><h2 class=\"faq_question_title\">Quels sont les avantages du bois ?<\/h2><div class=\"faq_question_content\"><p>Le bois est un mat\u00e9riau noble muni de bien des qualit\u00e9s\u00a0:<\/p>\n<ul>\n<li>Performance thermique.<\/li>\n<li>Bonne isolation phonique.<\/li>\n<li>Intemporelle.<\/li>\n<li>Bonne qualit\u00e9.<\/li>\n<li>Grand choix d&rsquo;esth\u00e9tique.<\/li>\n<li>Modulable.<\/li>\n<li>Chaleureux.<\/li>\n<\/ul>\n<p>Que vous choisissiez du bois d&rsquo;acajou, du bois de ch\u00eane ou un bois exotique, le mat\u00e9riau garde toutes ses qualit\u00e9s.<\/p>\n<p>Il offre une esth\u00e9tique qui va s&rsquo;adapter \u00e0 vos besoins, que vous aimez le contemporain, le traditionnel ou le design moderne. Tout est possible. Le travail du bois offre de grandes possibilit\u00e9s pour que vous puissiez avoir la porte moderne de vos r\u00eaves. Ce n&rsquo;est pas parce que vous optez pour ce mat\u00e9riau que vous ne pourrez pas choisir de portes d&rsquo;int\u00e9rieur design.<\/p>\n<\/div><\/div><div class=\"w-separator size_medium\"><\/div><div class=\"w-btn-wrapper width_auto align_center\"><a class=\"w-btn us-btn-style_2\" title=\"Demander un devis\" target=\"_blank\" href=\"https:\/\/devis.eldo.com\/fenetres-et-portes-new\/france?utm_source=SEO&amp;utm_medium=Guide&amp;utm_campaign=fenetres-portes-menuiseries-portes-fenetres-menuiseries-bois-portes-bois\" rel=\"noopener\"><span class=\"w-btn-label\">Demander un devis<\/span><\/a><\/div><\/div><\/div><\/div><div class=\"vc_col-sm-6 wpb_column vc_column_container\"><div class=\"vc_column-inner\"><div class=\"wpb_wrapper\"><div class=\"w-image style_shadow-1 align_center\"><div class=\"w-image-h\"><img width=\"345\" height=\"512\" src=\"https:\/\/www.eldo.com\/guide\/wp-content\/uploads\/2021\/02\/porte-bois.jpg\" class=\"attachment-us_800_600 size-us_800_600\" alt=\"Porte ext\u00e9rieure en bois\" srcset=\"https:\/\/www.eldo.com\/guide\/wp-content\/uploads\/2021\/02\/porte-bois.jpg 345w, https:\/\/www.eldo.com\/guide\/wp-content\/uploads\/2021\/02\/porte-bois-202x300.jpg 202w, https:\/\/www.eldo.com\/guide\/wp-content\/uploads\/2021\/02\/porte-bois-269x400.jpg 269w\" sizes=\"(max-width: 345px) 100vw, 345px\" \/><\/div><\/div><\/div><\/div><\/div><\/div><\/div><\/section><section class=\"l-section wpb_row height_auto width_full\"><div class=\"l-section-h i-cf\"><div class=\"g-cols vc_row type_boxes valign_middle\"><div class=\"vc_col-sm-4 wpb_column vc_column_container has-fill\"><div class=\"vc_column-inner us_custom_e4eb24e1\"><div class=\"wpb_wrapper\"><div \" class=\"faq_question_container\"><h2 class=\"faq_question_title\">Le bois, est-il id\u00e9al pour une porte ext\u00e9rieure ?<\/h2><div class=\"faq_question_content\"><p>Les portes ext\u00e9rieures sont tr\u00e8s importantes en mati\u00e8re de protection et s\u00e9curit\u00e9, mais aussi en termes d&rsquo;esth\u00e9tique. La porte d&rsquo;entr\u00e9e est la porte qui accueille les gens dans votre maison. Le bois est chaleureux et sera donc le mat\u00e9riau le plus adapt\u00e9 \u00e0 une porte d&rsquo;entr\u00e9e. Il n&rsquo;en reste pas moins que cette derni\u00e8re pourra \u00eatre blind\u00e9e. Une s\u00e9curit\u00e9 anti effraction suppl\u00e9mentaire.<\/p>\n<p>Vous pouvez opter pour du bois massif ou du lamell\u00e9 coll\u00e9, libre \u00e0 vous de choisir la finition.<\/p>\n<p>L&rsquo;avantage d&rsquo;une menuiserie bois c&rsquo;est qu&rsquo;elle peut \u00eatre r\u00e9alis\u00e9e sur-mesure. Un fabricant de portes peut vous r\u00e9aliser la porte d&rsquo;entr\u00e9e bois qui vous prot\u00e9gera des effractions.<\/p>\n<p>Le bois est un isolant naturel, votre porte ou\u00a0<a href=\"https:\/\/www.eldo.com\/guide\/menuiseries-portes-fenetres\/menuiseries-bois\/portes-fenetres-bois\/\" target=\"_blank\" rel=\"noopener noreferrer\">porte fen\u00eatres en bois<\/a>\u00a0sera donc isolante (thermique et phonique) et vous prot\u00e9gera de l&rsquo;ext\u00e9rieur.<\/p>\n<p>Elle peut \u00eatre assortie aux menuiseries ext\u00e9rieures ou \u00e0 vos\u00a0<a href=\"https:\/\/www.eldo.com\/guide\/menuiseries-portes-fenetres\/menuiseries-bois\/fenetres-bois\/\">fen\u00eatres en bois<\/a>. Vous pourrez choisir la poign\u00e9e de porte pour avoir une porte personnalis\u00e9e et unique.<\/p>\n<\/div><\/div><\/div><\/div><\/div><div class=\"vc_col-sm-4 wpb_column vc_column_container has-fill\"><div class=\"vc_column-inner us_custom_e4eb24e1\"><div class=\"wpb_wrapper\"><div class=\"w-slider style_none fit_scaledown\"><div class=\"w-slider-h\"><div class=\"royalSlider\"><div class=\"rsContent\"><a class=\"rsImg\" data-rsw=\"200\" data-rsh=\"300\" href=\"https:\/\/www.eldo.com\/guide\/wp-content\/uploads\/2020\/08\/porte-et-fenetre-21-200x300.png\"><span data-alt=\"PORTE BOIS\"><\/span><\/a><\/div><div class=\"rsContent\"><a class=\"rsImg\" data-rsw=\"200\" data-rsh=\"300\" href=\"https:\/\/www.eldo.com\/guide\/wp-content\/uploads\/2020\/07\/porte-et-fenetre-19-200x300.png\"><span data-alt=\"PORTE BOIS\"><\/span><\/a><\/div><div class=\"rsContent\"><a class=\"rsImg\" data-rsw=\"200\" data-rsh=\"300\" href=\"https:\/\/www.eldo.com\/guide\/wp-content\/uploads\/2020\/07\/porte-et-fenetre-41-200x300.png\"><span data-alt=\"porte en bois\"><\/span><\/a><\/div><div class=\"rsContent\"><a class=\"rsImg\" data-rsw=\"200\" data-rsh=\"300\" href=\"https:\/\/www.eldo.com\/guide\/wp-content\/uploads\/2020\/07\/Porte-en-bois-200x300.png\"><span data-alt=\"porte en bois\"><\/span><\/a><\/div><\/div><img src=\"https:\/\/www.eldo.com\/guide\/wp-content\/uploads\/2020\/08\/porte-et-fenetre-21-200x300.png\" width=\"200\" height=\"300\" alt=\"PORTE BOIS\" loading=\"lazy\"><\/div><div class=\"w-slider-json\" onclick='return {&quot;loop&quot;:true,&quot;fadeInLoadedSlide&quot;:false,&quot;slidesSpacing&quot;:0,&quot;imageScalePadding&quot;:0,&quot;numImagesToPreload&quot;:2,&quot;arrowsNav&quot;:true,&quot;arrowsNavAutoHide&quot;:false,&quot;transitionType&quot;:&quot;fade&quot;,&quot;transitionSpeed&quot;:300,&quot;block&quot;:{&quot;moveEffect&quot;:&quot;none&quot;,&quot;speed&quot;:300},&quot;controlNavigation&quot;:&quot;none&quot;,&quot;imageScaleMode&quot;:&quot;fit-if-smaller&quot;,&quot;autoScaleSlider&quot;:true,&quot;autoScaleSliderWidth&quot;:200,&quot;autoScaleSliderHeight&quot;:300,&quot;fitInViewport&quot;:false}'><\/div><\/div><\/div><\/div><\/div><div class=\"vc_col-sm-4 wpb_column vc_column_container has-fill\"><div class=\"vc_column-inner us_custom_e4eb24e1\"><div class=\"wpb_wrapper\"><div \" class=\"faq_question_container\"><h2 class=\"faq_question_title\">Pourquoi choisir le bois pour ces portes d&#039;int\u00e9rieur ?<\/h2><div class=\"faq_question_content\"><p>C&rsquo;est vrai qu&rsquo;on remarque toujours les portes d&rsquo;entr\u00e9e bois. Elles sont souvent imposantes et nous offrent l&rsquo;acc\u00e8s \u00e0 l&rsquo;int\u00e9rieur de la maison. Une fois \u00e0 l&rsquo;int\u00e9rieur, les portes ne sont pas les choses que l&rsquo;on remarque le plus. Et pourtant, elles ont leur importance\u00a0! Elles font partie de la d\u00e9coration sans forc\u00e9ment se faire remarquer, c&rsquo;est la toute leur subtilit\u00e9\u00a0!<\/p>\n<p>Une porte int\u00e9rieure en bois peut aussi bien \u00eatre battante, que dot\u00e9 d&rsquo;un syst\u00e8me coulissant. Il peut s&rsquo;agir d&rsquo;une porte pliante, ou d&rsquo;une porte sur mesure, c&rsquo;est vous qui choisissez.<\/p>\n<p><i>Plut\u00f4t qu&rsquo;une porte en verre, choisissez une porte int\u00e9rieure vitr\u00e9e en bois et verre. La porte en bois est une porte isolante.<\/i><\/p>\n<p>Ouvrir la porte et la fermer sont deux gestes que vous allez faire \u00e0 r\u00e9p\u00e9tition. Choisissez le sens d&rsquo;ouverture et n&rsquo;ayez plus peur, les portes en bois sont des portes r\u00e9sistantes.<\/p>\n<p>La porte en bois int\u00e9rieure peut \u00eatre assortie \u00e0 votre escalier en bois. L&rsquo;essence de bois que vous choisirez d\u00e9finira le style int\u00e9rieur de votre maison et accentuera le c\u00f4t\u00e9 chaleureux.<\/p>\n<p>Au-del\u00e0 de ses propri\u00e9t\u00e9s m\u00e9caniques et thermiques, le bois poss\u00e8de un atout majeur\u00a0: son aspect. Pensez-y \u00e0 l&rsquo;heure de faire votre choix.<\/p>\n<\/div><\/div><div class=\"w-separator size_medium\"><\/div><div class=\"w-btn-wrapper width_auto align_center\"><a class=\"w-btn us-btn-style_2\" title=\"Demander un devis\" target=\"_blank\" href=\"https:\/\/devis.eldo.com\/fenetres-et-portes-new\/france?utm_source=SEO&amp;utm_medium=Guide&amp;utm_campaign=fenetres-portes-menuiseries-portes-fenetres-menuiseries-bois-portes-bois\" rel=\"noopener\"><span class=\"w-btn-label\">Demander un devis<\/span><\/a><\/div><\/div><\/div><\/div><\/div><\/div><\/section><section class=\"l-section wpb_row height_medium\"><div class=\"l-section-h i-cf\"><div class=\"g-cols vc_row type_default valign_top\"><div class=\"vc_col-sm-12 wpb_column vc_column_container\"><div class=\"vc_column-inner\"><div class=\"wpb_wrapper\"><div class=\"w-grid type_grid layout_331 cols_5 overflow_hidden\" id=\"us_grid_1\"><style id=\"us_grid_1_css\">#us_grid_1 .w-grid-item{padding:1.5rem}#us_grid_1 .w-grid-list{margin:-1.5rem}.w-grid + #us_grid_1 .w-grid-list{margin-top:1.5rem}@media (max-width:1199px){#us_grid_1 .w-grid-item{width:33.3333%}}@media (max-width:899px){#us_grid_1 .w-grid-item{width:50.0000%}}@media (max-width:599px){#us_grid_1 .w-grid-list{margin:0}#us_grid_1 .w-grid-item{width:100.0000%;padding:0;margin-bottom:1.5rem}}<\/style><style>.layout_331 .w-grid-item-h{}.layout_331 .usg_post_image_1{width:50%!important}.layout_331 .usg_vwrapper_1{width:50%!important;margin-right:0!important}.layout_331 .usg_post_title_1{color:#000000!important}@media (max-width:599px){.layout_331 .usg_post_title_1{font-size:1.2rem!important;margin-right:0!important;padding-bottom:0!important}}<\/style><div class=\"w-grid-list\" >\t<article class=\"w-grid-item size_1x1 post-152 page type-page status-publish has-post-thumbnail hentry\" data-id=\"152\">\r\n\t\t<div class=\"w-grid-item-h\">\r\n\t\t\t\t\t\t\t<a class=\"w-grid-item-anchor\" href=\"https:\/\/www.eldo.com\/guide\/menuiseries-portes-fenetres\/menuiseries-bois\/fenetres-bois\/comment-choisir-ses-fenetres-en-bois\/\" rel=\"bookmark\" aria-label=\"Vid\u00e9o : Comment choisir ses fen\u00eatres en bois\"><\/a>\r\n\t\t\t\t\t\t<div class=\"w-vwrapper usg_vwrapper_1 align_left valign_top\"><p class=\"w-post-elm post_title usg_post_title_1 align_center entry-title color_link_inherit has_text_color\"><a href=\"https:\/\/www.eldo.com\/guide\/menuiseries-portes-fenetres\/menuiseries-bois\/fenetres-bois\/comment-choisir-ses-fenetres-en-bois\/\">Vid\u00e9o : Comment choisir ses fen\u00eatres en bois<\/a><\/p><\/div><div class=\"w-hwrapper usg_hwrapper_1 align_left valign_top\"><div class=\"w-post-elm post_image usg_post_image_1 has_width has_ratio\"><div style=\"padding-bottom:100.0000%\"><\/div><a href=\"https:\/\/www.eldo.com\/guide\/menuiseries-portes-fenetres\/menuiseries-bois\/fenetres-bois\/comment-choisir-ses-fenetres-en-bois\/\" aria-label=\"Vid\u00e9o : Comment choisir ses fen\u00eatres en bois\"><img width=\"341\" height=\"512\" src=\"https:\/\/www.eldo.com\/guide\/wp-content\/uploads\/2020\/07\/porte-et-fenetre-40.png\" class=\"attachment-us_600_600_crop size-us_600_600_crop wp-post-image\" alt=\"fen\u00eatre en bois\" srcset=\"https:\/\/www.eldo.com\/guide\/wp-content\/uploads\/2020\/07\/porte-et-fenetre-40.png 341w, https:\/\/www.eldo.com\/guide\/wp-content\/uploads\/2020\/07\/porte-et-fenetre-40-200x300.png 200w, https:\/\/www.eldo.com\/guide\/wp-content\/uploads\/2020\/07\/porte-et-fenetre-40-683x1024.png 683w, https:\/\/www.eldo.com\/guide\/wp-content\/uploads\/2020\/07\/porte-et-fenetre-40-267x400.png 267w, https:\/\/www.eldo.com\/guide\/wp-content\/uploads\/2020\/07\/porte-et-fenetre-40-400x600.png 400w\" sizes=\"(max-width: 341px) 100vw, 341px\" \/><\/a><\/div><\/div>\t\t<\/div>\r\n\t<\/article>\r\n\t<article class=\"w-grid-item size_1x1 post-123 page type-page status-publish has-post-thumbnail hentry\" data-id=\"123\">\r\n\t\t<div class=\"w-grid-item-h\">\r\n\t\t\t\t\t\t\t<a class=\"w-grid-item-anchor\" href=\"https:\/\/www.eldo.com\/guide\/menuiseries-portes-fenetres\/menuiseries-bois\/portes-fenetres-bois\/\" rel=\"bookmark\" aria-label=\"Porte-fen\u00eatre en bois\"><\/a>\r\n\t\t\t\t\t\t<div class=\"w-vwrapper usg_vwrapper_1 align_left valign_top\"><p class=\"w-post-elm post_title usg_post_title_1 align_center entry-title color_link_inherit has_text_color\"><a href=\"https:\/\/www.eldo.com\/guide\/menuiseries-portes-fenetres\/menuiseries-bois\/portes-fenetres-bois\/\">Porte-fen\u00eatre en bois<\/a><\/p><\/div><div class=\"w-hwrapper usg_hwrapper_1 align_left valign_top\"><div class=\"w-post-elm post_image usg_post_image_1 has_width has_ratio\"><div style=\"padding-bottom:100.0000%\"><\/div><a href=\"https:\/\/www.eldo.com\/guide\/menuiseries-portes-fenetres\/menuiseries-bois\/portes-fenetres-bois\/\" aria-label=\"Porte-fen\u00eatre en bois\"><img width=\"512\" height=\"360\" src=\"https:\/\/www.eldo.com\/guide\/wp-content\/uploads\/2020\/08\/menuiseries-bois2-1.jpg\" class=\"attachment-us_600_600_crop size-us_600_600_crop wp-post-image\" alt=\"\" srcset=\"https:\/\/www.eldo.com\/guide\/wp-content\/uploads\/2020\/08\/menuiseries-bois2-1.jpg 512w, https:\/\/www.eldo.com\/guide\/wp-content\/uploads\/2020\/08\/menuiseries-bois2-1-300x211.jpg 300w, https:\/\/www.eldo.com\/guide\/wp-content\/uploads\/2020\/08\/menuiseries-bois2-1-569x400.jpg 569w\" sizes=\"(max-width: 512px) 100vw, 512px\" \/><\/a><\/div><\/div>\t\t<\/div>\r\n\t<\/article>\r\n\t<article class=\"w-grid-item size_1x1 post-67 page type-page status-publish has-post-thumbnail hentry\" data-id=\"67\">\r\n\t\t<div class=\"w-grid-item-h\">\r\n\t\t\t\t\t\t\t<a class=\"w-grid-item-anchor\" href=\"https:\/\/www.eldo.com\/guide\/menuiseries-portes-fenetres\/menuiseries-bois\/portes-bois\/\" rel=\"bookmark\" aria-label=\"Porte en bois\"><\/a>\r\n\t\t\t\t\t\t<div class=\"w-vwrapper usg_vwrapper_1 align_left valign_top\"><p class=\"w-post-elm post_title usg_post_title_1 align_center entry-title color_link_inherit has_text_color\"><a href=\"https:\/\/www.eldo.com\/guide\/menuiseries-portes-fenetres\/menuiseries-bois\/portes-bois\/\">Porte en bois<\/a><\/p><\/div><div class=\"w-hwrapper usg_hwrapper_1 align_left valign_top\"><div class=\"w-post-elm post_image usg_post_image_1 has_width has_ratio\"><div style=\"padding-bottom:100.0000%\"><\/div><a href=\"https:\/\/www.eldo.com\/guide\/menuiseries-portes-fenetres\/menuiseries-bois\/portes-bois\/\" aria-label=\"Porte en bois\"><img width=\"341\" height=\"512\" src=\"https:\/\/www.eldo.com\/guide\/wp-content\/uploads\/2020\/07\/porte-et-fenetre-19.png\" class=\"attachment-us_600_600_crop size-us_600_600_crop wp-post-image\" alt=\"PORTE BOIS\" srcset=\"https:\/\/www.eldo.com\/guide\/wp-content\/uploads\/2020\/07\/porte-et-fenetre-19.png 341w, https:\/\/www.eldo.com\/guide\/wp-content\/uploads\/2020\/07\/porte-et-fenetre-19-200x300.png 200w, https:\/\/www.eldo.com\/guide\/wp-content\/uploads\/2020\/07\/porte-et-fenetre-19-683x1024.png 683w, https:\/\/www.eldo.com\/guide\/wp-content\/uploads\/2020\/07\/porte-et-fenetre-19-267x400.png 267w, https:\/\/www.eldo.com\/guide\/wp-content\/uploads\/2020\/07\/porte-et-fenetre-19-400x600.png 400w\" sizes=\"(max-width: 341px) 100vw, 341px\" \/><\/a><\/div><\/div>\t\t<\/div>\r\n\t<\/article>\r\n\t<article class=\"w-grid-item size_1x1 post-106 page type-page status-publish has-post-thumbnail hentry\" data-id=\"106\">\r\n\t\t<div class=\"w-grid-item-h\">\r\n\t\t\t\t\t\t\t<a class=\"w-grid-item-anchor\" href=\"https:\/\/www.eldo.com\/guide\/menuiseries-portes-fenetres\/menuiseries-bois\/fenetres-bois\/\" rel=\"bookmark\" aria-label=\"Fen\u00eatres en bois\"><\/a>\r\n\t\t\t\t\t\t<div class=\"w-vwrapper usg_vwrapper_1 align_left valign_top\"><p class=\"w-post-elm post_title usg_post_title_1 align_center entry-title color_link_inherit has_text_color\"><a href=\"https:\/\/www.eldo.com\/guide\/menuiseries-portes-fenetres\/menuiseries-bois\/fenetres-bois\/\">Fen\u00eatres en bois<\/a><\/p><\/div><div class=\"w-hwrapper usg_hwrapper_1 align_left valign_top\"><div class=\"w-post-elm post_image usg_post_image_1 has_width has_ratio\"><div style=\"padding-bottom:100.0000%\"><\/div><a href=\"https:\/\/www.eldo.com\/guide\/menuiseries-portes-fenetres\/menuiseries-bois\/fenetres-bois\/\" aria-label=\"Fen\u00eatres en bois\"><img width=\"341\" height=\"512\" src=\"https:\/\/www.eldo.com\/guide\/wp-content\/uploads\/2020\/08\/porte-et-fenetre-42.png\" class=\"attachment-us_600_600_crop size-us_600_600_crop wp-post-image\" alt=\"fen\u00eatre en bois\" srcset=\"https:\/\/www.eldo.com\/guide\/wp-content\/uploads\/2020\/08\/porte-et-fenetre-42.png 341w, https:\/\/www.eldo.com\/guide\/wp-content\/uploads\/2020\/08\/porte-et-fenetre-42-200x300.png 200w, https:\/\/www.eldo.com\/guide\/wp-content\/uploads\/2020\/08\/porte-et-fenetre-42-683x1024.png 683w, https:\/\/www.eldo.com\/guide\/wp-content\/uploads\/2020\/08\/porte-et-fenetre-42-267x400.png 267w, https:\/\/www.eldo.com\/guide\/wp-content\/uploads\/2020\/08\/porte-et-fenetre-42-400x600.png 400w\" sizes=\"(max-width: 341px) 100vw, 341px\" \/><\/a><\/div><\/div>\t\t<\/div>\r\n\t<\/article>\r\n\t<article class=\"w-grid-item size_1x1 post-16 page type-page status-publish has-post-thumbnail hentry\" data-id=\"16\">\r\n\t\t<div class=\"w-grid-item-h\">\r\n\t\t\t\t\t\t\t<a class=\"w-grid-item-anchor\" href=\"https:\/\/www.eldo.com\/guide\/menuiseries-portes-fenetres\/menuiseries-bois\/\" rel=\"bookmark\" aria-label=\"Menuiserie en bois\"><\/a>\r\n\t\t\t\t\t\t<div class=\"w-vwrapper usg_vwrapper_1 align_left valign_top\"><p class=\"w-post-elm post_title usg_post_title_1 align_center entry-title color_link_inherit has_text_color\"><a href=\"https:\/\/www.eldo.com\/guide\/menuiseries-portes-fenetres\/menuiseries-bois\/\">Menuiserie en bois<\/a><\/p><\/div><div class=\"w-hwrapper usg_hwrapper_1 align_left valign_top\"><div class=\"w-post-elm post_image usg_post_image_1 has_width has_ratio\"><div style=\"padding-bottom:100.0000%\"><\/div><a href=\"https:\/\/www.eldo.com\/guide\/menuiseries-portes-fenetres\/menuiseries-bois\/\" aria-label=\"Menuiserie en bois\"><img width=\"341\" height=\"512\" src=\"https:\/\/www.eldo.com\/guide\/wp-content\/uploads\/2020\/07\/porte-et-fenetre-39.png\" class=\"attachment-us_600_600_crop size-us_600_600_crop wp-post-image\" alt=\"PORTE BOIS\" srcset=\"https:\/\/www.eldo.com\/guide\/wp-content\/uploads\/2020\/07\/porte-et-fenetre-39.png 341w, https:\/\/www.eldo.com\/guide\/wp-content\/uploads\/2020\/07\/porte-et-fenetre-39-200x300.png 200w, https:\/\/www.eldo.com\/guide\/wp-content\/uploads\/2020\/07\/porte-et-fenetre-39-683x1024.png 683w, https:\/\/www.eldo.com\/guide\/wp-content\/uploads\/2020\/07\/porte-et-fenetre-39-267x400.png 267w, https:\/\/www.eldo.com\/guide\/wp-content\/uploads\/2020\/07\/porte-et-fenetre-39-400x600.png 400w\" sizes=\"(max-width: 341px) 100vw, 341px\" \/><\/a><\/div><\/div>\t\t<\/div>\r\n\t<\/article>\r\n<\/div><div class=\"w-grid-preloader\"><div class=\"g-preloader type_1\">\r\n\t<div><\/div>\r\n<\/div>\r\n<\/div>\t<div class=\"w-grid-json hidden\" onclick='return {&quot;action&quot;:&quot;us_ajax_grid&quot;,&quot;ajax_url&quot;:&quot;https:\\\/\\\/www.eldo.com\\\/guide\\\/wp-admin\\\/admin-ajax.php&quot;,&quot;infinite_scroll&quot;:0,&quot;max_num_pages&quot;:1,&quot;pagination&quot;:&quot;none&quot;,&quot;permalink_url&quot;:&quot;https:\\\/\\\/www.eldo.com\\\/guide\\\/wp-json\\\/wp\\\/v2\\\/pages\\\/67&quot;,&quot;template_vars&quot;:{&quot;columns&quot;:&quot;5&quot;,&quot;exclude_items&quot;:&quot;none&quot;,&quot;img_size&quot;:&quot;default&quot;,&quot;ignore_items_size&quot;:false,&quot;items_layout&quot;:&quot;331&quot;,&quot;items_offset&quot;:&quot;1&quot;,&quot;load_animation&quot;:&quot;none&quot;,&quot;overriding_link&quot;:&quot;post&quot;,&quot;post_id&quot;:67,&quot;query_args&quot;:{&quot;ignore_sticky_posts&quot;:1,&quot;post_type&quot;:&quot;any&quot;,&quot;post__in&quot;:[&quot;123&quot;,&quot;67&quot;,&quot;152&quot;,&quot;106&quot;,&quot;16&quot;],&quot;posts_per_page&quot;:&quot;10&quot;},&quot;orderby_query_args&quot;:{&quot;orderby&quot;:{&quot;date&quot;:&quot;DESC&quot;}},&quot;type&quot;:&quot;grid&quot;,&quot;us_grid_ajax_index&quot;:1,&quot;us_grid_filter_params&quot;:null,&quot;us_grid_index&quot;:1,&quot;_us_grid_post_type&quot;:&quot;ids&quot;}}'><\/div>\r\n\t<\/div><\/div><\/div><\/div><\/div><\/div><\/section><section class=\"l-section wpb_row us_custom_e91755c2 height_auto width_full with_overlay\"><div class=\"l-section-overlay\" style=\"background: #ebebeb\"><\/div><div class=\"l-section-h i-cf\"><div class=\"g-cols vc_row type_boxes valign_middle\"><div class=\"vc_col-sm-12 wpb_column vc_column_container has-fill\"><div class=\"vc_column-inner us_custom_c4cb7170\"><div class=\"wpb_wrapper\"><h2 class=\"w-itext us_custom_6df4bc3a type_typingChars align_center\" onclick='return {&quot;duration&quot;:300,&quot;delay&quot;:2000,&quot;disablePartAnimation&quot;:false,&quot;dynamicColor&quot;:&quot;#ffffff&quot;,&quot;html_nbsp_char&quot;:true}'>Je\u00a0cherche\u00a0un\u00a0pro\u00a0\u00e0\u00a0<span class=\"w-itext-part changesat_0 changesat_1 changesat_2 changesat_3 changesat_4 dynamic\" style=\"color:#ffffff\" onclick='return [&quot;Bordeaux&quot;,&quot;Toulouse&quot;,&quot;Paris&quot;,&quot;Nantes&quot;,&quot;Marseille&quot;]'><span>Bordeaux<\/span><i class=\"w-itext-cursor\"><\/i><\/span><\/h2><div class=\"w-separator size_medium\"><\/div><div class=\"w-btn-wrapper width_auto align_center\"><a class=\"w-btn us-btn-style_2\" title=\"Demander un devis\" target=\"_blank\" href=\"https:\/\/devis.eldo.com\/fenetres-et-portes-new\/france?utm_source=SEO&amp;utm_medium=Guide&amp;utm_campaign=fenetres-portes-menuiseries-portes-fenetres-menuiseries-bois-portes-bois\" rel=\"noopener\"><span class=\"w-btn-label\">Expliquer mon projet<\/span><\/a><\/div><\/div><\/div><\/div><\/div><\/div><\/section>\n","protected":false},"excerpt":{"rendered":"Fen\u00eatres et portes : menuiserie en bois Guide complet : conseils, styles &amp; mat\u00e9riaux Guides travauxPages Menuiserie en bois, comment faire le bon choix ? Qu&rsquo;il s&rsquo;agisse de portes ou de fen\u00eatres, le bois reste largement r\u00e9pandu. Mat\u00e9riau noble par excellence, pour l&rsquo;int\u00e9rieur et l&rsquo;ext\u00e9rieur, il offre un grand choix de personnalisation. Les menuiseries portes...","protected":false},"author":1,"featured_media":33,"parent":16,"menu_order":1,"comment_status":"closed","ping_status":"closed","template":"","meta":[],"page_tags":[],"_links":{"self":[{"href":"https:\/\/www.eldo.com\/guide\/wp-json\/wp\/v2\/pages\/67"}],"collection":[{"href":"https:\/\/www.eldo.com\/guide\/wp-json\/wp\/v2\/pages"}],"about":[{"href":"https:\/\/www.eldo.com\/guide\/wp-json\/wp\/v2\/types\/page"}],"author":[{"embeddable":true,"href":"https:\/\/www.eldo.com\/guide\/wp-json\/wp\/v2\/users\/1"}],"replies":[{"embeddable":true,"href":"https:\/\/www.eldo.com\/guide\/wp-json\/wp\/v2\/comments?post=67"}],"version-history":[{"count":32,"href":"https:\/\/www.eldo.com\/guide\/wp-json\/wp\/v2\/pages\/67\/revisions"}],"predecessor-version":[{"id":10645,"href":"https:\/\/www.eldo.com\/guide\/wp-json\/wp\/v2\/pages\/67\/revisions\/10645"}],"up":[{"embeddable":true,"href":"https:\/\/www.eldo.com\/guide\/wp-json\/wp\/v2\/pages\/16"}],"wp:featuredmedia":[{"embeddable":true,"href":"https:\/\/www.eldo.com\/guide\/wp-json\/wp\/v2\/media\/33"}],"wp:attachment":[{"href":"https:\/\/www.eldo.com\/guide\/wp-json\/wp\/v2\/media?parent=67"}],"wp:term":[{"taxonomy":"page_tags","embeddable":true,"href":"https:\/\/www.eldo.com\/guide\/wp-json\/wp\/v2\/page_tags?post=67"}],"curies":[{"name":"wp","href":"https:\/\/api.w.org\/{rel}","templated":true}]}}