{"id":4669,"date":"2021-07-27T09:53:05","date_gmt":"2021-07-27T09:53:05","guid":{"rendered":"https:\/\/www.eldo.com\/guide\/?page_id=4669"},"modified":"2024-02-08T15:27:59","modified_gmt":"2024-02-08T15:27:59","slug":"choisir-sa-climatisation","status":"publish","type":"page","link":"https:\/\/www.eldo.com\/guide\/conseils-expert\/choisir-climatisation","title":{"rendered":"Choisir sa climatisation"},"content":{"rendered":"<section class=\"l-section wpb_row us_custom_b51f0e30 height_auto width_full with_overlay\"><div class=\"l-section-overlay\" style=\"background: #ebebeb\"><\/div><div class=\"l-section-h i-cf\"><div class=\"g-cols vc_row type_boxes valign_middle\"><div class=\"vc_col-sm-12 wpb_column vc_column_container has-fill has_text_color\"><div class=\"vc_column-inner us_custom_5bb4d3c6\"><div class=\"wpb_wrapper\"><div class=\"wpb_text_column\" ><div class=\"wpb_wrapper\"><h1 class=\"page-merci-title\" style=\"text-align: center;\">Comment choisir sa climatisation ?<\/h1>\n<p style=\"text-align: center;\">Les conseils d&rsquo;expert en vid\u00e9o<\/p>\n<\/div><\/div><div class=\"w-separator size_medium\"><\/div><ol class=\"g-breadcrumbs us_custom_6556ef4c separator_icon align_left has_text_color\"><li class=\"g-breadcrumbs-item\"><a href=\"https:\/\/www.eldo.com\/guide\/\">Guides travaux<\/a><meta content=\"1\"\/><\/li><li class=\"g-breadcrumbs-separator\"><i class=\"far fa-angle-right\"><\/i><\/li><li class=\"g-breadcrumbs-item\">Pages<\/li><\/ol><\/div><\/div><\/div><\/div><\/div><\/section><section class=\"l-section wpb_row height_auto width_full\"><div class=\"l-section-h i-cf\"><div class=\"g-cols vc_row type_boxes valign_middle\"><div class=\"vc_col-sm-12 wpb_column vc_column_container has-fill\"><div class=\"vc_column-inner us_custom_4fb9e5a3\"><div class=\"wpb_wrapper\"><div class=\"w-video align_center ratio_16x9\"><div class=\"w-video-h\"><iframe src=\"\/\/www.youtube.com\/embed\/Q7f_JjB4w0E?autoplay=0&controls=1&origin=https%3A%2F%2Fwww.eldo.com%2Fguide\" allowfullscreen=\"1\"><\/iframe><\/div><div class=\"w-video-icon\" style=\"font-size:1.5rem;background:rgba(0,0,0,0.5);color:#fff;\"><\/div><\/div><\/div><\/div><\/div><\/div><\/div><\/section><section class=\"l-section wpb_row height_auto width_full\"><div class=\"l-section-h i-cf\"><div class=\"g-cols vc_row type_boxes valign_middle\"><div class=\"vc_col-sm-12 wpb_column vc_column_container\"><div class=\"vc_column-inner\"><div class=\"wpb_wrapper\"><div class=\"wpb_text_column\" ><div class=\"wpb_wrapper\"><p class=\"page-merci-title QSN\">ACF Chappert est une\u00a0<strong>entreprise de chauffage et de climatisation<\/strong>\u00a0install\u00e9e \u00e0 Albi depuis plus de 25 ans. Climatisation, pompe \u00e0 chaleur air-air, gainable &#8230; Difficile de s&rsquo;y retrouver parmi une offre de plus en plus large. Nous avons demand\u00e9 \u00e0 Christophe Proupa de nous indiquer trois conseils simples et efficace pour choisir sa clim en toute s\u00e9r\u00e9nit\u00e9.<\/p>\n<\/div><\/div><div class=\"w-separator size_medium\"><\/div><div class=\"w-btn-wrapper width_auto align_center\"><a class=\"w-btn us-btn-style_2\" title=\"Demander un devis\" target=\"_blank\" href=\"https:\/\/devis.eldo.com\/chauffage-climatisation-clim\/france?utm_source=gmb&amp;utm_medium=SEO&amp;utm_campaign=climatisation-conseils-expert-choisir-climatisation\" rel=\"noopener\"><span class=\"w-btn-label\">Demander un devis<\/span><\/a><\/div><\/div><\/div><\/div><\/div><\/div><\/section><section class=\"l-section wpb_row us_custom_e4eb24e1 height_auto width_full\"><div class=\"l-section-h i-cf\"><div class=\"g-cols vc_row type_boxes valign_middle\"><div class=\"vc_col-sm-12 wpb_column vc_column_container has-fill\"><div class=\"vc_column-inner us_custom_4fb9e5a3\"><div class=\"wpb_wrapper\"><div class=\"wpb_text_column\" ><div class=\"wpb_wrapper\"><h2 class=\"page-merci-title QSN\">Conseil n\u00b01 : d\u00e9terminez vos besoins<\/h2>\n<div class=\"page-merci-text QSN\">\n<p>Prem\u00e8re pr\u00e9cision donn\u00e9e par notre sp\u00e9cialiste d&rsquo;ACF Chappert : on parle indiff\u00e9remment de\u00a0<strong>climatisation<\/strong>\u00a0ou de\u00a0<strong>pompe \u00e0 chaleur air-air<\/strong>. Les deux termes d\u00e9signent le m\u00eame type d&rsquo;appareil, d\u00e9sormais syst\u00e9matiquement r\u00e9versibles.<\/p>\n<p>Pour bien choisir sa climatisation, la premi\u00e8re \u00e9tape consiste \u00e0 d\u00e9terminer pr\u00e9cis\u00e9ment ses besoins. S&rsquo;agit-il de\u00a0<strong>rafra\u00eechir une pi\u00e8ce<\/strong>\u00a0de vie pendant les fortes chaleur ? Votre\u00a0<strong>clim<\/strong>\u00a0devra-t-elle \u00e9galement \u00eatre utilis\u00e9e comme\u00a0<strong>chauffage d&rsquo;appoint<\/strong>\u00a0pendant la p\u00e9riode hivernale ?<br \/>\nLes fonctions de votre appareil sont \u00e0 prendre en compte, ainsi que la nature et la\u00a0<strong>surface des pi\u00e8ces<\/strong> \u00e0 traiter.<\/p>\n<\/div>\n<\/div><\/div><div class=\"w-separator size_medium\"><\/div><div class=\"w-btn-wrapper width_auto align_center\"><a class=\"w-btn us-btn-style_2\" title=\"Demander un devis\" target=\"_blank\" href=\"https:\/\/devis.eldo.com\/chauffage-climatisation-clim\/france?utm_source=gmb&amp;utm_medium=SEO&amp;utm_campaign=climatisation-conseils-expert-choisir-climatisation\" rel=\"noopener\"><span class=\"w-btn-label\">Demander un devis<\/span><\/a><\/div><div class=\"w-separator size_medium\"><\/div><div class=\"wpb_text_column\" ><div class=\"wpb_wrapper\"><div class=\"page-merci-text QSN\">\n<h2><span style=\"font-family: inherit;\">Conseil n\u00b02 : s\u00e9lectionnez un climatiseur adapt\u00e9<\/span><\/h2>\n<\/div>\n<div>\n<div class=\"page-merci-text QSN\">\n<p>Une fois vos besoins pr\u00e9cis\u00e9ment d\u00e9finis, il vous faudra s\u00e9lectionner le mat\u00e9riel le plus adapt\u00e9 \u00e0 votre situation.<br \/>\nEn effet, vous trouverez sur le march\u00e9 plusieurs types de\u00a0climatiseurs design et innovant\u00a0:<\/p>\n<ul>\n<li><strong>Climatisation murale<\/strong>\u00a0: ses climatiseurs muraux, les plus connus, s&rsquo;installent en hauteur. Ils sont bien adapt\u00e9s pour les chambres, couloirs et autres pi\u00e8ces de petite taille<\/li>\n<li><strong>Climatisation basse<\/strong>\u00a0: ses consoles s&rsquo;installent au niveau du sol dans les s\u00e9jours et les pi\u00e8ces \u00e0 vivre<\/li>\n<li><strong>Climatisation gainable<\/strong>\u00a0: il s&rsquo;agit d&rsquo;un syst\u00e8me totalement encastr\u00e9 et donc particuli\u00e8rement discret. Avec cette solution, seuls les diffuseurs restent apparents<\/li>\n<\/ul>\n<p>Pour ACF Chappert, il convient de faire confiance \u00e0 des marques r\u00e9put\u00e9es pour leur s\u00e9rieux : Mitsubishi, Daikin, Fujitsu ou Toshiba. D&rsquo;apr\u00e8s notre expert, il s&rsquo;agit actuellement des marques les plus \u00e9conomiques mais aussi les plus silencieuses du march\u00e9. Fiables, ces grandes marques assurent une continuit\u00e9 de service et un tr\u00e8s bon service apr\u00e8s-vente.<br \/>\nLes pi\u00e8ces d\u00e9tach\u00e9es peuvent ainsi \u00eatre remplac\u00e9es sur toute la dur\u00e9e de vie de l&rsquo;appareil, soit environ 15 ans.<\/p>\n<p>A quel\u00a0<strong>prix<\/strong>\u00a0? Il faut compter\u00a0<strong>1500 euros<\/strong>\u00a0en moyenne pour une pi\u00e8ce de petite taille : le co\u00fbt \u00e9volue ensuite en fonction de la surface et du nombre de pi\u00e8ces \u00e0 \u00e9quiper.<\/p>\n<\/div>\n<\/div>\n<\/div><\/div><div class=\"w-separator size_medium\"><\/div><div class=\"w-btn-wrapper width_auto align_center\"><a class=\"w-btn us-btn-style_2\" title=\"Demander un devis\" target=\"_blank\" href=\"https:\/\/devis.eldo.com\/chauffage-climatisation-clim\/france?utm_source=gmb&amp;utm_medium=SEO&amp;utm_campaign=climatisation-conseils-expert-choisir-climatisation\" rel=\"noopener\"><span class=\"w-btn-label\">Demander un devis<\/span><\/a><\/div><div class=\"w-separator size_medium\"><\/div><div class=\"wpb_text_column\" ><div class=\"wpb_wrapper\"><h2 class=\"page-merci-title QSN\">Conseil n\u00b03 : choisissez un installateur agr\u00e9\u00e9<\/h2>\n<div class=\"page-merci-text QSN\">\n<p>Troisi\u00e8me point : faire appel \u00e0 un installateur agr\u00e9\u00e9. Climatisations et pompes \u00e0 chaleur sont soumises \u00e0 une r\u00e9glementation europ\u00e9enne. Seul un installateur poss\u00e9dant l&rsquo;attestation de capacit\u00e9 frigorifique peut manipuler les fluides frigorig\u00e8nes. En choisissant un professionnel agr\u00e9\u00e9, vous avez la garantie de b\u00e9n\u00e9ficier d&rsquo;un service de qualit\u00e9. Votre professionnel pourra \u00e9galement\u00a0r\u00e9aliser l&rsquo;entretien\u00a0et le d\u00e9pannage n\u00e9cessaire \u00e0 votre syst\u00e8me de climatisation pendant toute sa dur\u00e9e de vie.<\/p>\n<p>Pour obtenir gratuitement un devis d&rsquo;installation pour votre climatisation, compl\u00e9tez le formulaire !<\/p>\n<\/div>\n<\/div><\/div><\/div><\/div><\/div><\/div><\/div><\/section><section class=\"l-section wpb_row us_custom_e91755c2 height_auto width_full with_overlay\"><div class=\"l-section-overlay\" style=\"background: #ebebeb\"><\/div><div class=\"l-section-h i-cf\"><div class=\"g-cols vc_row type_boxes valign_middle\"><div class=\"vc_col-sm-12 wpb_column vc_column_container has-fill\"><div class=\"vc_column-inner us_custom_6ebee127\"><div class=\"wpb_wrapper\"><p class=\"w-itext us_custom_6df4bc3a type_typingChars align_center\" onclick='return {&quot;duration&quot;:300,&quot;delay&quot;:2000,&quot;disablePartAnimation&quot;:false,&quot;dynamicColor&quot;:&quot;#ffffff&quot;,&quot;html_nbsp_char&quot;:true}'>Je\u00a0cherche\u00a0un\u00a0pro\u00a0\u00e0\u00a0<span class=\"w-itext-part changesat_0 changesat_1 changesat_2 changesat_3 changesat_4 dynamic\" style=\"color:#ffffff\" onclick='return [&quot;Bordeaux&quot;,&quot;Toulouse&quot;,&quot;Paris&quot;,&quot;Nantes&quot;,&quot;Marseille&quot;]'><span>Bordeaux<\/span><i class=\"w-itext-cursor\"><\/i><\/span><\/p><div class=\"w-separator size_small\"><\/div><div class=\"w-btn-wrapper width_auto align_center\"><a class=\"w-btn us-btn-style_2\" title=\"Demander un devis\" target=\"_blank\" href=\"https:\/\/devis.eldo.com\/chauffage-climatisation-clim\/france?utm_source=gmb&amp;utm_medium=SEO&amp;utm_campaign=climatisation-conseils-expert-choisir-climatisation\" rel=\"noopener\"><span class=\"w-btn-label\">Expliquer mon projet<\/span><\/a><\/div><\/div><\/div><\/div><\/div><\/div><\/section>\n","protected":false},"excerpt":{"rendered":"Comment choisir sa climatisation ? Les conseils d&rsquo;expert en vid\u00e9o Guides travauxPagesACF Chappert est une\u00a0entreprise de chauffage et de climatisation\u00a0install\u00e9e \u00e0 Albi depuis plus de 25 ans. Climatisation, pompe \u00e0 chaleur air-air, gainable &#8230; Difficile de s&rsquo;y retrouver parmi une offre de plus en plus large. Nous avons demand\u00e9 \u00e0 Christophe Proupa de nous indiquer...","protected":false},"author":3,"featured_media":4671,"parent":4996,"menu_order":0,"comment_status":"closed","ping_status":"closed","template":"","meta":[],"page_tags":[],"_links":{"self":[{"href":"https:\/\/www.eldo.com\/guide\/wp-json\/wp\/v2\/pages\/4669"}],"collection":[{"href":"https:\/\/www.eldo.com\/guide\/wp-json\/wp\/v2\/pages"}],"about":[{"href":"https:\/\/www.eldo.com\/guide\/wp-json\/wp\/v2\/types\/page"}],"author":[{"embeddable":true,"href":"https:\/\/www.eldo.com\/guide\/wp-json\/wp\/v2\/users\/3"}],"replies":[{"embeddable":true,"href":"https:\/\/www.eldo.com\/guide\/wp-json\/wp\/v2\/comments?post=4669"}],"version-history":[{"count":8,"href":"https:\/\/www.eldo.com\/guide\/wp-json\/wp\/v2\/pages\/4669\/revisions"}],"predecessor-version":[{"id":10810,"href":"https:\/\/www.eldo.com\/guide\/wp-json\/wp\/v2\/pages\/4669\/revisions\/10810"}],"up":[{"embeddable":true,"href":"https:\/\/www.eldo.com\/guide\/wp-json\/wp\/v2\/pages\/4996"}],"wp:featuredmedia":[{"embeddable":true,"href":"https:\/\/www.eldo.com\/guide\/wp-json\/wp\/v2\/media\/4671"}],"wp:attachment":[{"href":"https:\/\/www.eldo.com\/guide\/wp-json\/wp\/v2\/media?parent=4669"}],"wp:term":[{"taxonomy":"page_tags","embeddable":true,"href":"https:\/\/www.eldo.com\/guide\/wp-json\/wp\/v2\/page_tags?post=4669"}],"curies":[{"name":"wp","href":"https:\/\/api.w.org\/{rel}","templated":true}]}}