{"id":1041,"date":"2020-08-26T16:32:23","date_gmt":"2020-08-26T16:32:23","guid":{"rendered":"https:\/\/www.eldo.com\/guide\/?page_id=1041"},"modified":"2023-12-11T15:11:20","modified_gmt":"2023-12-11T15:11:20","slug":"comment-reussir-construction","status":"publish","type":"page","link":"https:\/\/www.eldo.com\/guide\/construction-de-maison-individuelle\/comment-reussir-construction\/","title":{"rendered":"R\u00e9ussir construction maison individuelle"},"content":{"rendered":"<section class=\"l-section wpb_row us_custom_b51f0e30 height_auto width_full with_overlay\"><div class=\"l-section-overlay\" style=\"background: #ebebeb\"><\/div><div class=\"l-section-h i-cf\"><div class=\"g-cols vc_row type_boxes valign_middle\"><div class=\"vc_col-sm-12 wpb_column vc_column_container has-fill has_text_color\"><div class=\"vc_column-inner us_custom_9b204907\"><div class=\"wpb_wrapper\"><div class=\"wpb_text_column us_custom_2e587a18 has_text_color\" ><div class=\"wpb_wrapper\"><h1 class=\"page-merci-title\" style=\"text-align: center;\">Comment r\u00e9ussir sa construction de maison individuelle ?<\/h1>\n<\/div><\/div><div class=\"w-separator size_medium\"><\/div><ol class=\"g-breadcrumbs us_custom_6556ef4c separator_icon align_left has_text_color\"><li class=\"g-breadcrumbs-item\"><a href=\"https:\/\/www.eldo.com\/guide\/\">Guides travaux<\/a><meta content=\"1\"\/><\/li><li class=\"g-breadcrumbs-separator\"><i class=\"far fa-angle-right\"><\/i><\/li><li class=\"g-breadcrumbs-item\">Pages<\/li><\/ol><\/div><\/div><\/div><\/div><\/div><\/section><section class=\"l-section wpb_row height_auto width_full\"><div class=\"l-section-h i-cf\"><div class=\"g-cols vc_row type_boxes valign_middle\"><div class=\"vc_col-sm-12 wpb_column vc_column_container has-fill\"><div class=\"vc_column-inner us_custom_4fb9e5a3\"><div class=\"wpb_wrapper\"><div class=\"w-video align_center ratio_16x9\"><div class=\"w-video-h\"><iframe src=\"\/\/www.youtube.com\/embed\/-fpxv7-mUXQ?autoplay=0&controls=0&origin=https%3A%2F%2Fwww.eldo.com%2Fguide\" allowfullscreen=\"1\"><\/iframe><\/div><div class=\"w-video-icon\" style=\"font-size:1.5rem;background:rgba(0,0,0,0.5);color:#fff;\"><\/div><\/div><\/div><\/div><\/div><\/div><\/div><\/section><section class=\"l-section wpb_row height_auto width_full\"><div class=\"l-section-h i-cf\"><div class=\"g-cols vc_row type_boxes valign_middle\"><div class=\"vc_col-sm-12 wpb_column vc_column_container\"><div class=\"vc_column-inner\"><div class=\"wpb_wrapper\"><div class=\"wpb_text_column\" ><div class=\"wpb_wrapper\"><div>\n<div class=\"content page-merci\">\n<div class=\"page-merci-container\">\n<div class=\"landing-yt-container-text\">\n<h2 class=\"page-merci-title QSN\">Transcription vid\u00e9o : comment r\u00e9ussir sa construction de maison individuelle<\/h2>\n<div class=\"page-merci-text QSN\">\n<p>Jean-Bernard : J\u2019\u00e9tais un petit peu stress\u00e9 ce matin quand je me suis rendu compte que c\u2019\u00e9tait une id\u00e9e folle de mettre 16 h de live et 35 interviews pour conseiller les gens sur comment se sentir bien chez eux et r\u00e9ussir leur projet de construction, r\u00e9novation. Mais maintenant que j\u2019y suis, je suis super content. Et je suis tr\u00e8s heureux d\u2019\u00eatre avec toi.<\/p>\n<p>Henri de Oc R\u00e9sidences : Et ben \u00e9coute, le plaisir est partag\u00e9 ! Merci.<\/p>\n<p>Jean-Bernard : Donc voil\u00e0 !\u00a0Comment r\u00e9ussir sa construction de maison individuelle\u00a0? La construction d\u2019une maison individuelle, c\u2019est souvent le projet d\u2019une vie. C\u2019est le r\u00eave de beaucoup. Je suis en appartement, je r\u00eaverais d\u2019\u00eatre en maison. Je dois avouer que je jalouse un peu mes amis qui ont leurs maisons, leurs jardins, qui peuvent faire du barbecue l\u2019\u00e9t\u00e9, inviter leurs amis. Mais je sais que j\u2019y viendrai un jour.<\/p>\n<p>Alors on dit qu\u2019il faut parfois 3 maisons pour arriver \u00e0 faire la vraie maison de ses r\u00eaves. Mais je suis s\u00fbr que tu vas faire mentir ce dicton, gr\u00e2ce \u00e0 tes conseils et tes anecdotes, venant de ton exp\u00e9rience. Du coup Henri pour les gens qui nous lisent, est ce que tu peux te pr\u00e9senter ?<\/p>\n<p>Henri de Oc R\u00e9sidences : Je suis dans la maison individuelle depuis tout petit. On peut dire que je suis tomb\u00e9 dedans. J\u2019ai fait un petit peu fait tous les m\u00e9tiers de la maison individuelle. J\u2019ai commenc\u00e9 en bureau d\u2019\u00e9tude. J\u2019ai fait du commerce. J\u2019ai fait du chantier. J\u2019ai fait de l\u2019encadrement. Aujourd\u2019hui, je dirige une soci\u00e9t\u00e9 qui s\u2019appelle : \u00ab Oc R\u00e9sidences \u00bb bas\u00e9e sur Castres, qui intervient sur la r\u00e9gion Occitanie, avec 10 agences et 350 r\u00e9alisations par an.<\/p>\n<p>Jean-Bernard : D\u2019accord ! 300 maisons de toutes tailles, de tous styles ?<\/p>\n<p>Henri de Oc R\u00e9sidences : Oui, on a des primo acc\u00e9dants, des investisseurs, du secundo acc\u00e9dant, diff\u00e9rentes client\u00e8les suivant les r\u00e9gions. On peut avoir aussi du r\u00e9sidentiel sur le littoral m\u00e9diterran\u00e9en. On a absolument toute la gamme. On s\u2019adapte aux demandes.<\/p>\n<p>Jean-Bernard : D\u2019accord, tu peux accompagner tous les projets \u00e0 travers toutes les agences que tu viens de nous citer ?<\/p>\n<p>Henri de Oc R\u00e9sidences : Absolument et ce sera avec un grand plaisir ?<\/p>\n<p>Jean-Bernard : Alors du coup, quels conseils tu pourrais donner pour r\u00e9ussir la construction de sa maison, que ce soit la premi\u00e8re, la deuxi\u00e8me ou la troisi\u00e8me ?<\/p>\n<p>Henri de Oc R\u00e9sidences : Je crois qu\u2019il y a effectivement plusieurs conseils.<\/p>\n<p>Le premier conseil : il faut conna\u00eetre\u00a0<a href=\"https:\/\/www.eldo.com\/guide\/construction-de-maison-individuelle\/les-etapes-d-un-projet-de-construction\/\" target=\"_blank\" rel=\"noopener noreferrer\">les \u00e9tapes d&rsquo;un projet de construction<\/a>\u00a0et bien ma\u00eetriser son budget. Je crois que c\u2019est la premi\u00e8re \u00e9tape. Donc pour \u00e7a, le plus simple c\u2019est de s\u2019adresser \u00e0 son banquier qui est \u00e0 m\u00eame de bien vous connaitre et de pouvoir vous proposer un pr\u00eat adapt\u00e9. Le banquier n\u2019est pas forc\u00e9ment sp\u00e9cialiste du pr\u00eat immobilier ou du pr\u00eat \u00e0 la construction. Il est int\u00e9ressant de faire un comparatif avec un courtier qui pourra effectivement proposer diff\u00e9rentes solutions.<\/p>\n<p>En deuxi\u00e8me point, je crois que le lieu est tr\u00e8s important, parce que c\u2019est ce qui va donner un petit peu l\u2019attrait et l\u2019int\u00e9r\u00eat du projet. C\u2019est d\u00e9fini par une proximit\u00e9, des \u00e9coles, des commerces, de la famille, des amis, du travail\u2026 Donc \u00e7a ce sont des choix qui sont importants. Des questions qu\u2019il faut se poser en amont.<\/p>\n<p>Jean-Bernard : Pour le terrain de ses r\u00eaves. Attention, \u00e0 peut-\u00eatre ne pas partir assez loin des \u00e9coles, des amis parce qu\u2019on pourrait le regretter peut \u00eatre\u2026<\/p>\n<p>Henri de Oc R\u00e9sidences : C\u2019est un ensemble de questions effectivement. Je crois que le terrain et le lieu vont amener du confort de vie. Ou amener des inconv\u00e9nients, effectivement, si on se trompe. Je crois qu\u2019il faut bien analyser ces crit\u00e8res-l\u00e0. Ses besoins et ses envies. En fonction de \u00e7a, effectivement, on aura un choix. C\u2019est tr\u00e8s important et tr\u00e8s personnel. Et on ne peut pas faire le choix pour nos clients, on ne peut pas les orienter.<\/p>\n<p>En revanche, ensuit va se poser la troisi\u00e8me question du choix du professionnel qui va vous accompagner. Donc l\u00e0, il y a plusieurs possibilit\u00e9s.<\/p>\n<p>On peut s\u2019orienter sur un march\u00e9 de travaux. Avec peu de garanties. Mon conseil, c\u2019est plut\u00f4t de s\u2019orienter avec un constructeur de maisons individuelles ou\u00a0<a href=\"https:\/\/www.eldo.com\/guide\/construction-de-maison-individuelle\/pourquoi-confier-sa-construction-a-un-architecte\/\" target=\"_blank\" rel=\"noopener noreferrer\">un architecte<\/a>\u00a0qui proposera un contrat de construction r\u00e9gi par la loi de 90 et va s\u00e9curiser l\u2019op\u00e9ration. Il va s\u00e9curiser d\u2019une part, sur le montant d\u00e9finitif, puisque dans le cadre du contrat de construction, on a obligation de chiffrer tous les travaux, y compris ce que l\u2019on ne fait pas. Donc le client a ainsi une enveloppe totale ma\u00eetris\u00e9e.<\/p>\n<p>Jean-Bernard : Une garantie du prix. Vous signez et vous savez ce que vous payez \u00e0 la fin.<\/p>\n<p>Henri de Oc R\u00e9sidences : Voil\u00e0 exactement ! Avec l\u2019enveloppe totale et le budget qui va englober toutes ce qui va autour de la maison, puisque ce n\u2019est pas seulement la maison et le terrain.<\/p>\n<p>Tout est pr\u00e9vu dans le contrat de construction. En plus, c\u2019est s\u00e9curis\u00e9 par une assurance dommage ouvrage ce qui est quand m\u00eame important.<\/p>\n<p>Jean-Bernard : Rappelez-nous ce qui est couvert par l\u2019assurance dommage ouvrage ?<\/p>\n<p>Henri de Oc R\u00e9sidences : En essayant de rester tr\u00e8s succinct, parce que comme tout contrat d\u2019assurance, \u00e7a reste assez complexe. Mais dans les grandes lignes c\u2019est un petit peu une d\u00e9cennale pour le ma\u00eetre d\u2019ouvrage. Pour le client. C\u2019est-\u00e0-dire qu\u2019en cas de sinistre, c\u2019est cette assurance qui va mandater l\u2019expert. Indemniser s\u2019il y a indemnisation le ma\u00eetre d\u2019ouvrage. Ensuite, les recours se feront aupr\u00e8s des d\u00e9cennales et des diff\u00e9rents sous-traitants qui sont intervenus. Mais \u00e7a c\u2019est la face cach\u00e9e sur laquelle le client n\u2019a pas \u00e0 intervenir. Donc, pour lui, il est indemnis\u00e9 dans des d\u00e9lais tr\u00e8s courts et tr\u00e8s rapidement sans s\u2019occuper des recours.<\/p>\n<p>Henri de Oc R\u00e9sidences : Donc \u00e7a c\u2019est un point tr\u00e8s important, les avantages du contrat de construction. Il y a toutes les garanties : une caution financi\u00e8re. En cas de d\u00e9faillance, si malheureusement le choix n\u2019a pas \u00e9t\u00e9 bon et que l\u2019entreprise connaisse des difficult\u00e9s financi\u00e8res, il y a un garant qui garantit le prix et le d\u00e9lai convenu au contrat.<\/p>\n<p>Jean-Bernard : Des garanties qui sont l\u00e0 quand on fait appel \u00e0 un constructeur. Qui a un contrat de CM-Iste comme on dit, un contrat de construction de la maison individuelle.<\/p>\n<p>Henri de Oc R\u00e9sidences : C\u2019est bien cela.<\/p>\n<p>Jean-Bernard : Hors d\u00e9faillance, est ce que les d\u00e9lais sont garantis ?<\/p>\n<p>Henri de Oc R\u00e9sidences : Bien s\u00fbr. Donc, ces d\u00e9lais sont mentionn\u00e9s sur le contrat. Ces d\u00e9lais sont li\u00e9s \u00e0 l\u2019enveloppe des travaux. Il est \u00e9vident qu\u2019une maison de 200000 \u20ac ne se r\u00e9alisera pas dans un m\u00eame d\u00e9lai qu\u2019une maison de 100000 \u20ac.<\/p>\n<p>La fourchette sur la dur\u00e9e des travaux, contractuelle, est entre 8 et 12 \/ 15 mois, plus pour des r\u00e9alisations tr\u00e8s exceptionnelles. Mais le d\u00e9lai moyen, il est entre 8 et 10 mois. C\u2019est un d\u00e9lai d\u2019ex\u00e9cution de chantier. Le d\u00e9lai administratif vient s\u2019ajouter \u00e0 ce d\u00e9lai de 8 mois. C\u2019est une moyenne encore une fois<\/p>\n<p>Jean-Bernard : \u00c7a d\u00e9pend du projet. \u00c7a peut d\u00e9pendre des intemp\u00e9ries, de la saison, de l\u2019activit\u00e9 parce que ce sont des entreprises humaines aussi derri\u00e8re et qu\u2019il y a quand m\u00eame beaucoup d\u2019activit\u00e9.<\/p>\n<p>On sait que les exigences des consommateurs augmentent sans cesse, mais il ne faut pas oublier quand m\u00eame qu\u2019il y a des entreprises \u00e0 taille humaine derri\u00e8re. Donc, c\u2019est bien d\u2019\u00eatre exigeant mais n\u2019oublions pas qu\u2019il y a des hommes !<\/p>\n<p>Henri de Oc R\u00e9sidences : Oui tout \u00e0 fait. La vie de chantier ce n\u2019est pas une production manufactur\u00e9e en usine, o\u00f9 on a des temps bien pr\u00e9cis de production. On a des al\u00e9as, la m\u00e9t\u00e9o tu l\u2019as dit, les cong\u00e9s\u2026 Il y a toutes ces choses-l\u00e0 qui sont int\u00e9gr\u00e9es dans le d\u00e9lai.<\/p>\n<p>Jean-Bernard : Ecoute, c\u2019est super. Merci pour ces conseils.<\/p>\n<\/div>\n<\/div>\n<\/div>\n<\/div>\n<\/div>\n<footer><\/footer>\n<\/div><\/div><div class=\"w-btn-wrapper width_auto align_center\"><a class=\"w-btn us-btn-style_2\" title=\"Devis gratuit\" target=\"_blank\" href=\"https:\/\/devis.eldo.com\/construction-de-maisons\/france?utm_source=SEO&amp;utm_medium=Guide&amp;utm_campaign=CMI-guide-construction-de-maison-individuelle-comment-reussir-construction\" rel=\"noopener\"><span class=\"w-btn-label\">Demander conseil<\/span><\/a><\/div><\/div><\/div><\/div><\/div><\/div><\/section><section class=\"l-section wpb_row height_medium\"><div class=\"l-section-h i-cf\"><div class=\"g-cols vc_row type_default valign_top\"><div class=\"vc_col-sm-12 wpb_column vc_column_container\"><div class=\"vc_column-inner\"><div class=\"wpb_wrapper\"><div class=\"w-grid type_grid layout_331 cols_3 overflow_hidden\" id=\"us_grid_1\"><style id=\"us_grid_1_css\">#us_grid_1 .w-grid-item{padding:1.5rem}#us_grid_1 .w-grid-list{margin:-1.5rem}.w-grid + #us_grid_1 .w-grid-list{margin-top:1.5rem}@media (max-width:899px){#us_grid_1 .w-grid-item{width:50.0000%}}@media (max-width:599px){#us_grid_1 .w-grid-list{margin:0}#us_grid_1 .w-grid-item{width:100.0000%;padding:0;margin-bottom:1.5rem}}<\/style><style>.layout_331 .w-grid-item-h{}.layout_331 .usg_post_image_1{width:50%!important}.layout_331 .usg_vwrapper_1{width:50%!important;margin-right:0!important}.layout_331 .usg_post_title_1{color:#000000!important}@media (max-width:599px){.layout_331 .usg_post_title_1{font-size:1.2rem!important;margin-right:0!important;padding-bottom:0!important}}<\/style><div class=\"w-grid-list\" >\t<article class=\"w-grid-item size_1x1 post-591 page type-page status-publish has-post-thumbnail hentry\" data-id=\"591\">\r\n\t\t<div class=\"w-grid-item-h\">\r\n\t\t\t\t\t\t\t<a class=\"w-grid-item-anchor\" href=\"https:\/\/www.eldo.com\/guide\/construction-de-maison-individuelle\/\" rel=\"bookmark\" aria-label=\"Construction de maison individuelle\"><\/a>\r\n\t\t\t\t\t\t<div class=\"w-vwrapper usg_vwrapper_1 align_left valign_top\"><p class=\"w-post-elm post_title usg_post_title_1 align_center entry-title color_link_inherit has_text_color\"><a href=\"https:\/\/www.eldo.com\/guide\/construction-de-maison-individuelle\/\">Construction de maison individuelle<\/a><\/p><\/div><div class=\"w-hwrapper usg_hwrapper_1 align_left valign_top\"><div class=\"w-post-elm post_image usg_post_image_1 has_width has_ratio\"><div style=\"padding-bottom:100.0000%\"><\/div><a href=\"https:\/\/www.eldo.com\/guide\/construction-de-maison-individuelle\/\" aria-label=\"Construction de maison individuelle\"><img width=\"512\" height=\"371\" src=\"https:\/\/www.eldo.com\/guide\/wp-content\/uploads\/2020\/08\/pexels-expect-best-323775-1-scaled.jpg\" class=\"attachment-us_600_600_crop size-us_600_600_crop wp-post-image\" alt=\"Construction de maison individuelle\" srcset=\"https:\/\/www.eldo.com\/guide\/wp-content\/uploads\/2020\/08\/pexels-expect-best-323775-1-scaled.jpg 512w, https:\/\/www.eldo.com\/guide\/wp-content\/uploads\/2020\/08\/pexels-expect-best-323775-1-300x217.jpg 300w\" sizes=\"(max-width: 512px) 100vw, 512px\" \/><\/a><\/div><\/div>\t\t<\/div>\r\n\t<\/article>\r\n<\/div><div class=\"w-grid-preloader\"><div class=\"g-preloader type_1\">\r\n\t<div><\/div>\r\n<\/div>\r\n<\/div>\t<div class=\"w-grid-json hidden\" onclick='return {&quot;action&quot;:&quot;us_ajax_grid&quot;,&quot;ajax_url&quot;:&quot;https:\\\/\\\/www.eldo.com\\\/guide\\\/wp-admin\\\/admin-ajax.php&quot;,&quot;infinite_scroll&quot;:0,&quot;max_num_pages&quot;:1,&quot;pagination&quot;:&quot;none&quot;,&quot;permalink_url&quot;:&quot;https:\\\/\\\/www.eldo.com\\\/guide\\\/wp-json\\\/wp\\\/v2\\\/pages\\\/1041&quot;,&quot;template_vars&quot;:{&quot;columns&quot;:&quot;3&quot;,&quot;exclude_items&quot;:&quot;none&quot;,&quot;img_size&quot;:&quot;default&quot;,&quot;ignore_items_size&quot;:false,&quot;items_layout&quot;:&quot;331&quot;,&quot;items_offset&quot;:&quot;1&quot;,&quot;load_animation&quot;:&quot;none&quot;,&quot;overriding_link&quot;:&quot;post&quot;,&quot;post_id&quot;:1041,&quot;query_args&quot;:{&quot;ignore_sticky_posts&quot;:1,&quot;post_type&quot;:&quot;any&quot;,&quot;post__in&quot;:[&quot;1032&quot;,&quot;591&quot;,&quot;677&quot;],&quot;posts_per_page&quot;:&quot;10&quot;},&quot;orderby_query_args&quot;:{&quot;orderby&quot;:{&quot;date&quot;:&quot;DESC&quot;}},&quot;type&quot;:&quot;grid&quot;,&quot;us_grid_ajax_index&quot;:1,&quot;us_grid_filter_params&quot;:null,&quot;us_grid_index&quot;:1,&quot;_us_grid_post_type&quot;:&quot;ids&quot;}}'><\/div>\r\n\t<\/div><\/div><\/div><\/div><\/div><\/div><\/section><section class=\"l-section wpb_row us_custom_e91755c2 height_auto width_full with_overlay\"><div class=\"l-section-overlay\" style=\"background: #ebebeb\"><\/div><div class=\"l-section-h i-cf\"><div class=\"g-cols vc_row type_boxes valign_middle\"><div class=\"vc_col-sm-12 wpb_column vc_column_container has-fill\"><div class=\"vc_column-inner us_custom_d8727e65\"><div class=\"wpb_wrapper\"><p class=\"w-itext us_custom_6df4bc3a type_typingChars align_center\" onclick='return {&quot;duration&quot;:300,&quot;delay&quot;:2000,&quot;disablePartAnimation&quot;:false,&quot;dynamicColor&quot;:&quot;#ffffff&quot;,&quot;html_nbsp_char&quot;:true}'>Je\u00a0cherche\u00a0un\u00a0pro\u00a0\u00e0\u00a0<span class=\"w-itext-part changesat_0 changesat_1 changesat_2 changesat_3 changesat_4 dynamic\" style=\"color:#ffffff\" onclick='return [&quot;Bordeaux&quot;,&quot;Toulouse&quot;,&quot;Paris&quot;,&quot;Nantes&quot;,&quot;Marseille&quot;]'><span>Bordeaux<\/span><i class=\"w-itext-cursor\"><\/i><\/span><\/p><div class=\"w-separator size_small\"><\/div><div class=\"w-btn-wrapper width_auto align_center\"><a class=\"w-btn us-btn-style_2\" title=\"Devis gratuit\" target=\"_blank\" href=\"https:\/\/devis.eldo.com\/construction-de-maisons\/france?utm_source=SEO&amp;utm_medium=Guide&amp;utm_campaign=CMI-guide-construction-de-maison-individuelle-comment-reussir-construction\" rel=\"noopener\"><span class=\"w-btn-label\">Expliquer mon projet<\/span><\/a><\/div><\/div><\/div><\/div><\/div><\/div><\/section>\n","protected":false},"excerpt":{"rendered":"Comment pr\u00e9parer son projet de construction de maison individuelle ? Guide complet : d\u00e9marche, contrat &amp; assurance Guides travauxPages Comment bien choisir un constructeur de maison ?Le m\u00e9tier \u00e9tant tr\u00e8s technique, et sachant que votre confort d\u00e9pendra de la qualit\u00e9 du travail accompli, il est imp\u00e9ratif que le professionnel en charge de votre projet soit...","protected":false},"author":1,"featured_media":1042,"parent":591,"menu_order":0,"comment_status":"closed","ping_status":"closed","template":"","meta":[],"page_tags":[],"_links":{"self":[{"href":"https:\/\/www.eldo.com\/guide\/wp-json\/wp\/v2\/pages\/1041"}],"collection":[{"href":"https:\/\/www.eldo.com\/guide\/wp-json\/wp\/v2\/pages"}],"about":[{"href":"https:\/\/www.eldo.com\/guide\/wp-json\/wp\/v2\/types\/page"}],"author":[{"embeddable":true,"href":"https:\/\/www.eldo.com\/guide\/wp-json\/wp\/v2\/users\/1"}],"replies":[{"embeddable":true,"href":"https:\/\/www.eldo.com\/guide\/wp-json\/wp\/v2\/comments?post=1041"}],"version-history":[{"count":19,"href":"https:\/\/www.eldo.com\/guide\/wp-json\/wp\/v2\/pages\/1041\/revisions"}],"predecessor-version":[{"id":10545,"href":"https:\/\/www.eldo.com\/guide\/wp-json\/wp\/v2\/pages\/1041\/revisions\/10545"}],"up":[{"embeddable":true,"href":"https:\/\/www.eldo.com\/guide\/wp-json\/wp\/v2\/pages\/591"}],"wp:featuredmedia":[{"embeddable":true,"href":"https:\/\/www.eldo.com\/guide\/wp-json\/wp\/v2\/media\/1042"}],"wp:attachment":[{"href":"https:\/\/www.eldo.com\/guide\/wp-json\/wp\/v2\/media?parent=1041"}],"wp:term":[{"taxonomy":"page_tags","embeddable":true,"href":"https:\/\/www.eldo.com\/guide\/wp-json\/wp\/v2\/page_tags?post=1041"}],"curies":[{"name":"wp","href":"https:\/\/api.w.org\/{rel}","templated":true}]}}